{"id":1109,"date":"2025-05-16T13:09:09","date_gmt":"2025-05-16T16:09:09","guid":{"rendered":"https:\/\/wp.ufpel.edu.br\/engenhariageologica\/?page_id=1109"},"modified":"2025-05-16T13:10:52","modified_gmt":"2025-05-16T16:10:52","slug":"profa-dra-adriana-araujo-castro-lopes","status":"publish","type":"page","link":"https:\/\/wp.ufpel.edu.br\/engenhariageologica\/professores\/profa-dra-adriana-araujo-castro-lopes\/","title":{"rendered":"Prof\u00aa. Dr\u00aa. Adriana Ara\u00fajo Castro Lopes"},"content":{"rendered":"<p><a href=\"https:\/\/wp.ufpel.edu.br\/engenhariageologica\/files\/2025\/05\/Ft.jpeg\"><img class=\"wp-image-1110 aligncenter\"  src=\"data:image\/svg+xml,%3Csvg xmlns=\"http:\/\/www.w3.org\/2000\/svg\" viewBox=\"0 0 1 1\"%3E%3C\/svg%3E\" data-src=\"https:\/\/wp.ufpel.edu.br\/engenhariageologica\/files\/2025\/05\/Ft-308x400.jpeg\" class=\"lazy-load\" loading=\"lazy\" decoding=\"async\" alt=\"\" width=\"203\" height=\"264\" \/><\/a><\/p>\n<p>Ge\u00f3loga, mestre e doutora em prospec\u00e7\u00e3o e geologia econ\u00f4mica. Atuou como ge\u00f3loga de explora\u00e7\u00e3o mineral entre 2010-2016 em dep\u00f3sitos de Ni-Fe-Au. Professora do magist\u00e9rio superior na universidade federal do ensino superior desde 2017. Atualmente trabalha com pesquisa na \u00e1rea da petrog\u00eanese, geoqu\u00edmica, geocronologia de rochas \u00e1cidas, evolu\u00e7\u00e3o crustal de cr\u00e1tons Arqueanos\/Paleoproterozoicos e g\u00eanese de dep\u00f3sitos minerais a partir de fluidos hidrotermais mineralizantes em prov\u00edncias metalogen\u00e9ticas ricas em Au-Cu.<\/p>\n<p>&nbsp;<\/p>\n","protected":false},"excerpt":{"rendered":"<p>Ge\u00f3loga, mestre e doutora em prospec\u00e7\u00e3o e geologia econ\u00f4mica. Atuou como ge\u00f3loga de explora\u00e7\u00e3o mineral entre 2010-2016 em dep\u00f3sitos de Ni-Fe-Au. Professora do magist\u00e9rio superior na universidade federal do ensino superior desde 2017. Atualmente trabalha com pesquisa na \u00e1rea da petrog\u00eanese, geoqu\u00edmica, geocronologia de rochas \u00e1cidas, evolu\u00e7\u00e3o crustal de cr\u00e1tons Arqueanos\/Paleoproterozoicos e g\u00eanese de dep\u00f3sitos [&hellip;]<\/p>\n","protected":false},"author":588,"featured_media":0,"parent":1082,"menu_order":0,"comment_status":"closed","ping_status":"closed","template":"","meta":{"footnotes":""},"class_list":["post-1109","page","type-page","status-publish","hentry"],"_links":{"self":[{"href":"https:\/\/wp.ufpel.edu.br\/engenhariageologica\/wp-json\/wp\/v2\/pages\/1109","targetHints":{"allow":["GET"]}}],"collection":[{"href":"https:\/\/wp.ufpel.edu.br\/engenhariageologica\/wp-json\/wp\/v2\/pages"}],"about":[{"href":"https:\/\/wp.ufpel.edu.br\/engenhariageologica\/wp-json\/wp\/v2\/types\/page"}],"author":[{"embeddable":true,"href":"https:\/\/wp.ufpel.edu.br\/engenhariageologica\/wp-json\/wp\/v2\/users\/588"}],"replies":[{"embeddable":true,"href":"https:\/\/wp.ufpel.edu.br\/engenhariageologica\/wp-json\/wp\/v2\/comments?post=1109"}],"version-history":[{"count":2,"href":"https:\/\/wp.ufpel.edu.br\/engenhariageologica\/wp-json\/wp\/v2\/pages\/1109\/revisions"}],"predecessor-version":[{"id":1112,"href":"https:\/\/wp.ufpel.edu.br\/engenhariageologica\/wp-json\/wp\/v2\/pages\/1109\/revisions\/1112"}],"up":[{"embeddable":true,"href":"https:\/\/wp.ufpel.edu.br\/engenhariageologica\/wp-json\/wp\/v2\/pages\/1082"}],"wp:attachment":[{"href":"https:\/\/wp.ufpel.edu.br\/engenhariageologica\/wp-json\/wp\/v2\/media?parent=1109"}],"curies":[{"name":"wp","href":"https:\/\/api.w.org\/{rel}","templated":true}]}}