{"id":979,"date":"2020-07-04T16:02:05","date_gmt":"2020-07-04T19:02:05","guid":{"rendered":"https:\/\/wp.ufpel.edu.br\/engenhariadepetroleo\/?page_id=979"},"modified":"2025-09-30T14:40:09","modified_gmt":"2025-09-30T17:40:09","slug":"objetivo","status":"publish","type":"page","link":"https:\/\/wp.ufpel.edu.br\/engenhariadepetroleo\/curso\/objetivo\/","title":{"rendered":"Objetivo"},"content":{"rendered":"<h3>OBJETIVO GERAL<\/h3>\n<p style=\"text-align: justify;\">\u00a0 \u00a0 \u00a0 \u00a0 O objetivo do Curso de Gradua\u00e7\u00e3o em Engenharia de Petr\u00f3leo \u00e9 formar profissionais para atuar nas diferentes atividades relacionadas \u00e0 ind\u00fastria de explora\u00e7\u00e3o e produ\u00e7\u00e3o de \u00f3leo e g\u00e1s que competem a um Engenheiro de Petr\u00f3leo.<\/p>\n<p>&nbsp;<\/p>\n<h3>OBJETIVOS ESPEC\u00cdFICOS<\/h3>\n<ul>\n<li>Oportunizar s\u00f3lida forma\u00e7\u00e3o em Engenharia de Petr\u00f3leo e desenvolver a capacidade para buscar a atualiza\u00e7\u00e3o de conte\u00fados por meio da educa\u00e7\u00e3o continuada, da pesquisa bibliogr\u00e1fica e do uso de recursos computacionais;<\/li>\n<li>Desenvolver atitude investigativa no aluno de forma a abordar tanto problemas tradicionais, quanto novos problemas em Engenharia de Petr\u00f3leo partindo de conceitos, princ\u00edpios e leis fundamentais da F\u00edsica, da Matem\u00e1tica, da Qu\u00edmica, da Geologia e da Engenharia;<\/li>\n<li>Capacitar os egressos para atuarem em projetos de pesquisa pura e aplicada em Engenharia de Petr\u00f3leo e em Geoci\u00eancias;<\/li>\n<li>Desenvolver uma atitude profissional \u00e9tica que inclua a responsabilidade social e a compreens\u00e3o cr\u00edtica da ci\u00eancia e da educa\u00e7\u00e3o como fen\u00f4meno cultural e hist\u00f3rico;<\/li>\n<li>Enfatizar a forma\u00e7\u00e3o cultural e human\u00edstica, com \u00eanfase nos valores \u00e9ticos gerais e profissionais;<\/li>\n<li>Incentivar e capacitar os egressos a apresentarem e publicarem os resultados cient\u00edficos e t\u00e9cnicos nas distintas formas de express\u00e3o cient\u00edficas.<\/li>\n<\/ul>\n<p>&nbsp;<\/p>\n<h6 style=\"text-align: right;\">Atualizado em 30 de SETEMBRO de 2025<\/h6>\n","protected":false},"excerpt":{"rendered":"<p>OBJETIVO GERAL \u00a0 \u00a0 \u00a0 \u00a0 O objetivo do Curso de Gradua\u00e7\u00e3o em Engenharia de Petr\u00f3leo \u00e9 formar profissionais para atuar nas diferentes atividades relacionadas \u00e0 ind\u00fastria de explora\u00e7\u00e3o e produ\u00e7\u00e3o de \u00f3leo e g\u00e1s que competem a um Engenheiro de Petr\u00f3leo. &nbsp; OBJETIVOS ESPEC\u00cdFICOS Oportunizar s\u00f3lida forma\u00e7\u00e3o em Engenharia de Petr\u00f3leo e desenvolver a [&hellip;]<\/p>\n","protected":false},"author":197,"featured_media":0,"parent":975,"menu_order":2,"comment_status":"closed","ping_status":"closed","template":"","meta":{"jetpack_post_was_ever_published":false,"footnotes":""},"class_list":["post-979","page","type-page","status-publish","hentry"],"jetpack_sharing_enabled":true,"jetpack_shortlink":"https:\/\/wp.me\/P6Pmcg-fN","jetpack_likes_enabled":true,"jetpack-related-posts":[],"_links":{"self":[{"href":"https:\/\/wp.ufpel.edu.br\/engenhariadepetroleo\/wp-json\/wp\/v2\/pages\/979","targetHints":{"allow":["GET"]}}],"collection":[{"href":"https:\/\/wp.ufpel.edu.br\/engenhariadepetroleo\/wp-json\/wp\/v2\/pages"}],"about":[{"href":"https:\/\/wp.ufpel.edu.br\/engenhariadepetroleo\/wp-json\/wp\/v2\/types\/page"}],"author":[{"embeddable":true,"href":"https:\/\/wp.ufpel.edu.br\/engenhariadepetroleo\/wp-json\/wp\/v2\/users\/197"}],"replies":[{"embeddable":true,"href":"https:\/\/wp.ufpel.edu.br\/engenhariadepetroleo\/wp-json\/wp\/v2\/comments?post=979"}],"version-history":[{"count":4,"href":"https:\/\/wp.ufpel.edu.br\/engenhariadepetroleo\/wp-json\/wp\/v2\/pages\/979\/revisions"}],"predecessor-version":[{"id":3136,"href":"https:\/\/wp.ufpel.edu.br\/engenhariadepetroleo\/wp-json\/wp\/v2\/pages\/979\/revisions\/3136"}],"up":[{"embeddable":true,"href":"https:\/\/wp.ufpel.edu.br\/engenhariadepetroleo\/wp-json\/wp\/v2\/pages\/975"}],"wp:attachment":[{"href":"https:\/\/wp.ufpel.edu.br\/engenhariadepetroleo\/wp-json\/wp\/v2\/media?parent=979"}],"curies":[{"name":"wp","href":"https:\/\/api.w.org\/{rel}","templated":true}]}}