{"id":3163,"date":"2025-09-30T20:29:58","date_gmt":"2025-09-30T23:29:58","guid":{"rendered":"https:\/\/wp.ufpel.edu.br\/engenhariadepetroleo\/?page_id=3163"},"modified":"2025-09-30T20:29:58","modified_gmt":"2025-09-30T23:29:58","slug":"cotada","status":"publish","type":"page","link":"https:\/\/wp.ufpel.edu.br\/engenhariadepetroleo\/cotada\/","title":{"rendered":"COTADA"},"content":{"rendered":"<p><a href=\"https:\/\/wp.ufpel.edu.br\/engenhariadepetroleo\/cotada\/captura-de-tela_30-9-2025_202828_\/\" rel=\"attachment wp-att-3164\"><img data-recalc-dims=\"1\" data-attachment-id=\"3164\" data-permalink=\"https:\/\/wp.ufpel.edu.br\/engenhariadepetroleo\/cotada\/captura-de-tela_30-9-2025_202828_\/\" data-orig-file=\"https:\/\/i0.wp.com\/wp.ufpel.edu.br\/engenhariadepetroleo\/files\/2025\/09\/Captura-de-tela_30-9-2025_202828_.jpeg?fit=576%2C432&amp;ssl=1\" data-orig-size=\"576,432\" data-comments-opened=\"0\" data-image-meta=\"{&quot;aperture&quot;:&quot;0&quot;,&quot;credit&quot;:&quot;&quot;,&quot;camera&quot;:&quot;&quot;,&quot;caption&quot;:&quot;&quot;,&quot;created_timestamp&quot;:&quot;0&quot;,&quot;copyright&quot;:&quot;&quot;,&quot;focal_length&quot;:&quot;0&quot;,&quot;iso&quot;:&quot;0&quot;,&quot;shutter_speed&quot;:&quot;0&quot;,&quot;title&quot;:&quot;&quot;,&quot;orientation&quot;:&quot;0&quot;}\" data-image-title=\"Captura de tela_30-9-2025_202828_\" data-image-description=\"\" data-image-caption=\"\" data-medium-file=\"https:\/\/i0.wp.com\/wp.ufpel.edu.br\/engenhariadepetroleo\/files\/2025\/09\/Captura-de-tela_30-9-2025_202828_.jpeg?fit=400%2C300&amp;ssl=1\" data-large-file=\"https:\/\/i0.wp.com\/wp.ufpel.edu.br\/engenhariadepetroleo\/files\/2025\/09\/Captura-de-tela_30-9-2025_202828_.jpeg?fit=576%2C432&amp;ssl=1\" class=\"size-medium wp-image-3164 alignleft\" src=\"https:\/\/i0.wp.com\/wp.ufpel.edu.br\/engenhariadepetroleo\/files\/2025\/09\/Captura-de-tela_30-9-2025_202828_.jpeg?resize=400%2C300&#038;ssl=1\" alt=\"\" width=\"400\" height=\"300\" srcset=\"https:\/\/i0.wp.com\/wp.ufpel.edu.br\/engenhariadepetroleo\/files\/2025\/09\/Captura-de-tela_30-9-2025_202828_.jpeg?resize=400%2C300&amp;ssl=1 400w, https:\/\/i0.wp.com\/wp.ufpel.edu.br\/engenhariadepetroleo\/files\/2025\/09\/Captura-de-tela_30-9-2025_202828_.jpeg?w=576&amp;ssl=1 576w\" sizes=\"(max-width: 400px) 100vw, 400px\" \/><\/a>O pr\u00e9dio do Centro de Engenharias \u2013 Cotada, localizado \u00e0 Rua Benjamim Constant, 989 abriga a Dire\u00e7\u00e3o da Unidade, bem como a Secretaria Administrativa, a Secretaria Acad\u00eamica, 45 espa\u00e7os destinados a laborat\u00f3rios e gabinetes de professores e 7 salas de aula. Possui \u00e1rea total de 5.030m2.<\/p>\n","protected":false},"excerpt":{"rendered":"<p>O pr\u00e9dio do Centro de Engenharias \u2013 Cotada, localizado \u00e0 Rua Benjamim Constant, 989 abriga a Dire\u00e7\u00e3o da Unidade, bem como a Secretaria Administrativa, a Secretaria Acad\u00eamica, 45 espa\u00e7os destinados a laborat\u00f3rios e gabinetes de professores e 7 salas de aula. Possui \u00e1rea total de 5.030m2.<\/p>\n","protected":false},"author":197,"featured_media":0,"parent":0,"menu_order":0,"comment_status":"closed","ping_status":"closed","template":"","meta":{"jetpack_post_was_ever_published":false,"footnotes":""},"class_list":["post-3163","page","type-page","status-publish","hentry"],"jetpack_sharing_enabled":true,"jetpack_shortlink":"https:\/\/wp.me\/P6Pmcg-P1","jetpack_likes_enabled":true,"jetpack-related-posts":[],"_links":{"self":[{"href":"https:\/\/wp.ufpel.edu.br\/engenhariadepetroleo\/wp-json\/wp\/v2\/pages\/3163","targetHints":{"allow":["GET"]}}],"collection":[{"href":"https:\/\/wp.ufpel.edu.br\/engenhariadepetroleo\/wp-json\/wp\/v2\/pages"}],"about":[{"href":"https:\/\/wp.ufpel.edu.br\/engenhariadepetroleo\/wp-json\/wp\/v2\/types\/page"}],"author":[{"embeddable":true,"href":"https:\/\/wp.ufpel.edu.br\/engenhariadepetroleo\/wp-json\/wp\/v2\/users\/197"}],"replies":[{"embeddable":true,"href":"https:\/\/wp.ufpel.edu.br\/engenhariadepetroleo\/wp-json\/wp\/v2\/comments?post=3163"}],"version-history":[{"count":2,"href":"https:\/\/wp.ufpel.edu.br\/engenhariadepetroleo\/wp-json\/wp\/v2\/pages\/3163\/revisions"}],"predecessor-version":[{"id":3166,"href":"https:\/\/wp.ufpel.edu.br\/engenhariadepetroleo\/wp-json\/wp\/v2\/pages\/3163\/revisions\/3166"}],"wp:attachment":[{"href":"https:\/\/wp.ufpel.edu.br\/engenhariadepetroleo\/wp-json\/wp\/v2\/media?parent=3163"}],"curies":[{"name":"wp","href":"https:\/\/api.w.org\/{rel}","templated":true}]}}