{"id":2186,"date":"2022-04-04T17:54:52","date_gmt":"2022-04-04T20:54:52","guid":{"rendered":"https:\/\/wp.ufpel.edu.br\/engenhariadepetroleo\/?page_id=2186"},"modified":"2022-04-19T16:45:09","modified_gmt":"2022-04-19T19:45:09","slug":"2021-2","status":"publish","type":"page","link":"https:\/\/wp.ufpel.edu.br\/engenhariadepetroleo\/2021-2\/","title":{"rendered":"2021"},"content":{"rendered":"<p>Juliano Brand Oliveira &#8211; <a href=\"https:\/\/pergamum.ufpel.edu.br\/pergamumweb\/vinculos\/0000cb\/0000cbb3.pdf\">Avalia\u00e7\u00e3o do Impacto do M\u00f3dulo de Young no Comportamento de Produ\u00e7\u00e3o de um Reservat\u00f3rio<\/a><\/p>\n<p>Lauren Campos Hartwig &#8211; <a href=\"https:\/\/pergamum.ufpel.edu.br\/pergamumweb\/vinculos\/0000d3\/0000d34b.pdf\">An\u00e1lise da Ocorr\u00eancia da Forma\u00e7\u00e3o de Borras na Unidade de Produ\u00e7\u00e3o e Rela\u00e7\u00e3o com a Precipita\u00e7\u00e3o de Parafinas &#8211; Um Estudo de Caso<\/a><\/p>\n<h6 style=\"text-align: right;\">ATUALIZADO EM 19 DE ABRIL DE 2022.<\/h6>\n","protected":false},"excerpt":{"rendered":"<p>Juliano Brand Oliveira &#8211; Avalia\u00e7\u00e3o do Impacto do M\u00f3dulo de Young no Comportamento de Produ\u00e7\u00e3o de um Reservat\u00f3rio Lauren Campos Hartwig &#8211; An\u00e1lise da Ocorr\u00eancia da Forma\u00e7\u00e3o de Borras na Unidade de Produ\u00e7\u00e3o e Rela\u00e7\u00e3o com a Precipita\u00e7\u00e3o de Parafinas &#8211; Um Estudo de Caso ATUALIZADO EM 19 DE ABRIL DE 2022.<\/p>\n","protected":false},"author":197,"featured_media":0,"parent":0,"menu_order":0,"comment_status":"closed","ping_status":"closed","template":"","meta":{"jetpack_post_was_ever_published":false,"footnotes":""},"class_list":["post-2186","page","type-page","status-publish","hentry"],"jetpack_sharing_enabled":true,"jetpack_shortlink":"https:\/\/wp.me\/P6Pmcg-zg","jetpack_likes_enabled":true,"jetpack-related-posts":[],"_links":{"self":[{"href":"https:\/\/wp.ufpel.edu.br\/engenhariadepetroleo\/wp-json\/wp\/v2\/pages\/2186","targetHints":{"allow":["GET"]}}],"collection":[{"href":"https:\/\/wp.ufpel.edu.br\/engenhariadepetroleo\/wp-json\/wp\/v2\/pages"}],"about":[{"href":"https:\/\/wp.ufpel.edu.br\/engenhariadepetroleo\/wp-json\/wp\/v2\/types\/page"}],"author":[{"embeddable":true,"href":"https:\/\/wp.ufpel.edu.br\/engenhariadepetroleo\/wp-json\/wp\/v2\/users\/197"}],"replies":[{"embeddable":true,"href":"https:\/\/wp.ufpel.edu.br\/engenhariadepetroleo\/wp-json\/wp\/v2\/comments?post=2186"}],"version-history":[{"count":5,"href":"https:\/\/wp.ufpel.edu.br\/engenhariadepetroleo\/wp-json\/wp\/v2\/pages\/2186\/revisions"}],"predecessor-version":[{"id":2236,"href":"https:\/\/wp.ufpel.edu.br\/engenhariadepetroleo\/wp-json\/wp\/v2\/pages\/2186\/revisions\/2236"}],"wp:attachment":[{"href":"https:\/\/wp.ufpel.edu.br\/engenhariadepetroleo\/wp-json\/wp\/v2\/media?parent=2186"}],"curies":[{"name":"wp","href":"https:\/\/api.w.org\/{rel}","templated":true}]}}