{"id":1045,"date":"2020-07-04T16:25:24","date_gmt":"2020-07-04T19:25:24","guid":{"rendered":"https:\/\/wp.ufpel.edu.br\/engenhariadepetroleo\/?page_id=1045"},"modified":"2025-09-30T16:33:52","modified_gmt":"2025-09-30T19:33:52","slug":"pesquisa","status":"publish","type":"page","link":"https:\/\/wp.ufpel.edu.br\/engenhariadepetroleo\/projetos\/pesquisa\/","title":{"rendered":"Pesquisa"},"content":{"rendered":"<h2>PROJETOS LIGADOS A PROFESSORES DO CURSO DE ENGENHARIA DE PETR\u00d3LEO<\/h2>\n<h3><a href=\"https:\/\/institucional.ufpel.edu.br\/projetos\/id\/u2793\">Lignina como Redutor de Atrito Hidrodin\u00e2mico em Sistemas Modelo e Fluidos de Perfura\u00e7\u00e3o em Escoamento de Petr\u00f3leo<\/a><\/h3>\n<p>ANTONIO CARLOS DA SILVA RAMOS<\/p>\n<p>________________________________________________________________________________<\/p>\n<h3><a href=\"https:\/\/institucional.ufpel.edu.br\/projetos\/id\/u7088\">AN\u00c1LISE DE BACIAS SEDIMENTARES<\/a><\/h3>\n<p>ANTONIO CARLOS DA SILVA RAMOS<\/p>\n<p>CAMILE URBAN<\/p>\n<p>GIOVANI MATTE CIOCCARI<\/p>\n<p>________________________________________________________________________________<\/p>\n<h3><a href=\"https:\/\/institucional.ufpel.edu.br\/projetos\/id\/u1986\">GeoESed &#8211; Estratigrafia e Sedimentologia<\/a><\/h3>\n<p>CAMILE URBAN<\/p>\n<p>FORLAN ALMEIDA<\/p>\n<p>________________________________________________________________________________<\/p>\n<h3><a href=\"https:\/\/institucional.ufpel.edu.br\/projetos\/id\/u6914\">CARACTERIZA\u00c7\u00c3O DA MATRIZ ENERG\u00c9TICA DO RIO GRANDE DO SUL: PERSPECTIVAS E DESAFIOS DAS FONTES RENOV\u00c1VEIS DE ENERGIA<\/a><\/h3>\n<p>CAMILE URBAN<\/p>\n<p>FORLAN ALMEIDA<\/p>\n<p>LARISSA PINHEIRO COSTA<\/p>\n<p>________________________________________________________________________________<\/p>\n<h3><a href=\"https:\/\/institucional.ufpel.edu.br\/projetos\/id\/u5539\">Desenvolvimento de ferramentas computacionais aplicadas \u00e0 ind\u00fastria do petr\u00f3leo<\/a><\/h3>\n<p>FORLAN ALMEIDA<\/p>\n<p>________________________________________________________________________________<\/p>\n<h3><a href=\"https:\/\/institucional.ufpel.edu.br\/projetos\/id\/u3189\">Modelagem computacional com aplica\u00e7\u00f5es<\/a><\/h3>\n<p>GIOVANI MATTE CIOCCARI<\/p>\n<p>________________________________________________________________________________<\/p>\n<h6 style=\"text-align: right;\"><\/h6>\n<h6 style=\"text-align: right;\">ATUALIZADO EM 30 DE SETEMBRO DE 2025.<\/h6>\n","protected":false},"excerpt":{"rendered":"<p>PROJETOS LIGADOS A PROFESSORES DO CURSO DE ENGENHARIA DE PETR\u00d3LEO Lignina como Redutor de Atrito Hidrodin\u00e2mico em Sistemas Modelo e Fluidos de Perfura\u00e7\u00e3o em Escoamento de Petr\u00f3leo ANTONIO CARLOS DA SILVA RAMOS ________________________________________________________________________________ AN\u00c1LISE DE BACIAS SEDIMENTARES ANTONIO CARLOS DA SILVA RAMOS CAMILE URBAN GIOVANI MATTE CIOCCARI ________________________________________________________________________________ GeoESed &#8211; Estratigrafia e Sedimentologia CAMILE URBAN [&hellip;]<\/p>\n","protected":false},"author":197,"featured_media":0,"parent":1041,"menu_order":2,"comment_status":"closed","ping_status":"closed","template":"","meta":{"jetpack_post_was_ever_published":false,"footnotes":""},"class_list":["post-1045","page","type-page","status-publish","hentry"],"jetpack_sharing_enabled":true,"jetpack_shortlink":"https:\/\/wp.me\/P6Pmcg-gR","jetpack_likes_enabled":true,"jetpack-related-posts":[],"_links":{"self":[{"href":"https:\/\/wp.ufpel.edu.br\/engenhariadepetroleo\/wp-json\/wp\/v2\/pages\/1045","targetHints":{"allow":["GET"]}}],"collection":[{"href":"https:\/\/wp.ufpel.edu.br\/engenhariadepetroleo\/wp-json\/wp\/v2\/pages"}],"about":[{"href":"https:\/\/wp.ufpel.edu.br\/engenhariadepetroleo\/wp-json\/wp\/v2\/types\/page"}],"author":[{"embeddable":true,"href":"https:\/\/wp.ufpel.edu.br\/engenhariadepetroleo\/wp-json\/wp\/v2\/users\/197"}],"replies":[{"embeddable":true,"href":"https:\/\/wp.ufpel.edu.br\/engenhariadepetroleo\/wp-json\/wp\/v2\/comments?post=1045"}],"version-history":[{"count":3,"href":"https:\/\/wp.ufpel.edu.br\/engenhariadepetroleo\/wp-json\/wp\/v2\/pages\/1045\/revisions"}],"predecessor-version":[{"id":3153,"href":"https:\/\/wp.ufpel.edu.br\/engenhariadepetroleo\/wp-json\/wp\/v2\/pages\/1045\/revisions\/3153"}],"up":[{"embeddable":true,"href":"https:\/\/wp.ufpel.edu.br\/engenhariadepetroleo\/wp-json\/wp\/v2\/pages\/1041"}],"wp:attachment":[{"href":"https:\/\/wp.ufpel.edu.br\/engenhariadepetroleo\/wp-json\/wp\/v2\/media?parent=1045"}],"curies":[{"name":"wp","href":"https:\/\/api.w.org\/{rel}","templated":true}]}}