{"id":795,"date":"2014-09-20T11:40:19","date_gmt":"2014-09-20T14:40:19","guid":{"rendered":"https:\/\/wp.ufpel.edu.br\/engciv\/?page_id=795"},"modified":"2016-01-30T15:50:00","modified_gmt":"2016-01-30T17:50:00","slug":"seguro","status":"publish","type":"page","link":"https:\/\/wp.ufpel.edu.br\/engciv\/estagios\/seguro\/","title":{"rendered":"Seguro para est\u00e1gio obrigat\u00f3rio"},"content":{"rendered":"<p><strong><span style=\"color: #2c2b2b\">Cadastro de\u00a0<span class=\"il\" style=\"color: #222222\">seguro<\/span>\u00a0para alunos em est\u00e1gio:<\/span><\/strong><br style=\"color: #2c2b2b\" \/><span style=\"color: #2c2b2b\">A UFPEL disponibiliza para os alunos\u00a0<span class=\"il\" style=\"color: #222222\">seguro<\/span>\u00a0gratuito para est\u00e1gio.<\/span><br style=\"color: #2c2b2b\" \/><span style=\"color: #2c2b2b\">O aluno deve pedir por e-mail para a coordena\u00e7\u00e3o do curso at\u00e9 dia 18 de cada m\u00eas. O\u00a0<span class=\"il\" style=\"color: #222222\">seguro<\/span>\u00a0come\u00e7ar\u00e1 sua vig\u00eancia no dia 1\u00ba do pr\u00f3ximo m\u00eas. O cadastro \u00e9 feito pela coordena\u00e7\u00e3o no Cobalto. O aluno deve\u00a0 programar-se com anteced\u00eancia.\u00a0<\/span><br style=\"color: #2c2b2b\" \/><span style=\"color: #2c2b2b\">Somente h\u00e1 cobertura para alunos em est\u00e1gio obrigat\u00f3rio, independente do local de est\u00e1gio, ou aos acad\u00eamicos em est\u00e1gio n\u00e3o obrigat\u00f3rio realizado na pr\u00f3pria UFPEL.<\/span><\/p>\n<p><strong>Dados do Seguro:<\/strong><\/p>\n<p><strong>Gente S.A. &#8211;\u00a0<\/strong><strong>\u00a0AP\u00d3LICE DE SEGURO ACIDENTES PESSOAIS &#8211; N\u00ba Ap\u00f3lice:504 Valor 10mil<\/strong><\/p>\n<p>&nbsp;<\/p>\n<p>&nbsp;<\/p>\n","protected":false},"excerpt":{"rendered":"<p>Cadastro de\u00a0seguro\u00a0para alunos em est\u00e1gio:A UFPEL disponibiliza para os alunos\u00a0seguro\u00a0gratuito para est\u00e1gio.O aluno deve pedir por e-mail para a coordena\u00e7\u00e3o do curso at\u00e9 dia 18 de cada m\u00eas. O\u00a0seguro\u00a0come\u00e7ar\u00e1 sua vig\u00eancia no dia 1\u00ba do pr\u00f3ximo m\u00eas. O cadastro \u00e9 feito pela coordena\u00e7\u00e3o no Cobalto. O aluno deve\u00a0 programar-se com anteced\u00eancia.\u00a0Somente h\u00e1 cobertura para alunos [&hellip;]<\/p>\n","protected":false},"author":238,"featured_media":0,"parent":128,"menu_order":2,"comment_status":"closed","ping_status":"closed","template":"","meta":{"jetpack_post_was_ever_published":false,"footnotes":""},"class_list":["post-795","page","type-page","status-publish","hentry"],"jetpack_sharing_enabled":true,"_links":{"self":[{"href":"https:\/\/wp.ufpel.edu.br\/engciv\/wp-json\/wp\/v2\/pages\/795","targetHints":{"allow":["GET"]}}],"collection":[{"href":"https:\/\/wp.ufpel.edu.br\/engciv\/wp-json\/wp\/v2\/pages"}],"about":[{"href":"https:\/\/wp.ufpel.edu.br\/engciv\/wp-json\/wp\/v2\/types\/page"}],"author":[{"embeddable":true,"href":"https:\/\/wp.ufpel.edu.br\/engciv\/wp-json\/wp\/v2\/users\/238"}],"replies":[{"embeddable":true,"href":"https:\/\/wp.ufpel.edu.br\/engciv\/wp-json\/wp\/v2\/comments?post=795"}],"version-history":[{"count":6,"href":"https:\/\/wp.ufpel.edu.br\/engciv\/wp-json\/wp\/v2\/pages\/795\/revisions"}],"predecessor-version":[{"id":1985,"href":"https:\/\/wp.ufpel.edu.br\/engciv\/wp-json\/wp\/v2\/pages\/795\/revisions\/1985"}],"up":[{"embeddable":true,"href":"https:\/\/wp.ufpel.edu.br\/engciv\/wp-json\/wp\/v2\/pages\/128"}],"wp:attachment":[{"href":"https:\/\/wp.ufpel.edu.br\/engciv\/wp-json\/wp\/v2\/media?parent=795"}],"curies":[{"name":"wp","href":"https:\/\/api.w.org\/{rel}","templated":true}]}}