{"id":716,"date":"2014-09-06T03:44:50","date_gmt":"2014-09-06T06:44:50","guid":{"rendered":"https:\/\/wp.ufpel.edu.br\/engciv\/?page_id=716"},"modified":"2015-07-14T09:01:52","modified_gmt":"2015-07-14T12:01:52","slug":"op","status":"publish","type":"page","link":"https:\/\/wp.ufpel.edu.br\/engciv\/estagios\/op\/","title":{"rendered":"Oportunidades"},"content":{"rendered":"<p><strong>Oportunidade Est\u00e1gio<\/strong><\/p>\n<p>Conforme combinado com Eng\u00ba Ubirajara Leal vimos por meio deste comunicar que em parceria com a Secretaria de Desenvolvimento Econ\u00f4mico, buscamos estagi\u00e1rio da Engenharia Civil ou Arquitetura\u00a0que esteja cursando a partir do 5\u00ba semestre para desenvolver atividades no turno da manh\u00e3 e tarde nas licen\u00e7as do Corpo de Bombeiros (Est\u00e1gio alvar\u00e1s Corpo de Bombeiros).\u00a0Pedimos gentileza em enviar curr\u00edculos para\u00a0secretaria@sindusconpelotas.com.br ou leal.bira@ibest.com.br<\/p>\n<p>&nbsp;<\/p>\n<p><strong>Vaga est\u00e1gio 5\u00ba Coordenadoria de Obras P\u00fablicas<\/strong><\/p>\n<p><a href=\"https:\/\/wp.ufpel.edu.br\/engciv\/files\/2014\/09\/VAGA-DE-EST\u00c1GIO.pdf\">VAGA DE EST\u00c1GIO<\/a><\/p>\n<p>&nbsp;<\/p>\n<p>&nbsp;<\/p>\n<p>&nbsp;<\/p>\n","protected":false},"excerpt":{"rendered":"<p>Oportunidade Est\u00e1gio Conforme combinado com Eng\u00ba Ubirajara Leal vimos por meio deste comunicar que em parceria com a Secretaria de Desenvolvimento Econ\u00f4mico, buscamos estagi\u00e1rio da Engenharia Civil ou Arquitetura\u00a0que esteja cursando a partir do 5\u00ba semestre para desenvolver atividades no turno da manh\u00e3 e tarde nas licen\u00e7as do Corpo de Bombeiros (Est\u00e1gio alvar\u00e1s Corpo de [&hellip;]<\/p>\n","protected":false},"author":434,"featured_media":0,"parent":128,"menu_order":3,"comment_status":"closed","ping_status":"closed","template":"","meta":{"jetpack_post_was_ever_published":false,"footnotes":""},"class_list":["post-716","page","type-page","status-publish","hentry"],"jetpack_sharing_enabled":true,"_links":{"self":[{"href":"https:\/\/wp.ufpel.edu.br\/engciv\/wp-json\/wp\/v2\/pages\/716","targetHints":{"allow":["GET"]}}],"collection":[{"href":"https:\/\/wp.ufpel.edu.br\/engciv\/wp-json\/wp\/v2\/pages"}],"about":[{"href":"https:\/\/wp.ufpel.edu.br\/engciv\/wp-json\/wp\/v2\/types\/page"}],"author":[{"embeddable":true,"href":"https:\/\/wp.ufpel.edu.br\/engciv\/wp-json\/wp\/v2\/users\/434"}],"replies":[{"embeddable":true,"href":"https:\/\/wp.ufpel.edu.br\/engciv\/wp-json\/wp\/v2\/comments?post=716"}],"version-history":[{"count":12,"href":"https:\/\/wp.ufpel.edu.br\/engciv\/wp-json\/wp\/v2\/pages\/716\/revisions"}],"predecessor-version":[{"id":1682,"href":"https:\/\/wp.ufpel.edu.br\/engciv\/wp-json\/wp\/v2\/pages\/716\/revisions\/1682"}],"up":[{"embeddable":true,"href":"https:\/\/wp.ufpel.edu.br\/engciv\/wp-json\/wp\/v2\/pages\/128"}],"wp:attachment":[{"href":"https:\/\/wp.ufpel.edu.br\/engciv\/wp-json\/wp\/v2\/media?parent=716"}],"curies":[{"name":"wp","href":"https:\/\/api.w.org\/{rel}","templated":true}]}}

<p><strong>Oportunidade Estágio</strong></p>
<p>Conforme combinado com Engº Ubirajara Leal vimos por meio deste comunicar que em parceria com a Secretaria de Desenvolvimento Econômico, buscamos estagiário da Engenharia Civil ou Arquitetura que esteja cursando a partir do 5º semestre para desenvolver atividades no turno da manhã e tarde nas licenças do Corpo de Bombeiros (Estágio alvarás Corpo de Bombeiros). Pedimos gentileza em enviar currículos para secretaria@sindusconpelotas.com.br ou leal.bira@ibest.com.br</p>
<p>&nbsp;</p>
<p><strong>Vaga estágio 5º Coordenadoria de Obras Públicas</strong></p>
<p><a href="https://wp.ufpel.edu.br/engciv/files/2014/09/VAGA-DE-ESTÁGIO.pdf">VAGA DE ESTÁGIO</a></p>
<p>&nbsp;</p>
<p>&nbsp;</p>
<p>&nbsp;</p>

<p>Oportunidade Estágio Conforme combinado com Engº Ubirajara Leal vimos por meio deste comunicar que em parceria com a Secretaria de Desenvolvimento Econômico, buscamos estagiário da Engenharia Civil ou Arquitetura que esteja cursando a partir do 5º semestre para desenvolver atividades no turno da manhã e tarde nas licenças do Corpo de Bombeiros (Estágio alvarás Corpo de [&hellip;]</p>
