{"id":62,"date":"2014-03-31T17:11:46","date_gmt":"2014-03-31T20:11:46","guid":{"rendered":"https:\/\/wp.ufpel.edu.br\/engciv\/?page_id=62"},"modified":"2014-09-20T12:49:50","modified_gmt":"2014-09-20T15:49:50","slug":"alunos","status":"publish","type":"page","link":"https:\/\/wp.ufpel.edu.br\/engciv\/alunos\/","title":{"rendered":"Portal do Aluno"},"content":{"rendered":"<p><a href=\"https:\/\/wp.ufpel.edu.br\/engciv\/files\/2014\/03\/Trancamento-de-disciplina-modelo-2013-2.pdf\">Trancamento de disciplina modelo-2013-2<\/a><\/p>\n<p><a href=\"https:\/\/wp.ufpel.edu.br\/engciv\/files\/2014\/03\/Formul\u00e1rio-Aproveitamento-de-Disciplina_2013.pdf\">Formul\u00e1rio Aproveitamento de Disciplina &#8211; 2013<\/a><\/p>\n<p><a href=\"https:\/\/wp.ufpel.edu.br\/engciv\/files\/2014\/03\/Formul\u00e1rio-Trancamento-Geral-de-Matr\u00edcula.pdf\">Formul\u00e1rio Trancamento Geral de Matr\u00edcula<\/a><\/p>\n","protected":false},"excerpt":{"rendered":"<p>Trancamento de disciplina modelo-2013-2 Formul\u00e1rio Aproveitamento de Disciplina &#8211; 2013 Formul\u00e1rio Trancamento Geral de Matr\u00edcula<\/p>\n","protected":false},"author":434,"featured_media":0,"parent":0,"menu_order":5,"comment_status":"closed","ping_status":"closed","template":"","meta":{"jetpack_post_was_ever_published":false,"footnotes":""},"class_list":["post-62","page","type-page","status-publish","hentry"],"jetpack_sharing_enabled":true,"_links":{"self":[{"href":"https:\/\/wp.ufpel.edu.br\/engciv\/wp-json\/wp\/v2\/pages\/62","targetHints":{"allow":["GET"]}}],"collection":[{"href":"https:\/\/wp.ufpel.edu.br\/engciv\/wp-json\/wp\/v2\/pages"}],"about":[{"href":"https:\/\/wp.ufpel.edu.br\/engciv\/wp-json\/wp\/v2\/types\/page"}],"author":[{"embeddable":true,"href":"https:\/\/wp.ufpel.edu.br\/engciv\/wp-json\/wp\/v2\/users\/434"}],"replies":[{"embeddable":true,"href":"https:\/\/wp.ufpel.edu.br\/engciv\/wp-json\/wp\/v2\/comments?post=62"}],"version-history":[{"count":4,"href":"https:\/\/wp.ufpel.edu.br\/engciv\/wp-json\/wp\/v2\/pages\/62\/revisions"}],"predecessor-version":[{"id":819,"href":"https:\/\/wp.ufpel.edu.br\/engciv\/wp-json\/wp\/v2\/pages\/62\/revisions\/819"}],"wp:attachment":[{"href":"https:\/\/wp.ufpel.edu.br\/engciv\/wp-json\/wp\/v2\/media?parent=62"}],"curies":[{"name":"wp","href":"https:\/\/api.w.org\/{rel}","templated":true}]}}