{"id":43,"date":"2014-03-31T16:55:53","date_gmt":"2014-03-31T19:55:53","guid":{"rendered":"https:\/\/wp.ufpel.edu.br\/engciv\/?page_id=43"},"modified":"2014-10-18T13:52:25","modified_gmt":"2014-10-18T16:52:25","slug":"curriculo","status":"publish","type":"page","link":"https:\/\/wp.ufpel.edu.br\/engciv\/curriculo\/","title":{"rendered":"Curr\u00edculo"},"content":{"rendered":"<p><span style=\"font-family: verdana, geneva\">O curso de Engenharia Civil proposto n\u00e3o oferece subdivis\u00f5es na forma de habilita\u00e7\u00f5es ou \u00eanfases, ou seja, \u00e9 curso pleno, formando nas\u00a0seguintes \u00e1reas da Engenharia Civil:<\/span><\/p>\n<p><span style=\"font-family: verdana, geneva\">\u2022 Constru\u00e7\u00e3o Civil;<\/span><br \/>\n<span style=\"font-family: verdana, geneva\"> \u2022 Sistemas Estruturais;<\/span><br \/>\n<span style=\"font-family: verdana, geneva\"> \u2022 Hidrotecnia e Saneamento;<\/span><br \/>\n<span style=\"font-family: verdana, geneva\"> \u2022 Transportes;<\/span><br \/>\n<span style=\"font-family: verdana, geneva\"> \u2022 Geotecnia.<\/span><\/p>\n<p>&nbsp;<\/p>\n<p><span style=\"font-family: verdana, geneva\">\u00a0<\/span><\/p>\n","protected":false},"excerpt":{"rendered":"<p>O curso de Engenharia Civil proposto n\u00e3o oferece subdivis\u00f5es na forma de habilita\u00e7\u00f5es ou \u00eanfases, ou seja, \u00e9 curso pleno, formando nas\u00a0seguintes \u00e1reas da Engenharia Civil: \u2022 Constru\u00e7\u00e3o Civil; \u2022 Sistemas Estruturais; \u2022 Hidrotecnia e Saneamento; \u2022 Transportes; \u2022 Geotecnia. &nbsp; \u00a0<\/p>\n","protected":false},"author":373,"featured_media":0,"parent":0,"menu_order":2,"comment_status":"closed","ping_status":"closed","template":"","meta":{"jetpack_post_was_ever_published":false,"footnotes":""},"class_list":["post-43","page","type-page","status-publish","hentry"],"jetpack_sharing_enabled":true,"_links":{"self":[{"href":"https:\/\/wp.ufpel.edu.br\/engciv\/wp-json\/wp\/v2\/pages\/43","targetHints":{"allow":["GET"]}}],"collection":[{"href":"https:\/\/wp.ufpel.edu.br\/engciv\/wp-json\/wp\/v2\/pages"}],"about":[{"href":"https:\/\/wp.ufpel.edu.br\/engciv\/wp-json\/wp\/v2\/types\/page"}],"author":[{"embeddable":true,"href":"https:\/\/wp.ufpel.edu.br\/engciv\/wp-json\/wp\/v2\/users\/373"}],"replies":[{"embeddable":true,"href":"https:\/\/wp.ufpel.edu.br\/engciv\/wp-json\/wp\/v2\/comments?post=43"}],"version-history":[{"count":9,"href":"https:\/\/wp.ufpel.edu.br\/engciv\/wp-json\/wp\/v2\/pages\/43\/revisions"}],"predecessor-version":[{"id":939,"href":"https:\/\/wp.ufpel.edu.br\/engciv\/wp-json\/wp\/v2\/pages\/43\/revisions\/939"}],"wp:attachment":[{"href":"https:\/\/wp.ufpel.edu.br\/engciv\/wp-json\/wp\/v2\/media?parent=43"}],"curies":[{"name":"wp","href":"https:\/\/api.w.org\/{rel}","templated":true}]}}