{"id":25,"date":"2014-03-31T16:19:51","date_gmt":"2014-03-31T19:19:51","guid":{"rendered":"https:\/\/wp.ufpel.edu.br\/engciv\/?page_id=25"},"modified":"2024-12-04T11:48:03","modified_gmt":"2024-12-04T14:48:03","slug":"25-2","status":"publish","type":"page","link":"https:\/\/wp.ufpel.edu.br\/engciv\/curso\/25-2\/","title":{"rendered":"Colegiado"},"content":{"rendered":"<p><span style=\"font-family: georgia, palatino, serif;\">O\u00a0<strong>Colegiado de Curso<\/strong>\u00a0\u00e9 o \u00f3rg\u00e3o de coordena\u00e7\u00e3o did\u00e1tica que tem por finalidade superintender o ensino no\u00a0\u00e2mbito do Curso de Engenharia Civil. \u00c9 dirigido por um Coordenador e dele fazem parte docentes da \u00e1rea\u00a0b\u00e1sica e profissional e representa\u00e7\u00e3o discente.\u00a0Entre suas atribui\u00e7\u00f5es, destacam-se:\u00a0coordenar e supervisionar o curso;\u00a0elaborar e\/ou rever o curr\u00edculo, submetendo-o aos \u00f3rg\u00e3os superiores da UFPel;\u00a0emitir parecer sobre os processos relativos a aproveitamento de estudos e adapta\u00e7\u00e3o\u00a0curricular;\u00a0supervisionar a elabora\u00e7\u00e3o dos hor\u00e1rios;\u00a0receber reclama\u00e7\u00f5es e recursos na \u00e1rea de ensino; apreciar os pedidos de transfer\u00eancia e estudar os casos de equival\u00eancia de disciplinas de outras\u00a0Universidades para efeito de transfer\u00eancia.<\/span><\/p>\n<p><span style=\"font-family: georgia, palatino, serif;\">Sua composi\u00e7\u00e3o:<\/span><\/p>\n<p class=\"Texto_Justificado_Recuo_Primeira_Linha\"><span style=\"font-family: georgia, palatino, serif;\">Prof. Klaus Machado Theisen (Coordenador)<\/span><\/p>\n<p class=\"Texto_Justificado_Recuo_Primeira_Linha\"><span style=\"font-family: georgia, palatino, serif;\">Prof. Hebert Lu\u00eds Rossetto (Coordenador Adjunto)<\/span><\/p>\n<p class=\"Texto_Justificado_Recuo_Primeira_Linha\"><span style=\"font-family: georgia, palatino, serif;\"><strong>\u00c1rea Espec\u00edfica:<\/strong><\/span><\/p>\n<p class=\"Texto_Justificado_Recuo_Primeira_Linha\"><span style=\"font-family: georgia, palatino, serif;\">Titular: Prof\u00aa. Aline Tabarelli<br \/>\nSuplente: Prof\u00aa. Adriana Gon\u00e7alves da Silva Manetti<\/span><\/p>\n<p><span style=\"font-family: georgia, palatino, serif;\">Titular: Prof\u00aa Gabriela Meller<\/span><br \/>\n<span style=\"font-family: georgia, palatino, serif;\">Suplente: Prof\u00aa Tamara Leitzke Caldeira Beskow<br \/>\n<\/span><span style=\"font-family: georgia, palatino, serif;\"><br \/>\nTitular: Prof\u00aa \u00c2ngela Azevedo de Azevedo<\/span><br \/>\n<span style=\"font-family: georgia, palatino, serif;\">Suplente: Prof\u00aa Clarissa Castro Calderipe Montelli<\/span><\/p>\n<p><span style=\"font-family: georgia, palatino, serif;\">Titular: Prof. Guilherme H\u00f6ehr Trindade<\/span><br \/>\n<span style=\"font-family: georgia, palatino, serif;\">Suplente: Prof. Eduardo Costa Couto<\/span><\/p>\n<p class=\"Texto_Justificado_Recuo_Primeira_Linha\"><span style=\"font-family: georgia, palatino, serif;\"><strong>\u00c1rea Profissionalizante:<\/strong><\/span><\/p>\n<p class=\"Texto_Justificado_Recuo_Primeira_Linha\"><span style=\"font-family: georgia, palatino, serif;\">Titular: Prof\u00aa Ingrid Milena Reyes Martinez Belchior<\/span><br \/>\n<span style=\"font-family: georgia, palatino, serif;\">Suplente: Prof. Hugo Alexandre Soares Guedes<\/span><\/p>\n<p class=\"Texto_Justificado_Recuo_Primeira_Linha\"><span style=\"font-family: georgia, palatino, serif;\"><strong>\u00c1rea B\u00e1sica:<\/strong><\/span><\/p>\n<p class=\"Texto_Justificado_Recuo_Primeira_Linha\"><span style=\"font-family: georgia, palatino, serif;\">Titular: Prof\u00aa \u00c2ngela Petrucci Vasconcelos<\/span><br \/>\n<span style=\"font-family: georgia, palatino, serif;\">Suplente: Prof. \u00c1damo de Souza Ara\u00fajo<\/p>\n<p><\/span><span style=\"font-family: georgia, palatino, serif;\">Titular: Prof. Jorge Manuel Vieira Borges Louren\u00e7o Rodrigues<\/span><br \/>\n<span style=\"font-family: georgia, palatino, serif;\">Suplente: Prof. Rafael de \u00c1vila Delucis<\/span><\/p>\n<p><strong><span style=\"font-family: georgia, palatino, serif;\">Representa\u00e7\u00e3o T\u00e9cnico-Administrativa:<\/span><\/strong><\/p>\n<p><span style=\"font-family: georgia, palatino, serif;\">Titular: T\u00e9cnica Adm. J\u00falia Mello dos Santos<br \/>\nSuplente: T\u00e9cnico Adm. Denis Leal Teixeira<\/span><\/p>\n<p class=\"Texto_Justificado_Recuo_Primeira_Linha\"><span style=\"font-family: georgia, palatino, serif;\"><strong>Representa\u00e7\u00e3o Discente:<\/strong><\/span><\/p>\n<p class=\"Texto_Justificado_Recuo_Primeira_Linha\"><span style=\"font-family: georgia, palatino, serif;\">Titular: Acad. Lucas Cechin Paz<\/span><br \/>\n<span style=\"font-family: georgia, palatino, serif;\">Suplente: Acad. Willian Prud\u00eancio Bandeira<\/span><\/p>\n<p>Conforme <a href=\"https:\/\/wp.ufpel.edu.br\/engciv\/files\/2024\/12\/SEI_2876055_Portaria_Interna_57.pdf\">Portaria Interna 57\/2024<\/a>\u00a0CEng &#8211; SEI n\u00ba 23110.020820\/2021-17<\/p>\n<p>&nbsp;<\/p>\n","protected":false},"excerpt":{"rendered":"<p>O\u00a0Colegiado de Curso\u00a0\u00e9 o \u00f3rg\u00e3o de coordena\u00e7\u00e3o did\u00e1tica que tem por finalidade superintender o ensino no\u00a0\u00e2mbito do Curso de Engenharia Civil. \u00c9 dirigido por um Coordenador e dele fazem parte docentes da \u00e1rea\u00a0b\u00e1sica e profissional e representa\u00e7\u00e3o discente.\u00a0Entre suas atribui\u00e7\u00f5es, destacam-se:\u00a0coordenar e supervisionar o curso;\u00a0elaborar e\/ou rever o curr\u00edculo, submetendo-o aos \u00f3rg\u00e3os superiores da UFPel;\u00a0emitir [&hellip;]<\/p>\n","protected":false},"author":373,"featured_media":0,"parent":50,"menu_order":0,"comment_status":"closed","ping_status":"closed","template":"","meta":{"jetpack_post_was_ever_published":false,"footnotes":""},"class_list":["post-25","page","type-page","status-publish","hentry"],"jetpack_sharing_enabled":true,"_links":{"self":[{"href":"https:\/\/wp.ufpel.edu.br\/engciv\/wp-json\/wp\/v2\/pages\/25","targetHints":{"allow":["GET"]}}],"collection":[{"href":"https:\/\/wp.ufpel.edu.br\/engciv\/wp-json\/wp\/v2\/pages"}],"about":[{"href":"https:\/\/wp.ufpel.edu.br\/engciv\/wp-json\/wp\/v2\/types\/page"}],"author":[{"embeddable":true,"href":"https:\/\/wp.ufpel.edu.br\/engciv\/wp-json\/wp\/v2\/users\/373"}],"replies":[{"embeddable":true,"href":"https:\/\/wp.ufpel.edu.br\/engciv\/wp-json\/wp\/v2\/comments?post=25"}],"version-history":[{"count":37,"href":"https:\/\/wp.ufpel.edu.br\/engciv\/wp-json\/wp\/v2\/pages\/25\/revisions"}],"predecessor-version":[{"id":4445,"href":"https:\/\/wp.ufpel.edu.br\/engciv\/wp-json\/wp\/v2\/pages\/25\/revisions\/4445"}],"up":[{"embeddable":true,"href":"https:\/\/wp.ufpel.edu.br\/engciv\/wp-json\/wp\/v2\/pages\/50"}],"wp:attachment":[{"href":"https:\/\/wp.ufpel.edu.br\/engciv\/wp-json\/wp\/v2\/media?parent=25"}],"curies":[{"name":"wp","href":"https:\/\/api.w.org\/{rel}","templated":true}]}}

<p><span style="font-family: georgia, palatino, serif;">O <strong>Colegiado de Curso</strong> é o órgão de coordenação didática que tem por finalidade superintender o ensino no âmbito do Curso de Engenharia Civil. É dirigido por um Coordenador e dele fazem parte docentes da área básica e profissional e representação discente. Entre suas atribuições, destacam-se: coordenar e supervisionar o curso; elaborar e/ou rever o currículo, submetendo-o aos órgãos superiores da UFPel; emitir parecer sobre os processos relativos a aproveitamento de estudos e adaptação curricular; supervisionar a elaboração dos horários; receber reclamações e recursos na área de ensino; apreciar os pedidos de transferência e estudar os casos de equivalência de disciplinas de outras Universidades para efeito de transferência.</span></p>
<p><span style="font-family: georgia, palatino, serif;">Sua composição:</span></p>
<p class="Texto_Justificado_Recuo_Primeira_Linha"><span style="font-family: georgia, palatino, serif;">Prof. Klaus Machado Theisen (Coordenador)</span></p>
<p class="Texto_Justificado_Recuo_Primeira_Linha"><span style="font-family: georgia, palatino, serif;">Prof. Hebert Luís Rossetto (Coordenador Adjunto)</span></p>
<p class="Texto_Justificado_Recuo_Primeira_Linha"><span style="font-family: georgia, palatino, serif;"><strong>Área Específica:</strong></span></p>
<p class="Texto_Justificado_Recuo_Primeira_Linha"><span style="font-family: georgia, palatino, serif;">Titular: Profª. Aline Tabarelli<br />
Suplente: Profª. Adriana Gonçalves da Silva Manetti</span></p>
<p><span style="font-family: georgia, palatino, serif;">Titular: Profª Gabriela Meller</span><br />
<span style="font-family: georgia, palatino, serif;">Suplente: Profª Tamara Leitzke Caldeira Beskow<br />
</span><span style="font-family: georgia, palatino, serif;"><br />
Titular: Profª Ângela Azevedo de Azevedo</span><br />
<span style="font-family: georgia, palatino, serif;">Suplente: Profª Clarissa Castro Calderipe Montelli</span></p>
<p><span style="font-family: georgia, palatino, serif;">Titular: Prof. Guilherme Höehr Trindade</span><br />
<span style="font-family: georgia, palatino, serif;">Suplente: Prof. Eduardo Costa Couto</span></p>
<p class="Texto_Justificado_Recuo_Primeira_Linha"><span style="font-family: georgia, palatino, serif;"><strong>Área Profissionalizante:</strong></span></p>
<p class="Texto_Justificado_Recuo_Primeira_Linha"><span style="font-family: georgia, palatino, serif;">Titular: Profª Ingrid Milena Reyes Martinez Belchior</span><br />
<span style="font-family: georgia, palatino, serif;">Suplente: Prof. Hugo Alexandre Soares Guedes</span></p>
<p class="Texto_Justificado_Recuo_Primeira_Linha"><span style="font-family: georgia, palatino, serif;"><strong>Área Básica:</strong></span></p>
<p class="Texto_Justificado_Recuo_Primeira_Linha"><span style="font-family: georgia, palatino, serif;">Titular: Profª Ângela Petrucci Vasconcelos</span><br />
<span style="font-family: georgia, palatino, serif;">Suplente: Prof. Ádamo de Souza Araújo</p>
<p></span><span style="font-family: georgia, palatino, serif;">Titular: Prof. Jorge Manuel Vieira Borges Lourenço Rodrigues</span><br />
<span style="font-family: georgia, palatino, serif;">Suplente: Prof. Rafael de Ávila Delucis</span></p>
<p><strong><span style="font-family: georgia, palatino, serif;">Representação Técnico-Administrativa:</span></strong></p>
<p><span style="font-family: georgia, palatino, serif;">Titular: Técnica Adm. Júlia Mello dos Santos<br />
Suplente: Técnico Adm. Denis Leal Teixeira</span></p>
<p class="Texto_Justificado_Recuo_Primeira_Linha"><span style="font-family: georgia, palatino, serif;"><strong>Representação Discente:</strong></span></p>
<p class="Texto_Justificado_Recuo_Primeira_Linha"><span style="font-family: georgia, palatino, serif;">Titular: Acad. Lucas Cechin Paz</span><br />
<span style="font-family: georgia, palatino, serif;">Suplente: Acad. Willian Prudêncio Bandeira</span></p>
<p>Conforme <a href="https://wp.ufpel.edu.br/engciv/files/2024/12/SEI_2876055_Portaria_Interna_57.pdf">Portaria Interna 57/2024</a> CEng &#8211; SEI nº 23110.020820/2021-17</p>
<p>&nbsp;</p>

<p>O Colegiado de Curso é o órgão de coordenação didática que tem por finalidade superintender o ensino no âmbito do Curso de Engenharia Civil. É dirigido por um Coordenador e dele fazem parte docentes da área básica e profissional e representação discente. Entre suas atribuições, destacam-se: coordenar e supervisionar o curso; elaborar e/ou rever o currículo, submetendo-o aos órgãos superiores da UFPel; emitir [&hellip;]</p>
