{"id":1533,"date":"2015-04-19T10:22:09","date_gmt":"2015-04-19T13:22:09","guid":{"rendered":"https:\/\/wp.ufpel.edu.br\/engciv\/?page_id=1533"},"modified":"2020-07-22T20:33:22","modified_gmt":"2020-07-22T23:33:22","slug":"laboratorio-de-pavimentacao","status":"publish","type":"page","link":"https:\/\/wp.ufpel.edu.br\/engciv\/laboratorios\/laboratorio-de-pavimentacao\/","title":{"rendered":"Laborat\u00f3rio de Mec\u00e2nica dos Solos e Pavimenta\u00e7\u00e3o"},"content":{"rendered":"<p><strong><u>Laborat\u00f3rio de Mec\u00e2nica dos Solos e Pavimenta\u00e7\u00e3o<\/u><\/strong><\/p>\n<p><strong>1) Unidade:<\/strong><\/p>\n<p>Centro de Engenharias (CENG)<\/p>\n<p><strong>2) Cursos atendidos:<\/strong><\/p>\n<p>Engenharia Agr\u00edcola,\u00a0Engenharia Industrial Madeireira,\u00a0Engenharia Geol\u00f3gica,\u00a0Engenharia Eletr\u00f4nica,\u00a0Engenharia de Produ\u00e7\u00e3o,\u00a0Engenharia de Petr\u00f3leo,\u00a0Engenharia de Controle e Automa\u00e7\u00e3o,\u00a0Engenharia Civil,\u00a0Engenharia Ambiental e Sanit\u00e1ria.<\/p>\n<p><strong>3) Breve hist\u00f3rico:<\/strong><\/p>\n<p>O Laborat\u00f3rio de Mec\u00e2nica dos Solos e Pavimenta\u00e7\u00e3o do Centro de Engenharias da Universidade Federal de Pelotas (LabMSPav-CEng) iniciou suas atividades no ano de 2015, situado na sala 109 do Centro de Engenharias, como Laborat\u00f3rio de Pavimenta\u00e7\u00e3o, uma vez que o Laborat\u00f3rio de Mec\u00e2nica dos Solos, na \u00e9poca coordenado pelo Professor Alfredo D\u2019Avila, situava-se no Campus Cap\u00e3o do Le\u00e3o. As atividades iniciais inclu\u00edram ensaios de caracteriza\u00e7\u00e3o geot\u00e9cnica b\u00e1sicos (granulometria por peneiramento, limites de Atterberg) e ensaios de caracteriza\u00e7\u00e3o de agregados (\u00edndice de forma, equivalente de areia, etc).<\/p>\n<p>A partir de 2016, o LabMSPav-CEng se transfere para a sala 103 do CEng, doada pelo Laborat\u00f3rio de Materiais e T\u00e9cnicas Construtivas \u2013 LabMaT do Centro de Engenharias, ampliando seu espa\u00e7o. Com recursos oriundos do Edital Proequip 2014, o LabMSPav-CEng disp\u00f4s de novos equipamentos para realiza\u00e7\u00e3o de ensaios de compacta\u00e7\u00e3o, expans\u00e3o e determina\u00e7\u00e3o do \u00cdndice de Suporte Calif\u00f3rnia de agregados e solos em geral, possibilitando o in\u00edcio da produ\u00e7\u00e3o acad\u00eamica, a realiza\u00e7\u00e3o de projetos de ensino\/pesquisa e da presta\u00e7\u00e3o de servi\u00e7os por parte do LabMSPav-CEng.<\/p>\n<p>Em 2017, com a transfer\u00eancia do Laborat\u00f3rio de Mec\u00e2nica dos Solos para o Laborat\u00f3rio de Pavimenta\u00e7\u00e3o, estabeleceu-se o atual LabMSPav-CEng. A transfer\u00eancia do Laborat\u00f3rio de Mec\u00e2nica dos Solos permitiu ao LabMSPav-CEng a realiza\u00e7\u00e3o de ensaios relativos \u00e0 metodologia MCT, ampliando a gama de sua presta\u00e7\u00e3o de servi\u00e7os, trabalhos acad\u00eamicos e projetos de ensino\/pesquisa contemplados.<\/p>\n<p>O LabMSPav-CEng realizou presta\u00e7\u00e3o de servi\u00e7os para empresas de diversos munic\u00edpios da regi\u00e3o Sul do Rio Grande do Sul, incluindo Pelotas, S\u00e3o Louren\u00e7o do Sul, Candiota, Hulha Negra, Cap\u00e3o do Le\u00e3o; bem como para fora do estado, em regi\u00f5es onde solos Later\u00edticos s\u00e3o predominantes e, portanto, necessita-se expertise na realiza\u00e7\u00e3o de ensaios MCT para caracteriza\u00e7\u00e3o dos referidos solos. Assim, o LabMSPav-CEng tamb\u00e9m prestou servi\u00e7os para empresas dos estados de Mato Grosso e Mato Grosso do Sul.<\/p>\n<p>Os trabalhos acad\u00eamicos realizados no LabMSPav-CEng abrangem as \u00e1reas listadas abaixo, com publica\u00e7\u00f5es em eventos de inicia\u00e7\u00e3o cientifica, congressos regionais e nacionais:<\/p>\n<p>**Aproveitamento de res\u00edduos de constru\u00e7\u00e3o e demoli\u00e7\u00e3o (RCD) e cinza de casca de arroz (CCA) em pavimenta\u00e7\u00e3o;<\/p>\n<p>**Melhoramento de solos de estradas vicinais da regi\u00e3o Sul do Rio Grande do Sul com uso da metodologia MCT expedita;<\/p>\n<p>**Estudo do potencial erosivo de solos oriundos das obras da BR 116, trecho Gua\u00edba-Pelotas;<\/p>\n<p>**Correla\u00e7\u00e3o entre par\u00e2metros obtidos na caracteriza\u00e7\u00e3o cl\u00e1ssica de solos da regi\u00e3o Sul do Rio Grande do Sul com obtidos na metodologia MCT.<\/p>\n<p>Atualmente, o LabMSPav-CEng est\u00e1 expandindo sua gama de ensaios realizados, investindo recursos em ensaios de caracteriza\u00e7\u00e3o de ligantes asf\u00e1lticos, dosagem de misturas asf\u00e1lticas pelo m\u00e9todo Marshall e ensaio de cisalhamento direto em solos.<\/p>\n<p><strong>4) Localiza\u00e7\u00e3o:<\/strong><\/p>\n<p>Sala 103 do Centro de Engenharias (Rua Benjamin Constant, 989 &#8211; Porto<br \/>\nPelotas &#8211; RS, Brasil &#8211; 96010-020)<\/p>\n<p><strong>5) Coordenadores:<\/strong><\/p>\n<p>Portaria interna: PORTARIA N\u00ba 49, DE 01 DE AGOSTO DE 2019, do Centro de Engenharias.<\/p>\n<p>Titular: Professor Klaus Machado Theisen (Lattes: <a href=\"http:\/\/lattes.cnpq.br\/6424918393288036\">http:\/\/lattes.cnpq.br\/6424918393288036<\/a>)<\/p>\n<p>Adjunto: Professora Ingrid Milena Reyes Martinez Belchior (Lattes: <a href=\"http:\/\/lattes.cnpq.br\/9495047312562427\">http:\/\/lattes.cnpq.br\/9495047312562427<\/a>)<\/p>\n<p><strong>6) Contato:<\/strong><\/p>\n<p>Para detalhes sobre os equipamentos, ensaios realizados, solicita\u00e7\u00e3o de or\u00e7amentos e demais esclarecimentos, contatar o Professor Klaus Machado Theisen.<\/p>\n<p>E-mail: <a href=\"mailto:theisenkm@yahoo.com.br\">theisenkm@yahoo.com.br<\/a><\/p>\n<p>Whatsapp: (51) 99387 0099<\/p>\n<p><strong>7) Ensaios realizados:<\/strong><\/p>\n<p>**<u>An\u00e1lise granulom\u00e9trica por peneiramento<\/u>, segundo normas vigentes do DNIT, DAER e ABNT: o LabMSPav-CEng disp\u00f5e de jogos de peneiras abrangendo a s\u00e9rie normal completa e variadas peneiras da s\u00e9rie intermedi\u00e1ria, possibilitando an\u00e1lise granulom\u00e9trica de pedregulhos at\u00e9 solos predominantemente finos;<\/p>\n<p>**<u>Limites de Atterberg<\/u>, segundo normas vigentes do DNIT, DAER e ABNT: o LabMSPav-CEng possui toda a aparelhagem estabelecida nas normas vigentes para realiza\u00e7\u00e3o dos ensaios de <u>Limite de Liquidez<\/u> e <u>Limite de Plasticidade<\/u> de diversos tipos de materiais;<\/p>\n<p>**<u>Compacta\u00e7\u00e3o<\/u>, segundo normas vigentes do DNIT, DAER e ABNT: o LabMSPav-CEng disp\u00f5e de cilindros pequeno e grande para obten\u00e7\u00e3o da curva de compacta\u00e7\u00e3o de materiais finos e granulares, respetivamente, nas energias Proctor Normal, Intermedi\u00e1ria e Modificada;<\/p>\n<p>**<u>Expans\u00e3o e \u00cdndice de Suporte Calif\u00f3rnia (CBR)<\/u>, segundo normas vigentes do DNIT, DAER e ABNT: o LabMSPav-CEng disp\u00f5e de equipamentos para obten\u00e7\u00e3o da expans\u00e3o de materiais finos e granulares, bem como prensa motorizada com capacidade de 5000 kgf, periodicamente aferida, para ensaios de determina\u00e7\u00e3o do \u00cdndice de Suporte Calif\u00f3rnia dos materiais referidos anteriormente;<\/p>\n<p>**<u>Caracteriza\u00e7\u00e3o de agregados gra\u00fados e mi\u00fados<\/u>, segundo normas vigentes do DNIT, DAER e ABNT: o LabMSPav-CEng disp\u00f5e de equipamentos para realiza\u00e7\u00e3o de ensaios de i) Determina\u00e7\u00e3o da <u>densidade aparente e real<\/u> de agregados, ii) Determina\u00e7\u00e3o da <u>Abras\u00e3o Los Angeles<\/u> de agregados gra\u00fados, iii) Determina\u00e7\u00e3o do <u>\u00cdndice de Forma<\/u> de agregados gra\u00fados, iv) Determina\u00e7\u00e3o do <u>Equivalente de Areia<\/u> de agregados mi\u00fados;<\/p>\n<p>**<u>Ensaio de compacta\u00e7\u00e3o de solos utilizando equipamento miniatura Mini-MCV<\/u>, segundo norma DNER-ME 258\/94: o LabMSPav-CEng disp\u00f5e do equipamento miniatura Mini-MCV para estudo e classifica\u00e7\u00e3o de solos segundo a metodologia MCT de Nogami e Villibor (1981);<\/p>\n<p>**<u>Ensaio de perda de massa por imers\u00e3o<\/u>, segundo norma DNER-ME 256\/94: o LabMSPav-CEng disp\u00f5e de aparato para medida de perda de massa por imers\u00e3o, aplicada no estudo e classifica\u00e7\u00e3o de solos segundo a metodologia MCT de Nogami e Villibor (1981);<\/p>\n<p>**<u>Ensaio de contra\u00e7\u00e3o diametral e satura\u00e7\u00e3o de pastilhas<\/u>: o LabMSPav-CEng disp\u00f5e do aparato para realiza\u00e7\u00e3o dos referidos ensaios, empregados para a classifica\u00e7\u00e3o de solos segundo a metodologia MCT expedita (Nogami e Villibor, 1994) e an\u00e1lise de adequabilidade de materiais para estradas vicinais segundo a metodologia de D\u2019\u00e1vila, Hax e Freitas (2008).<\/p>\n","protected":false},"excerpt":{"rendered":"<p>Laborat\u00f3rio de Mec\u00e2nica dos Solos e Pavimenta\u00e7\u00e3o 1) Unidade: Centro de Engenharias (CENG) 2) Cursos atendidos: Engenharia Agr\u00edcola,\u00a0Engenharia Industrial Madeireira,\u00a0Engenharia Geol\u00f3gica,\u00a0Engenharia Eletr\u00f4nica,\u00a0Engenharia de Produ\u00e7\u00e3o,\u00a0Engenharia de Petr\u00f3leo,\u00a0Engenharia de Controle e Automa\u00e7\u00e3o,\u00a0Engenharia Civil,\u00a0Engenharia Ambiental e Sanit\u00e1ria. 3) Breve hist\u00f3rico: O Laborat\u00f3rio de Mec\u00e2nica dos Solos e Pavimenta\u00e7\u00e3o do Centro de Engenharias da Universidade Federal de Pelotas (LabMSPav-CEng) [&hellip;]<\/p>\n","protected":false},"author":238,"featured_media":0,"parent":836,"menu_order":0,"comment_status":"closed","ping_status":"closed","template":"","meta":{"jetpack_post_was_ever_published":false,"footnotes":""},"class_list":["post-1533","page","type-page","status-publish","hentry"],"jetpack_sharing_enabled":true,"_links":{"self":[{"href":"https:\/\/wp.ufpel.edu.br\/engciv\/wp-json\/wp\/v2\/pages\/1533","targetHints":{"allow":["GET"]}}],"collection":[{"href":"https:\/\/wp.ufpel.edu.br\/engciv\/wp-json\/wp\/v2\/pages"}],"about":[{"href":"https:\/\/wp.ufpel.edu.br\/engciv\/wp-json\/wp\/v2\/types\/page"}],"author":[{"embeddable":true,"href":"https:\/\/wp.ufpel.edu.br\/engciv\/wp-json\/wp\/v2\/users\/238"}],"replies":[{"embeddable":true,"href":"https:\/\/wp.ufpel.edu.br\/engciv\/wp-json\/wp\/v2\/comments?post=1533"}],"version-history":[{"count":3,"href":"https:\/\/wp.ufpel.edu.br\/engciv\/wp-json\/wp\/v2\/pages\/1533\/revisions"}],"predecessor-version":[{"id":3662,"href":"https:\/\/wp.ufpel.edu.br\/engciv\/wp-json\/wp\/v2\/pages\/1533\/revisions\/3662"}],"up":[{"embeddable":true,"href":"https:\/\/wp.ufpel.edu.br\/engciv\/wp-json\/wp\/v2\/pages\/836"}],"wp:attachment":[{"href":"https:\/\/wp.ufpel.edu.br\/engciv\/wp-json\/wp\/v2\/media?parent=1533"}],"curies":[{"name":"wp","href":"https:\/\/api.w.org\/{rel}","templated":true}]}}