{"id":770,"date":"2024-04-28T11:58:40","date_gmt":"2024-04-28T14:58:40","guid":{"rendered":"https:\/\/wp.ufpel.edu.br\/encontrosnochoro\/?page_id=770"},"modified":"2024-05-01T10:44:49","modified_gmt":"2024-05-01T13:44:49","slug":"oficina-modulo-iv","status":"publish","type":"page","link":"https:\/\/wp.ufpel.edu.br\/encontrosnochoro\/oficina-modulo-iv\/","title":{"rendered":"Oficina M\u00f3dulo IV"},"content":{"rendered":"<p>Oficina M\u00f3dulo IV &#8211; 2024<\/p>\n<p><b>Chiquinha Gonzaga<\/b><\/p>\n<p><img loading=\"lazy\" decoding=\"async\" class=\"alignnone size-medium wp-image-772\" src=\"https:\/\/wp.ufpel.edu.br\/encontrosnochoro\/files\/2024\/04\/IMG-1860-\u2013-10-Imagem-de-Chiquinha-Gonzaga--269x400.jpg\" alt=\"\" width=\"269\" height=\"400\" srcset=\"https:\/\/wp.ufpel.edu.br\/encontrosnochoro\/files\/2024\/04\/IMG-1860-\u2013-10-Imagem-de-Chiquinha-Gonzaga--269x400.jpg 269w, https:\/\/wp.ufpel.edu.br\/encontrosnochoro\/files\/2024\/04\/IMG-1860-\u2013-10-Imagem-de-Chiquinha-Gonzaga--688x1024.jpg 688w, https:\/\/wp.ufpel.edu.br\/encontrosnochoro\/files\/2024\/04\/IMG-1860-\u2013-10-Imagem-de-Chiquinha-Gonzaga--768x1143.jpg 768w, https:\/\/wp.ufpel.edu.br\/encontrosnochoro\/files\/2024\/04\/IMG-1860-\u2013-10-Imagem-de-Chiquinha-Gonzaga-.jpg 843w\" sizes=\"auto, (max-width: 269px) 100vw, 269px\" \/><span style=\"font-weight: 400;\">Francisca Edwiges Neves Gonzaga (1847-1935) come\u00e7ou seus estudos musicais em casa, no Rio de Janeiro, com o maestro Lobo, contratado por seu pai. Aos 11 anos, comp\u00f4s sua primeira m\u00fasica, a &#8220;Can\u00e7\u00e3o dos Pastores&#8221;, para a festa de Natal. Aos 13 anos, foi obrigada a se casar com um oficial da marinha mercante, com quem teve tr\u00eas filhos. Aos 18 anos, separou-se do marido e viveu um novo relacionamento, do qual teve mais um filho.<\/span><\/p>\n<p><span style=\"font-weight: 400;\">Sua carreira profissional teve in\u00edcio como professora de piano e pianista no conjunto choro carioca, criado por seu amigo m\u00fasico e compositor Joaquim Callado. O reconhecimento e o sucesso chegaram em 1877, quando estreou com o choro &#8220;Atraente&#8221;, m\u00fasica editada pelo pianista e compositor Artur Napole\u00e3o, com quem aprimorou seus estudos de piano. A partir de 1885, passou a musicar pe\u00e7as teatrais e a compor diversos g\u00eaneros musicais, como tango, lundu, polca, fado, habanera, choro, marcha, maxixe e modinha.<\/span><\/p>\n<p><span style=\"font-weight: 400;\">Um de seus maiores sucessos foi o tango &#8220;Ga\u00facho&#8221; (possivelmente o mais conhecido), lan\u00e7ado em 1897 na pe\u00e7a &#8220;Zizinha Maxixe&#8221;, de Machado Careca. Quatro anos depois, a m\u00fasica recebeu letra do mesmo autor teatral e passou a se chamar &#8220;Corta-Jaca&#8221;, sendo inclu\u00edda na revista &#8220;C\u00e1 e L\u00e1&#8221;. Foi encenada em Portugal e, a pedido de Nair de Tef\u00e9, esposa do presidente Hermes da Fonseca, foi executada em uma audi\u00e7\u00e3o no Pal\u00e1cio do Catete<\/span><\/p>\n<p><span style=\"font-weight: 400;\">A pedido do Cord\u00e3o da Rosa de Ouro, em 1899, comp\u00f4s a primeira marcha carnavalesca, &#8220;\u00d3 Abre Alas&#8221;, m\u00fasica que ainda \u00e9 cantada em todo o Brasil nos dias atuais. <\/span><span style=\"font-weight: 400;\">Chiquinha Gonzaga foi a mulher que abriu caminho para a participa\u00e7\u00e3o profissional feminina na m\u00fasica brasileira. Al\u00e9m disso, participou de campanhas republicanas e abolicionistas, sendo fundadora da Sociedade Brasileira de Autores Teatrais (SBAT) e precursora dos direitos autorais.<\/span><\/p>\n<p>1\u00b0 tema Sonhando (Chiquinha gonzaga) Choro-Habaneira<\/p>\n<p><a href=\"https:\/\/acervo.casadochoro.com.br\/works\/view\/10432\">https:\/\/acervo.casadochoro.com.br\/works\/view\/10432<\/a><\/p>\n<p><iframe loading=\"lazy\" title=\"Band\u00e3o Virtual - Sonhando\" width=\"525\" height=\"295\" src=\"https:\/\/www.youtube.com\/embed\/ll-hUyy8erU?feature=oembed\" frameborder=\"0\" allow=\"accelerometer; autoplay; clipboard-write; encrypted-media; gyroscope; picture-in-picture; web-share\" referrerpolicy=\"strict-origin-when-cross-origin\" allowfullscreen><\/iframe><\/p>\n<p>2\u00b0 tema \u00c1gua de Vint\u00e9m (Chiquinha Gonzaga) Tango Brasileiro<\/p>\n<p><a href=\"https:\/\/acervo.casadochoro.com.br\/works\/view\/10665\">https:\/\/acervo.casadochoro.com.br\/works\/view\/10665<\/a><\/p>\n<p><iframe loading=\"lazy\" title=\"Chiquinha Gonzaga, \u00c1gua do Vint\u00e9m (Band\u00e3o da Escola Port\u00e1til de M\u00fasica)\" width=\"525\" height=\"295\" src=\"https:\/\/www.youtube.com\/embed\/IiC5lt-gjig?feature=oembed\" frameborder=\"0\" allow=\"accelerometer; autoplay; clipboard-write; encrypted-media; gyroscope; picture-in-picture; web-share\" referrerpolicy=\"strict-origin-when-cross-origin\" allowfullscreen><\/iframe><\/p>\n<p><b>Luciana Rabello<\/b><\/p>\n<p><img loading=\"lazy\" decoding=\"async\" class=\"alignnone size-full wp-image-773\" src=\"https:\/\/wp.ufpel.edu.br\/encontrosnochoro\/files\/2024\/04\/download-2.jpg\" alt=\"\" width=\"318\" height=\"318\" srcset=\"https:\/\/wp.ufpel.edu.br\/encontrosnochoro\/files\/2024\/04\/download-2.jpg 318w, https:\/\/wp.ufpel.edu.br\/encontrosnochoro\/files\/2024\/04\/download-2-200x200.jpg 200w, https:\/\/wp.ufpel.edu.br\/encontrosnochoro\/files\/2024\/04\/download-2-100x100.jpg 100w\" sizes=\"auto, (max-width: 318px) 100vw, 318px\" \/><\/p>\n<p>Luciana Maria Rabello Pinheiro, uma musicista cavaquinista, compositora e produtora, nasceu em 24\/01\/1961 em Petr\u00f3polis, RJ. Iniciou sua jornada musical aprendendo viol\u00e3o com seu av\u00f4 materno e posteriormente estudou piano e teoria musical com a professora da escola cl\u00e1ssica, Maria Alice Salles, sendo sua aluna por cinco anos.<\/p>\n<p>Desde 1976 atua como cavaquinista profissional, fazendo parte do grupo Os Carioquinhas. Luciana \u00e9 a fundadora da gravadora Acari Records, da Escola Port\u00e1til de M\u00fasica e do Instituto Casa do Choro. Com mais de 30 anos de carreira, colaborou em discos e shows de renomados artistas da m\u00fasica brasileira, como Jo\u00e3o Nogueira, Paulinho da Viola, Raphael Rabello, Paulo C\u00e9sar Pinheiro, Elizeth Cardoso, Chico Buarque e Radam\u00e9s Gnattali.<\/p>\n<p>Em 2000, lan\u00e7ou seu primeiro CD solo pela Acari Records. Al\u00e9m disso, ministra aulas de cavaquinho, samba Novo e aprecia\u00e7\u00e3o musical na Escola Port\u00e1til de M\u00fasica.<\/p>\n<p>Velhos Chor\u00f5es (Luciana Rabello e Paulo Cesar Pinheiro)<\/p>\n<p><a href=\"https:\/\/drive.google.com\/file\/d\/1vhldRqiIjlVqdNDMp7AHJlxe6mi9XdMk\/view?usp=drive_link\">Melodia voz e instrumentos n\u00e3o transpositores<\/a><\/p>\n<p><a href=\"https:\/\/drive.google.com\/file\/d\/1kKYQ1x8up4Be0tMQb62rkKxtqcNFrzsu\/view?usp=drive_link\">Letra da M\u00fasica<\/a><\/p>\n<p><a href=\"https:\/\/drive.google.com\/file\/d\/1VfBke6D_ncAAGy9IsugKoPBetlTSPA2H\/view?usp=drive_link\">Melodia da m\u00fasica para Instrumentos em Bb<\/a><\/p>\n<p><a href=\"https:\/\/drive.google.com\/file\/d\/1xkrYiHkWHOWHi89gvRraLm3YJkuj4CuR\/view?usp=drive_link\">Melodia da m\u00fasica para Sax Alto e Baritono Eb<\/a><\/p>\n<p><a href=\"https:\/\/drive.google.com\/file\/d\/1cCbf_1mzKRBQL8mIq18SfSOHOCYxsMP7\/view?usp=drive_link\">Melodia da m\u00fasica para trombone<\/a><\/p>\n<p><iframe loading=\"lazy\" title=\"Amelia Rabello | Velhos chor\u00f5es (Luciana Rabello e Paulo C\u00e9sar Pinheiro)\" width=\"525\" height=\"295\" src=\"https:\/\/www.youtube.com\/embed\/0k4iEwZh-28?feature=oembed\" frameborder=\"0\" allow=\"accelerometer; autoplay; clipboard-write; encrypted-media; gyroscope; picture-in-picture; web-share\" referrerpolicy=\"strict-origin-when-cross-origin\" allowfullscreen><\/iframe><\/p>\n<p><strong>Tia Am\u00e9lia<\/strong><\/p>\n<p>Am\u00e9lia Brand\u00e3o Nery nasceu em Pernambuco em 25 de maio de 1897 e faleceu em 18 de outubro de 1983.. Vinda de uma fam\u00edlia de m\u00fasicos &#8211; seu pai era clarinetista, violonista e regente da banda da cidade, enquanto sua m\u00e3e era pianista &#8211; ela come\u00e7ou a tocar piano aos seis anos, focando no repert\u00f3rio cl\u00e1ssico. Aos 12 anos, comp\u00f4s sua primeira m\u00fasica, a valsa &#8220;Gratid\u00e3o&#8221;. Apesar de desejar seguir uma carreira art\u00edstica, seu pai conservador n\u00e3o permitiu, preferindo que ela cantasse na igreja. Casou-se aos 17 anos por imposi\u00e7\u00e3o paterna e foi impedida de seguir seu sonho, dedicando-se ent\u00e3o a pesquisas folcl\u00f3ricas.<\/p>\n<p>Ap\u00f3s ficar vi\u00fava aos 25 anos, com tr\u00eas filhos, decidiu se tornar pianista profissional. Foi contratada pela R\u00e1dio Clube de Pernambuco, onde alcan\u00e7ou sucesso. Em 1929, mudou-se para o Rio de Janeiro e tocou no Teatro L\u00edrico, sendo t\u00e3o bem recebida que ficou conhecida como a &#8220;coqueluche dos cariocas&#8221;. O sucesso a levou a grava\u00e7\u00f5es e apresenta\u00e7\u00f5es em diversas r\u00e1dios. Em 1933, a convite do Itamaraty, realizou uma turn\u00ea pelas Am\u00e9ricas com sua filha.<\/p>\n<p>Retornando ao Brasil em 1939, excursionou pelo pa\u00eds com sua filha, a cantora Silene de Andrade. Ap\u00f3s o casamento da filha, retirou-se do cen\u00e1rio musical e foi viver em Mar\u00edlia, SP, e posteriormente em Goi\u00e2nia, GO. L\u00e1, conheceu a cantora Carm\u00e9lia Alves, que a incentivou a retornar \u00e0 carreira art\u00edstica. Voltou a se apresentar em programas de r\u00e1dio, televis\u00e3o e clubes, tocando suas pr\u00f3prias composi\u00e7\u00f5es e de outros artistas. Seu programa de maior sucesso, &#8220;Velhas Estampas&#8221;, ficou no ar por 14 meses e resultou em um LP na Odeon com o mesmo nome. Seu \u00faltimo trabalho foi o disco &#8220;A Ben\u00e7\u00e3o, Tia Am\u00e9lia&#8221;, lan\u00e7ado pela gravadora Marcus Pereira em 1980.<\/p>\n<p>Bord\u00f5es ao Luar (Tia Am\u00e9lia)<\/p>\n<p><a href=\"https:\/\/acervo.casadochoro.com.br\/works\/view\/3764\">https:\/\/acervo.casadochoro.com.br\/works\/view\/3764<\/a><\/p>\n<p><iframe loading=\"lazy\" title=\"Bord\u00f5es ao Luar (Tia Am\u00e9lia)\" width=\"525\" height=\"295\" src=\"https:\/\/www.youtube.com\/embed\/lPYZqcxQjvg?feature=oembed\" frameborder=\"0\" allow=\"accelerometer; autoplay; clipboard-write; encrypted-media; gyroscope; picture-in-picture; web-share\" referrerpolicy=\"strict-origin-when-cross-origin\" allowfullscreen><\/iframe><\/p>\n<p>Cu\u00edca no Choro (Tia Am\u00e9lia)<\/p>\n<p><iframe loading=\"lazy\" title=\"Tia Am\u00e9lia - Cu\u00edca no choro (Tia Am\u00e9lia, piano; e orquestra)\" width=\"525\" height=\"295\" src=\"https:\/\/www.youtube.com\/embed\/3APyHrMqzWU?feature=oembed\" frameborder=\"0\" allow=\"accelerometer; autoplay; clipboard-write; encrypted-media; gyroscope; picture-in-picture; web-share\" referrerpolicy=\"strict-origin-when-cross-origin\" allowfullscreen><\/iframe><\/p>\n<p><iframe loading=\"lazy\" title=\"Hercules Gomes | Cu\u00edca no choro (Tia Am\u00e9lia) | Instrumental Sesc Brasil\" width=\"525\" height=\"295\" src=\"https:\/\/www.youtube.com\/embed\/i2YBxx9Xoi4?feature=oembed\" frameborder=\"0\" allow=\"accelerometer; autoplay; clipboard-write; encrypted-media; gyroscope; picture-in-picture; web-share\" referrerpolicy=\"strict-origin-when-cross-origin\" allowfullscreen><\/iframe><\/p>\n<p><strong>Carolina Cardoso de Menezes<\/strong><\/p>\n<p>Carolina recebeu suas primeiras aulas de piano de seus pais, Osvaldo Cardoso de Menezes e Dona Sinh\u00e1. Aos 13 anos, passou a estudar com Za\u00edra Braga, aprimorando-se depois com Gabriel de Almeida e Paulino Chaves. Tamb\u00e9m teve a oportunidade de ter aulas com Chiquinha Gonzaga.<\/p>\n<p>Graduou-se no Instituto Nacional de M\u00fasica em teoria musical e solfejo, continuando os estudos em harmonia com seu primo Newton P\u00e1dua.<\/p>\n<p>Alcan\u00e7ou fama atrav\u00e9s do r\u00e1dio, iniciando em 1930 e tocando como pianista em v\u00e1rias emissoras, como as r\u00e1dios Tupi, Educadora e Mayrink Veiga. Nas r\u00e1dios, acompanhava renomados cantores da \u00e9poca ou integrava forma\u00e7\u00f5es instrumentais e orquestras. Lan\u00e7ou diversos discos solo &#8211; o primeiro em 1931, com composi\u00e7\u00f5es de grandes artistas nacionais e suas pr\u00f3prias. Sua \u00faltima grava\u00e7\u00e3o comercial foi em 1999.<\/p>\n<p>Era especialista em choros e sambas, interpretando-os em arranjos considerados ousados e modernos para a \u00e9poca. Misturava v\u00e1rios ritmos, do foxtrot ao rock&#8217;n roll, continuando a se apresentar at\u00e9 o ano de sua morte. Pr\u00f3ximo ao falecimento, expressou decep\u00e7\u00e3o por n\u00e3o ter sido convidada para participar da miniss\u00e9rie Chiquinha Gonzaga, da Rede Globo.<\/p>\n<p>Dois Choros Cantados da Carolina Cardoso de Menezes<\/p>\n<p>Palavra de Honra (Carolina Cardoso de Menezes e Armando Fernandes)<\/p>\n<p><a href=\"https:\/\/discografiabrasileira.com.br\/fonograma\/name:in\/PALAVRA%20DE%20HONRA\">https:\/\/discografiabrasileira.com.br\/fonograma\/name:in\/PALAVRA%20DE%20HONRA<\/a><\/p>\n<p><a href=\"https:\/\/acervo.casadochoro.com.br\/works\/view\/5408\">https:\/\/acervo.casadochoro.com.br\/works\/view\/5408<\/a><\/p>\n<p>Suplicando (Carolina Cardoso de Menezes)<\/p>\n<p><a href=\"https:\/\/discografiabrasileira.com.br\/fonograma\/name:in\/SUPLICANDO\">https:\/\/discografiabrasileira.com.br\/fonograma\/name:in\/SUPLICANDO<\/a><\/p>\n<p><a href=\"https:\/\/acervo.casadochoro.com.br\/works\/view\/5411\">https:\/\/acervo.casadochoro.com.br\/works\/view\/5411<\/a><\/p>\n<p>Choro Cantado<\/p>\n<p>Homenagem a Velha Guarda (Sivuca)<\/p>\n<p><iframe loading=\"lazy\" title=\"Homenagem A Velha Guarda\" width=\"525\" height=\"394\" src=\"https:\/\/www.youtube.com\/embed\/qOe6PNZfq5M?feature=oembed\" frameborder=\"0\" allow=\"accelerometer; autoplay; clipboard-write; encrypted-media; gyroscope; picture-in-picture; web-share\" referrerpolicy=\"strict-origin-when-cross-origin\" allowfullscreen><\/iframe><\/p>\n<p>Doce de Coco (Jacob do Bandolim)<\/p>\n<p><iframe loading=\"lazy\" title=\"Elizeth Cardoso - Doce de C\u00f4co Ao Vivo (&quot;A Divina Elizeth&quot;) [\u00c1udio Oficial]\" width=\"525\" height=\"295\" src=\"https:\/\/www.youtube.com\/embed\/J2nVgdbrbG8?feature=oembed\" frameborder=\"0\" allow=\"accelerometer; autoplay; clipboard-write; encrypted-media; gyroscope; picture-in-picture; web-share\" referrerpolicy=\"strict-origin-when-cross-origin\" allowfullscreen><\/iframe><\/p>\n<p>Em uma breve pesquisa encontramos muitos outros choros cantados.<\/p>\n<p><a href=\"https:\/\/acervo.casadochoro.com.br\/Works\/index\/page:24?title=&amp;date_start=&amp;date_end=&amp;artistic_name=&amp;arranger=&amp;genre=can%C3%A7%C3%A3o\">https:\/\/acervo.casadochoro.com.br\/Works\/index\/page:24?title=&amp;date_start=&amp;date_end=&amp;artistic_name=&amp;arranger=&amp;genre=can%C3%A7%C3%A3o<\/a><\/p>\n<p><a href=\"https:\/\/acervo.casadochoro.com.br\/works\/view\/10007\">https:\/\/acervo.casadochoro.com.br\/works\/view\/10007<\/a><\/p>\n","protected":false},"excerpt":{"rendered":"<p>Oficina M\u00f3dulo IV &#8211; 2024 Chiquinha Gonzaga Francisca Edwiges Neves Gonzaga (1847-1935) come\u00e7ou seus estudos musicais em casa, no Rio de Janeiro, com o maestro Lobo, contratado por seu pai. Aos 11 anos, comp\u00f4s sua primeira m\u00fasica, a &#8220;Can\u00e7\u00e3o dos Pastores&#8221;, para a festa de Natal. Aos 13 anos, foi obrigada a se casar com &hellip; <\/p>\n<p class=\"link-more\"><a href=\"https:\/\/wp.ufpel.edu.br\/encontrosnochoro\/oficina-modulo-iv\/\" class=\"more-link\">Continue lendo<span class=\"screen-reader-text\"> &#8220;Oficina M\u00f3dulo IV&#8221;<\/span><\/a><\/p>\n","protected":false},"author":1287,"featured_media":0,"parent":0,"menu_order":0,"comment_status":"closed","ping_status":"closed","template":"","meta":{"footnotes":""},"class_list":["post-770","page","type-page","status-publish","hentry"],"_links":{"self":[{"href":"https:\/\/wp.ufpel.edu.br\/encontrosnochoro\/wp-json\/wp\/v2\/pages\/770","targetHints":{"allow":["GET"]}}],"collection":[{"href":"https:\/\/wp.ufpel.edu.br\/encontrosnochoro\/wp-json\/wp\/v2\/pages"}],"about":[{"href":"https:\/\/wp.ufpel.edu.br\/encontrosnochoro\/wp-json\/wp\/v2\/types\/page"}],"author":[{"embeddable":true,"href":"https:\/\/wp.ufpel.edu.br\/encontrosnochoro\/wp-json\/wp\/v2\/users\/1287"}],"replies":[{"embeddable":true,"href":"https:\/\/wp.ufpel.edu.br\/encontrosnochoro\/wp-json\/wp\/v2\/comments?post=770"}],"version-history":[{"count":4,"href":"https:\/\/wp.ufpel.edu.br\/encontrosnochoro\/wp-json\/wp\/v2\/pages\/770\/revisions"}],"predecessor-version":[{"id":779,"href":"https:\/\/wp.ufpel.edu.br\/encontrosnochoro\/wp-json\/wp\/v2\/pages\/770\/revisions\/779"}],"wp:attachment":[{"href":"https:\/\/wp.ufpel.edu.br\/encontrosnochoro\/wp-json\/wp\/v2\/media?parent=770"}],"curies":[{"name":"wp","href":"https:\/\/api.w.org\/{rel}","templated":true}]}}