{"id":714,"date":"2024-02-08T10:21:49","date_gmt":"2024-02-08T13:21:49","guid":{"rendered":"https:\/\/wp.ufpel.edu.br\/encontrosnochoro\/?page_id=714"},"modified":"2024-03-06T22:00:35","modified_gmt":"2024-03-07T01:00:35","slug":"modulo-verao","status":"publish","type":"page","link":"https:\/\/wp.ufpel.edu.br\/encontrosnochoro\/modulo-verao\/","title":{"rendered":"M\u00f3dulo Ver\u00e3o"},"content":{"rendered":"<p style=\"text-align: center;\">\n<p style=\"text-align: center;\"><strong>Oficina Encontros no Choro (M\u00f3dulo Ver\u00e3o)<\/strong><\/p>\n<p style=\"text-align: justify;\">As aulas iniciam no dia 19 de mar\u00e7o, e ser\u00e3o 4 encontros no <span style=\"color: #3366ff;\"><a style=\"color: #3366ff;\" href=\"https:\/\/g.co\/kgs\/nidwvSE\">Conservat\u00f3rio de M\u00fasica<\/a><\/span> sempre \u00e0s 17h com orienta\u00e7\u00f5es por instrumento e pr\u00e1tica de band\u00e3o das 18h \u00e0s 19h. Faremos um repert\u00f3rio especifico voltado para os alunos que j\u00e1 participaram do projeto.\u00a0 Teremos duas apresenta\u00e7\u00f5es uma no dia 16 de Mar\u00e7o no Mercado P\u00fablico e outro no conservat\u00f3rio de m\u00fasica no dia 18.<\/p>\n<p style=\"text-align: justify;\">As m\u00fasicas que iremos trabalhar no m\u00f3dulo ver\u00e3o ser\u00e3o de compositores pioneiros do choro com arranjos realizados pelo projeto da escola port\u00e1til de choro do RJ<\/p>\n<p style=\"text-align: justify;\">(OBS) Para os novos alunos as oficinas de introdu\u00e7\u00e3o e vivencia do 4\u00b0 m\u00f3dulo do projeto iniciam no dia 15 de abril.<\/p>\n<p style=\"text-align: justify;\"><strong>1\u00b0 Semana Anacleto de Medeiros com o <span style=\"color: #3366ff;\"><a style=\"color: #3366ff;\" href=\"https:\/\/acervo.casadochoro.com.br\/works\/view\/10637\">Maxixe<\/a>\u00a0<\/span>\u00a8Os bo\u00eamios\u00a8<\/strong><\/p>\n<p><iframe loading=\"lazy\" title=\"Band\u00e3o Virtual - Os bo\u00eamios (Anacleto de Medeiros)\" width=\"525\" height=\"295\" src=\"https:\/\/www.youtube.com\/embed\/yzlZ6V8JHmQ?feature=oembed\" frameborder=\"0\" allow=\"accelerometer; autoplay; clipboard-write; encrypted-media; gyroscope; picture-in-picture; web-share\" referrerpolicy=\"strict-origin-when-cross-origin\" allowfullscreen><\/iframe><\/p>\n<p>&nbsp;<\/p>\n<p><img loading=\"lazy\" decoding=\"async\" class=\"alignnone wp-image-736 size-medium aligncenter\" src=\"https:\/\/wp.ufpel.edu.br\/encontrosnochoro\/files\/2024\/02\/A10F16P05-Anacleto-Lu\u0301cia-Campos-e1708393043944-325x400.jpeg\" alt=\"\" width=\"325\" height=\"400\" srcset=\"https:\/\/wp.ufpel.edu.br\/encontrosnochoro\/files\/2024\/02\/A10F16P05-Anacleto-Lu\u0301cia-Campos-e1708393043944-325x400.jpeg 325w, https:\/\/wp.ufpel.edu.br\/encontrosnochoro\/files\/2024\/02\/A10F16P05-Anacleto-Lu\u0301cia-Campos-e1708393043944.jpeg 357w\" sizes=\"auto, (max-width: 325px) 100vw, 325px\" \/><\/p>\n<p style=\"text-align: center;\"><b>Anacleto Augusto de Medeiros\u00a0<\/b><\/p>\n<p style=\"text-align: justify;\"><span style=\"font-weight: 400;\">M\u00fasico, compositor, regente, clarinetista, flautista, saxofonista, contrabaixista, etc. Nascido em 13 de julho de 1866 no Rio de Janeiro, come\u00e7ou a estudar m\u00fasica aos nove anos de idade na Banda do Arsenal de Guerra do Rio de Janeiro.<\/span><\/p>\n<p style=\"text-align: justify;\"><span style=\"font-weight: 400;\">Foi aprendiz de Arsenal de Guerra do Rio de Janeiro onde estudou m\u00fasica com o maestro, Ant\u00f3nio dos Santos Bocot, em 1884 Anacleto matriculou se no conservat\u00f3rio de\u00a0 m\u00fasica , depois entrou\u00a0 para a Escola Nacional de M\u00fasica, foi aluno do clarinetista Ant\u00f4nio Luiz de Moura, em 1886 obteve o certificado de professor de clarinete.<\/span><\/p>\n<p style=\"text-align: justify;\"><span style=\"font-weight: 400;\">Fundou o Recreio Musical Paquetaense junto com os m\u00fasicos da desaparecida Banda de Paquet\u00e1, come\u00e7ou a compor algumas pe\u00e7as sacras , logo em seguida suas composi\u00e7\u00f5es foram ficando mais populares como, polcas, schottisch, dobrado, marchas, e valsas, com o passar do tempo foi se tornando reconhecido como compositor e suas pe\u00e7as come\u00e7aram a serem executadas nas bandas de todo pa\u00eds.<\/span><\/p>\n<p style=\"text-align: justify;\"><span style=\"font-weight: 400;\">Anacleto foi fundador, diretor e maestro de muitas bandas, tendo contribu\u00eddo de maneira fundamental para a forma\u00e7\u00e3o de m\u00fasicos do Brasil, a tradi\u00e7\u00e3o de bandas se reflete at\u00e9 hoje, por exemplo no desenvolvimento de uma s\u00f3lida escola de sopros.<\/span><\/p>\n<p style=\"text-align: justify;\"><span style=\"font-weight: 400;\">A banda que ficou mais conhecida sob a reg\u00eancia de Anacleto foi a do Corpo de Bombeiros do Rio de Janeiro, que chegou a fazer algumas grava\u00e7\u00f5es dos discos pioneiros produzidos no Brasil, nos primeiros anos do s\u00e9culo XX.<\/span><\/p>\n<p style=\"text-align: justify;\"><strong>2\u00b0 Semana Bonfiglio de Oliveira com o C<span style=\"color: #3366ff;\"><a style=\"color: #3366ff;\" href=\"https:\/\/acervo.casadochoro.com.br\/works\/view\/10005\">horo<\/a><\/span> \u00a8Tudo Dan\u00e7a\u00a8<\/strong><\/p>\n<p><iframe loading=\"lazy\" title=\"TUDO DAN\u00c7A (Bonfiglio de Oliveira) - Band\u00e3o da Escola Port\u00e1til de M\u00fasica\" width=\"525\" height=\"295\" src=\"https:\/\/www.youtube.com\/embed\/CGIv1VZM3Nw?feature=oembed\" frameborder=\"0\" allow=\"accelerometer; autoplay; clipboard-write; encrypted-media; gyroscope; picture-in-picture; web-share\" referrerpolicy=\"strict-origin-when-cross-origin\" allowfullscreen><\/iframe><\/p>\n<p><img loading=\"lazy\" decoding=\"async\" class=\"wp-image-737 aligncenter\" src=\"https:\/\/wp.ufpel.edu.br\/encontrosnochoro\/files\/2024\/02\/IMG1890-\u2013-10b-Imagens-de-Bonfilgio--212x400.jpg\" alt=\"\" width=\"358\" height=\"675\" srcset=\"https:\/\/wp.ufpel.edu.br\/encontrosnochoro\/files\/2024\/02\/IMG1890-\u2013-10b-Imagens-de-Bonfilgio--212x400.jpg 212w, https:\/\/wp.ufpel.edu.br\/encontrosnochoro\/files\/2024\/02\/IMG1890-\u2013-10b-Imagens-de-Bonfilgio-.jpg 318w\" sizes=\"auto, (max-width: 358px) 100vw, 358px\" \/><\/p>\n<p style=\"text-align: center;\"><b>Bonfiglio de Oliveira \u00a0 <\/b><span style=\"font-weight: 400;\">\u00a0<\/span><\/p>\n<p style=\"text-align: justify;\"><span style=\"font-weight: 400;\">M\u00fasico, contrabaixista e trompetista, nascido em 17 de setembro de 1894, come\u00e7ou a estudar m\u00fasica com o pai m\u00fasico contrabaixista da Banda Mafra de Guaratinguet\u00e1, seu primeiro instrumento \u00e9 o bumbo , que aprende a tocar ainda crian\u00e7a. Tem aulas de trompete com o maestro local e, por volta de 1906, come\u00e7a a tocar na banda da qual seu pai \u00e9 contrabaixista. Tamb\u00e9m integra a banda do col\u00e9gio em que estuda. Recebe as primeiras li\u00e7\u00f5es de composi\u00e7\u00e3o e reg\u00eancia e logo assume a dire\u00e7\u00e3o do conjunto colegial. Em homenagem ao diretor da escola, escreveu sua primeira composi\u00e7\u00e3o, o dobrado\u00a0 <\/span><i><span style=\"font-weight: 400;\">Padre Frederico Gioia<\/span><\/i><span style=\"font-weight: 400;\">.<\/span><\/p>\n<p style=\"text-align: justify;\"><span style=\"font-weight: 400;\">Concluiu os estudos na cidade de Piquete, S\u00e3o Paulo, come\u00e7ou a organizar bandas de col\u00e9gios que se apresentavam nas cidades do Vale do Para\u00edba. Por volta de 1912 foi convidado pelo maestro Lafaiete Silva para atuar como trompetista da orquestra do cinema ouvidor. Mudou-se para o Rio de Janeiro, come\u00e7ou a frequentar as rodas de choro da cidade, foi morar na casa do Pixinguinha, a famosa pens\u00e3o Viana,conhecida por hospedar m\u00fasicos e amigos.<\/span><\/p>\n<p style=\"text-align: justify;\"><span style=\"font-weight: 400;\">Atuou como trompetista e contrabaixista em diversas orquestras de cinemas e teatros, junto com o Pixinguinha realizou v\u00e1rias grava\u00e7\u00f5es no in\u00edcio da d\u00e9cada de 1910 para a casa de Faulhaber como solista e integrante do conjunto choro carioca. Teve participa\u00e7\u00e3o ativa nos carnavais cariocas integrante do grupo o caxang\u00e1 em 1917, compondo marchas-ranchos, em 1919 atuou como diretor de harmonia do rancho Ameno Resed\u00e1.<\/span><\/p>\n<p style=\"text-align: justify;\"><span style=\"font-weight: 400;\">Na d\u00e9cada de 1930 fez parte da Guarda Velha e da orquestra Diabos do C\u00e9u, foi nesse per\u00edodo \u00a0 que a maior parte das suas composi\u00e7\u00f5es, choros, maxixes, valsas e samba foram gravadas. Deixa mais de 50 composi\u00e7\u00f5es, algumas gravadas por conhecidos cantores e instrumentistas.\u00a0<\/span><\/p>\n<p style=\"text-align: justify;\"><strong>3\u00b0 Semana Pixinguinha com o <span style=\"color: #3366ff;\"><a style=\"color: #3366ff;\" href=\"https:\/\/acervo.casadochoro.com.br\/works\/view\/10430\">Batuque<\/a> <\/span>\u00a8Benguel\u00ea\u00a8<\/strong><\/p>\n<p><iframe loading=\"lazy\" title=\"Band\u00e3o Virtual - Benguel\u00ea\" width=\"525\" height=\"295\" src=\"https:\/\/www.youtube.com\/embed\/479CFPVrBaI?feature=oembed\" frameborder=\"0\" allow=\"accelerometer; autoplay; clipboard-write; encrypted-media; gyroscope; picture-in-picture; web-share\" referrerpolicy=\"strict-origin-when-cross-origin\" allowfullscreen><\/iframe><\/p>\n<p>&nbsp;<\/p>\n<p><img loading=\"lazy\" decoding=\"async\" class=\"size-medium wp-image-738 aligncenter\" src=\"https:\/\/wp.ufpel.edu.br\/encontrosnochoro\/files\/2024\/02\/Pixinguinha-regendo-310x400.jpeg\" alt=\"\" width=\"310\" height=\"400\" srcset=\"https:\/\/wp.ufpel.edu.br\/encontrosnochoro\/files\/2024\/02\/Pixinguinha-regendo-310x400.jpeg 310w, https:\/\/wp.ufpel.edu.br\/encontrosnochoro\/files\/2024\/02\/Pixinguinha-regendo-793x1024.jpeg 793w, https:\/\/wp.ufpel.edu.br\/encontrosnochoro\/files\/2024\/02\/Pixinguinha-regendo-768x992.jpeg 768w, https:\/\/wp.ufpel.edu.br\/encontrosnochoro\/files\/2024\/02\/Pixinguinha-regendo.jpeg 991w\" sizes=\"auto, (max-width: 310px) 100vw, 310px\" \/><\/p>\n<p style=\"text-align: center;\"><span style=\"font-weight: 400;\"><strong>Alfredo da Rosa Viana Filho<\/strong> &#8211; <\/span><b>Pixinguinha<\/b><\/p>\n<p style=\"text-align: justify;\"><span style=\"font-weight: 400;\">Pixinguinha, nascido em 4 de maio de 1897, registrado como Alfredo da Rosa Viana Filho, foi um renomado m\u00fasico, compositor, instrumentista, orquestrador e regente, que teve sua inicia\u00e7\u00e3o musical atrav\u00e9s de seus irm\u00e3os e de encontros musicais em sua casa. Seu apelido surgiu na inf\u00e2ncia devido a uma var\u00edola contra\u00edda. Pixinguinha aprendeu a tocar cavaquinho com seu pai e estudou m\u00fasica com C\u00e9sar Borges Leit\u00e3o e Irineu de Almeida, participando do Choro Carioca e gravando m\u00fasicas aos 14 anos.<\/span><\/p>\n<p style=\"text-align: justify;\"><span style=\"font-weight: 400;\">Pixinguinha foi diretor de harmonia do rancho Paladinos japoneses, teve seu primeiro emprego profissional na casa de chopp La Concha, e se destacou como m\u00fasico substituto em orquestra de teatro. Fundou o grupo Caxang\u00e1 em 1914, estreou como autor na gravadora Odeon em 1916 e formou os Oito Batutas em 1919, com repert\u00f3rio diversificado.<\/span><\/p>\n<p style=\"text-align: justify;\"><span style=\"font-weight: 400;\">Os Oito Batutas fizeram sucesso, tocando em festas e no Caf\u00e9 Assirio, foram financiados para uma viagem a Paris por Arnaldo Guinle. Ap\u00f3s turn\u00ea pelo Brasil, tocaram em Paris e Buenos Aires, gravando discos para Victor Argentina. O grupo se desfez e alguns membros formaram novas bandas com influ\u00eancias de jazz.<\/span><\/p>\n<p style=\"text-align: justify;\"><span style=\"font-weight: 400;\">A Partir do final do final da d\u00e9cada de 1920 e in\u00edcio da d\u00e9cada de 1930, Pixinguinha passou a trabalhar principalmente como regente e arranjador, atuou como regente da orquestra do Cine Rialto que acompanhava a revista Tudo Preto, apresentada pela Companhia Negra\u00a0 de\u00a0 Revista, foi assim que conheceu a sua futura esposa Albertina,ela era estrela da companhia, cujo o nome art\u00edstico era Jandira Aimor\u00e9.<\/span><\/p>\n<p style=\"text-align: justify;\"><span style=\"font-weight: 400;\">Em 1928, Pixinguinha formou a Orquestra T\u00edpica com Donga, gravando sambas e maxixes. Na d\u00e9cada de 1930, trabalhou com a Victor e lan\u00e7ou composi\u00e7\u00f5es como Carinhoso. Em 1946, trocou a flauta pelo saxofone e fez duetos com Benedito Lacerda. Participou de programas de r\u00e1dio nos anos 40 e 50, destacando a m\u00fasica brasileira. Nos anos 60, fez trilhas sonoras e parcerias com Vin\u00edcius de Moraes e Herm\u00ednio Bello de Carvalho, sendo um \u00edcone da m\u00fasica brasileira.<\/span><\/p>\n<p>4\u00b0 Semana Oct\u00e1vio Dutra com o <span style=\"color: #3366ff;\"><a style=\"color: #3366ff;\" href=\"https:\/\/acervo.casadochoro.com.br\/files\/uploads\/scores\/score_10664.pdf\">Choro<\/a><\/span> \u00a8Em um bonde\u00a8<\/p>\n<p><iframe loading=\"lazy\" title=\"Em Um Bonde\" width=\"525\" height=\"394\" src=\"https:\/\/www.youtube.com\/embed\/bpbkyTsPvQo?feature=oembed\" frameborder=\"0\" allow=\"accelerometer; autoplay; clipboard-write; encrypted-media; gyroscope; picture-in-picture; web-share\" referrerpolicy=\"strict-origin-when-cross-origin\" allowfullscreen><\/iframe><\/p>\n<audio class=\"wp-audio-shortcode\" id=\"audio-714-1\" preload=\"none\" style=\"width: 100%;\" controls=\"controls\"><source type=\"audio\/mpeg\" src=\"https:\/\/wp.ufpel.edu.br\/encontrosnochoro\/files\/2024\/03\/Arranjo-Bonde-novo-1.mp3?_=1\" \/><a href=\"https:\/\/wp.ufpel.edu.br\/encontrosnochoro\/files\/2024\/03\/Arranjo-Bonde-novo-1.mp3\">https:\/\/wp.ufpel.edu.br\/encontrosnochoro\/files\/2024\/03\/Arranjo-Bonde-novo-1.mp3<\/a><\/audio>\n<p>&nbsp;<\/p>\n<p><a href=\"https:\/\/wp.ufpel.edu.br\/encontrosnochoro\/files\/2024\/03\/Arranjo-Bonde-novo-Guitarra_de_7_cordas-1.pdf\">Arranjo Bonde \/ Guitarra de 7 cordas<\/a><\/p>\n<p><a href=\"https:\/\/wp.ufpel.edu.br\/encontrosnochoro\/files\/2024\/03\/Arranjo-Bonde-novo-Guitarra_de_7_cordas.pdf\">Arranjo Bonde \/ Viol\u00e3o 7 cordas<\/a><\/p>\n<p><a href=\"https:\/\/wp.ufpel.edu.br\/encontrosnochoro\/files\/2024\/03\/Arranjo-Bonde-novo-Bateria-1.pdf\">Arranjo Bonde \/ Bateria<\/a><\/p>\n<p><a href=\"https:\/\/wp.ufpel.edu.br\/encontrosnochoro\/files\/2024\/03\/Arranjo-Bonde-novo-Clarinete_Baixo.pdf\">Arranjo Bonde\u00a0 \/ Clarinete Baixo<\/a><\/p>\n<p><a href=\"https:\/\/wp.ufpel.edu.br\/encontrosnochoro\/files\/2024\/03\/Arranjo-Bonde-novo-Trombone.pdf\">Arranjo Bonde \/ Trombone<\/a><\/p>\n<p><a href=\"https:\/\/wp.ufpel.edu.br\/encontrosnochoro\/files\/2024\/03\/Arranjo-Bonde-novo-Saxofone_Tenor.pdf\">Arranjo Bonde \/ Saxofone Tenor<\/a><\/p>\n<p><a href=\"https:\/\/wp.ufpel.edu.br\/encontrosnochoro\/files\/2024\/03\/Arranjo-Bonde-novo-Saxofone_Alto.pdf\">Arranjo Bonde \/ Saxofone Alto<\/a><\/p>\n<p><a href=\"https:\/\/wp.ufpel.edu.br\/encontrosnochoro\/files\/2024\/03\/Arranjo-Bonde-novo-Clarinete_em_Sib.pdf\">Arranjo Bonde \/ Clarinete em Sib<\/a><\/p>\n<p><a href=\"https:\/\/wp.ufpel.edu.br\/encontrosnochoro\/files\/2024\/03\/Arranjo-Bonde-novo-Saxofone_Soprano.pdf\">Arranjo Bonde \/ Saxofone Soprano<\/a><\/p>\n<p><a href=\"https:\/\/wp.ufpel.edu.br\/encontrosnochoro\/files\/2024\/03\/Arranjo-Bonde-novo-Flauta_Transversal.pdf\">Arranjo Bonde \/ Flauta Transversal<\/a><\/p>\n<p><a href=\"https:\/\/wp.ufpel.edu.br\/encontrosnochoro\/files\/2024\/03\/Arranjo-Bonde-novo-Bandolim.pdf\">Arranjo Bonde \/ Bandolim<\/a><\/p>\n<p><a href=\"https:\/\/wp.ufpel.edu.br\/encontrosnochoro\/files\/2024\/03\/Arranjo-Bonde-novo-Cavaquinho.pdf\">Arranjo Bonde \/ Cavaquinho<\/a><\/p>\n<p><img loading=\"lazy\" decoding=\"async\" class=\"size-medium wp-image-739 aligncenter\" src=\"https:\/\/wp.ufpel.edu.br\/encontrosnochoro\/files\/2024\/02\/octavio_dutra_face_reduz-267x400.jpg\" alt=\"\" width=\"267\" height=\"400\" srcset=\"https:\/\/wp.ufpel.edu.br\/encontrosnochoro\/files\/2024\/02\/octavio_dutra_face_reduz-267x400.jpg 267w, https:\/\/wp.ufpel.edu.br\/encontrosnochoro\/files\/2024\/02\/octavio_dutra_face_reduz.jpg 365w\" sizes=\"auto, (max-width: 267px) 100vw, 267px\" \/><\/p>\n<p style=\"text-align: center;\"><b>Octavio Dutra<\/b><\/p>\n<p style=\"text-align: justify;\">Octavio Dutra nasceu em 3 de dezembro de 1884 em Porto Alegre, Rio Grande do Sul. Al\u00e9m de m\u00fasico, compositor, regente, arranjador, violonista e bandolinista, iniciou sua carreira musical como violonista e bandolinista em serenatas e saraus urbanos, compondo suas primeiras polcas e valsas em 1900. Mais tarde, estudou m\u00fasica te\u00f3rica no Conservat\u00f3rio do Instituto de Belas Artes (1909-11) e dedicou-se exclusivamente \u00e0 m\u00fasica por mais de 30 anos em v\u00e1rios espa\u00e7os culturais e sociais da cidade. Durante esse per\u00edodo, sustentou-se financeiramente ministrando cursos de viol\u00e3o e bandolim, regendo, fazendo arranjos e compondo, al\u00e9m de participar de conjuntos instrumentais, blocos de carnaval, orquestras de r\u00e1dio e grava\u00e7\u00f5es publicit\u00e1rias.<\/p>\n<p style=\"text-align: justify;\">Aos 16 anos, em 1900, comp\u00f4s sua primeira pe\u00e7a musical, a valsa n\u00ba1, que foi seguida pela Polka n\u00ba1 no ano seguinte, e pelas valsas n\u00ba2 e n\u00ba3. Dutra registrou v\u00e1rias grava\u00e7\u00f5es de suas pr\u00f3prias m\u00fasicas, tornando-se um dos compositores de choro mais gravados na primeira fase da fonografia brasileira. Atuando por mais de tr\u00eas d\u00e9cadas na cena musical de Porto Alegre, suas composi\u00e7\u00f5es logo ultrapassaram as fronteiras do estado, alcan\u00e7ando sucesso e resultando em diversas grava\u00e7\u00f5es para as principais gravadoras do pa\u00eds.<\/p>\n<p style=\"text-align: center;\"><b>(Pesquisa dos dados biogr\u00e1ficos Neverton Fernandes)<\/b><\/p>\n<p>&nbsp;<\/p>\n","protected":false},"excerpt":{"rendered":"<p>Oficina Encontros no Choro (M\u00f3dulo Ver\u00e3o) As aulas iniciam no dia 19 de mar\u00e7o, e ser\u00e3o 4 encontros no Conservat\u00f3rio de M\u00fasica sempre \u00e0s 17h com orienta\u00e7\u00f5es por instrumento e pr\u00e1tica de band\u00e3o das 18h \u00e0s 19h. Faremos um repert\u00f3rio especifico voltado para os alunos que j\u00e1 participaram do projeto.\u00a0 Teremos duas apresenta\u00e7\u00f5es uma no &hellip; <\/p>\n<p class=\"link-more\"><a href=\"https:\/\/wp.ufpel.edu.br\/encontrosnochoro\/modulo-verao\/\" class=\"more-link\">Continue lendo<span class=\"screen-reader-text\"> &#8220;M\u00f3dulo Ver\u00e3o&#8221;<\/span><\/a><\/p>\n","protected":false},"author":1287,"featured_media":0,"parent":0,"menu_order":0,"comment_status":"closed","ping_status":"closed","template":"","meta":{"footnotes":""},"class_list":["post-714","page","type-page","status-publish","hentry"],"_links":{"self":[{"href":"https:\/\/wp.ufpel.edu.br\/encontrosnochoro\/wp-json\/wp\/v2\/pages\/714","targetHints":{"allow":["GET"]}}],"collection":[{"href":"https:\/\/wp.ufpel.edu.br\/encontrosnochoro\/wp-json\/wp\/v2\/pages"}],"about":[{"href":"https:\/\/wp.ufpel.edu.br\/encontrosnochoro\/wp-json\/wp\/v2\/types\/page"}],"author":[{"embeddable":true,"href":"https:\/\/wp.ufpel.edu.br\/encontrosnochoro\/wp-json\/wp\/v2\/users\/1287"}],"replies":[{"embeddable":true,"href":"https:\/\/wp.ufpel.edu.br\/encontrosnochoro\/wp-json\/wp\/v2\/comments?post=714"}],"version-history":[{"count":16,"href":"https:\/\/wp.ufpel.edu.br\/encontrosnochoro\/wp-json\/wp\/v2\/pages\/714\/revisions"}],"predecessor-version":[{"id":763,"href":"https:\/\/wp.ufpel.edu.br\/encontrosnochoro\/wp-json\/wp\/v2\/pages\/714\/revisions\/763"}],"wp:attachment":[{"href":"https:\/\/wp.ufpel.edu.br\/encontrosnochoro\/wp-json\/wp\/v2\/media?parent=714"}],"curies":[{"name":"wp","href":"https:\/\/api.w.org\/{rel}","templated":true}]}}