{"id":32,"date":"2023-03-20T09:20:46","date_gmt":"2023-03-20T12:20:46","guid":{"rendered":"https:\/\/wp.ufpel.edu.br\/encontrosnochoro\/?page_id=32"},"modified":"2025-04-11T17:30:07","modified_gmt":"2025-04-11T20:30:07","slug":"publicacoes","status":"publish","type":"page","link":"https:\/\/wp.ufpel.edu.br\/encontrosnochoro\/publicacoes\/","title":{"rendered":"Encontros no Choro"},"content":{"rendered":"<p style=\"text-align: justify;\"><span style=\"font-weight: 400;\">O Projeto Unificado Encontros no Choro: Introdu\u00e7\u00e3o e Viv\u00eancia oferece atividades pr\u00e1ticas, abertas e gratuitas que contemplam os instrumentistas de sopro, cordas, percuss\u00e3o, cavaquinho e viol\u00f5es, membros da comunidade da UFPEL e da cidade. Os encontros acontecem \u00e0s segundas-feiras das 17h \u00e0s 21h, no Centro de Artes da UFPEL (Rua \u00c1lvaro Chaves, 65). Nesse per\u00edodo realizamos aulas pr\u00e1ticas com os instrumentistas em turmas separadas seguidas de uma pr\u00e1tica de Band\u00e3o que consiste em uma orquestra de choro, envolvendo todos participantes e um repert\u00f3rio comum. Ap\u00f3s o Band\u00e3o, realizamos a subdivis\u00e3o de alunos em pequenos grupos tamb\u00e9m conhecidos como regionais para realizar uma pr\u00e1tica de conjunto que consegue explorar mais do repert\u00f3rio do Choro e ao mesmo tempo ter um acompanhamento mais direcionado, com professores experientes e atentos. Al\u00e9m das pr\u00e1ticas por instrumento, o projeto oferece\u00a0 aulas de harmonia no choro ministradas nas ter\u00e7as feiras das 18 \u00e0s 19, tamb\u00e9m no Centro de Artes da UFPel, e promove em parceria com o Clube do Choro de Pelotas uma roda de Choro a cada 3\u00b0 s\u00e1bado de cada m\u00eas no Mercado Municipal, al\u00e9m de outras apresenta\u00e7\u00f5es em eventos da cidade.<\/span><\/p>\n<p>Para a inscri\u00e7\u00e3o no projeto o interessado deve acessar o link a seguir para ter acesso ao formul\u00e1rio de inscri\u00e7\u00e3o:\u00a0 <a href=\"https:\/\/forms.gle\/cRv9WZPUEhYUjkSJ7\">https:\/\/forms.gle\/cRv9WZPUEhYUjkSJ7<\/a><\/p>\n<p><img loading=\"lazy\" decoding=\"async\" class=\" wp-image-794 aligncenter\" src=\"https:\/\/wp.ufpel.edu.br\/encontrosnochoro\/files\/2025\/04\/cropped-368990872_792109002920607_9123176299302660193_n-3-400x240.jpg\" alt=\"\" width=\"625\" height=\"375\" srcset=\"https:\/\/wp.ufpel.edu.br\/encontrosnochoro\/files\/2025\/04\/cropped-368990872_792109002920607_9123176299302660193_n-3-400x240.jpg 400w, https:\/\/wp.ufpel.edu.br\/encontrosnochoro\/files\/2025\/04\/cropped-368990872_792109002920607_9123176299302660193_n-3-1024x614.jpg 1024w, https:\/\/wp.ufpel.edu.br\/encontrosnochoro\/files\/2025\/04\/cropped-368990872_792109002920607_9123176299302660193_n-3-768x461.jpg 768w, https:\/\/wp.ufpel.edu.br\/encontrosnochoro\/files\/2025\/04\/cropped-368990872_792109002920607_9123176299302660193_n-3-1536x922.jpg 1536w, https:\/\/wp.ufpel.edu.br\/encontrosnochoro\/files\/2025\/04\/cropped-368990872_792109002920607_9123176299302660193_n-3.jpg 2000w\" sizes=\"auto, (max-width: 625px) 100vw, 625px\" \/><\/p>\n","protected":false},"excerpt":{"rendered":"<p>O Projeto Unificado Encontros no Choro: Introdu\u00e7\u00e3o e Viv\u00eancia oferece atividades pr\u00e1ticas, abertas e gratuitas que contemplam os instrumentistas de sopro, cordas, percuss\u00e3o, cavaquinho e viol\u00f5es, membros da comunidade da UFPEL e da cidade. Os encontros acontecem \u00e0s segundas-feiras das 17h \u00e0s 21h, no Centro de Artes da UFPEL (Rua \u00c1lvaro Chaves, 65). Nesse per\u00edodo &hellip; <\/p>\n<p class=\"link-more\"><a href=\"https:\/\/wp.ufpel.edu.br\/encontrosnochoro\/publicacoes\/\" class=\"more-link\">Continue lendo<span class=\"screen-reader-text\"> &#8220;Encontros no Choro&#8221;<\/span><\/a><\/p>\n","protected":false},"author":1287,"featured_media":264,"parent":0,"menu_order":0,"comment_status":"closed","ping_status":"closed","template":"","meta":{"footnotes":""},"class_list":["post-32","page","type-page","status-publish","has-post-thumbnail","hentry"],"_links":{"self":[{"href":"https:\/\/wp.ufpel.edu.br\/encontrosnochoro\/wp-json\/wp\/v2\/pages\/32","targetHints":{"allow":["GET"]}}],"collection":[{"href":"https:\/\/wp.ufpel.edu.br\/encontrosnochoro\/wp-json\/wp\/v2\/pages"}],"about":[{"href":"https:\/\/wp.ufpel.edu.br\/encontrosnochoro\/wp-json\/wp\/v2\/types\/page"}],"author":[{"embeddable":true,"href":"https:\/\/wp.ufpel.edu.br\/encontrosnochoro\/wp-json\/wp\/v2\/users\/1287"}],"replies":[{"embeddable":true,"href":"https:\/\/wp.ufpel.edu.br\/encontrosnochoro\/wp-json\/wp\/v2\/comments?post=32"}],"version-history":[{"count":22,"href":"https:\/\/wp.ufpel.edu.br\/encontrosnochoro\/wp-json\/wp\/v2\/pages\/32\/revisions"}],"predecessor-version":[{"id":812,"href":"https:\/\/wp.ufpel.edu.br\/encontrosnochoro\/wp-json\/wp\/v2\/pages\/32\/revisions\/812"}],"wp:featuredmedia":[{"embeddable":true,"href":"https:\/\/wp.ufpel.edu.br\/encontrosnochoro\/wp-json\/wp\/v2\/media\/264"}],"wp:attachment":[{"href":"https:\/\/wp.ufpel.edu.br\/encontrosnochoro\/wp-json\/wp\/v2\/media?parent=32"}],"curies":[{"name":"wp","href":"https:\/\/api.w.org\/{rel}","templated":true}]}}