{"id":29,"date":"2023-03-20T09:20:46","date_gmt":"2023-03-20T12:20:46","guid":{"rendered":"https:\/\/wp.ufpel.edu.br\/encontrosnochoro\/?page_id=29"},"modified":"2023-05-07T19:59:12","modified_gmt":"2023-05-07T22:59:12","slug":"acervo-do-choro-de-pelotas","status":"publish","type":"page","link":"https:\/\/wp.ufpel.edu.br\/encontrosnochoro\/acervo-do-choro-de-pelotas\/","title":{"rendered":"Acervo do Choro de Pelotas"},"content":{"rendered":"<p style=\"text-align: justify;\"><span style=\"font-weight: 400;\">Vinculado ao projeto de pesquisa \u201cAvendano J\u00fanior a tradi\u00e7\u00e3o do choro em Pelotas\u201d (PRPPGI\/UFPel), o Acervo \u00e9 um reposit\u00f3rio digital de mem\u00f3ria ligado ao choro e as pr\u00e1ticas musicais relacionadas ao cavaquinista e compositor acima mencionado e mais um grupo de diversos m\u00fasicos e demais pessoas envolvidas na cena cultural da cidade, que ao longo de quase 40 anos atuaram sempre nos mais diferentes espa\u00e7os da cidade de Pelotas e regi\u00e3o, consolidando sua hist\u00f3ria, uma vasta obra e a tradi\u00e7\u00e3o do Choro em Pelotas.<\/span><\/p>\n<p><img loading=\"lazy\" decoding=\"async\" class=\"alignnone wp-image-161 size-full\" src=\"https:\/\/wp.ufpel.edu.br\/encontrosnochoro\/files\/2023\/04\/ACERVO-DO-CHORO-DE-PELOTAS.jpg\" alt=\"\" width=\"835\" height=\"628\" srcset=\"https:\/\/wp.ufpel.edu.br\/encontrosnochoro\/files\/2023\/04\/ACERVO-DO-CHORO-DE-PELOTAS.jpg 835w, https:\/\/wp.ufpel.edu.br\/encontrosnochoro\/files\/2023\/04\/ACERVO-DO-CHORO-DE-PELOTAS-400x301.jpg 400w, https:\/\/wp.ufpel.edu.br\/encontrosnochoro\/files\/2023\/04\/ACERVO-DO-CHORO-DE-PELOTAS-768x578.jpg 768w\" sizes=\"auto, (max-width: 706px) 89vw, (max-width: 767px) 82vw, 740px\" \/><\/p>\n","protected":false},"excerpt":{"rendered":"<p>Vinculado ao projeto de pesquisa \u201cAvendano J\u00fanior a tradi\u00e7\u00e3o do choro em Pelotas\u201d (PRPPGI\/UFPel), o Acervo \u00e9 um reposit\u00f3rio digital de mem\u00f3ria ligado ao choro e as pr\u00e1ticas musicais relacionadas ao cavaquinista e compositor acima mencionado e mais um grupo de diversos m\u00fasicos e demais pessoas envolvidas na cena cultural da cidade, que ao longo &hellip; <\/p>\n<p class=\"link-more\"><a href=\"https:\/\/wp.ufpel.edu.br\/encontrosnochoro\/acervo-do-choro-de-pelotas\/\" class=\"more-link\">Continue lendo<span class=\"screen-reader-text\"> &#8220;Acervo do Choro de Pelotas&#8221;<\/span><\/a><\/p>\n","protected":false},"author":1287,"featured_media":0,"parent":0,"menu_order":0,"comment_status":"closed","ping_status":"closed","template":"","meta":{"footnotes":""},"class_list":["post-29","page","type-page","status-publish","hentry"],"_links":{"self":[{"href":"https:\/\/wp.ufpel.edu.br\/encontrosnochoro\/wp-json\/wp\/v2\/pages\/29","targetHints":{"allow":["GET"]}}],"collection":[{"href":"https:\/\/wp.ufpel.edu.br\/encontrosnochoro\/wp-json\/wp\/v2\/pages"}],"about":[{"href":"https:\/\/wp.ufpel.edu.br\/encontrosnochoro\/wp-json\/wp\/v2\/types\/page"}],"author":[{"embeddable":true,"href":"https:\/\/wp.ufpel.edu.br\/encontrosnochoro\/wp-json\/wp\/v2\/users\/1287"}],"replies":[{"embeddable":true,"href":"https:\/\/wp.ufpel.edu.br\/encontrosnochoro\/wp-json\/wp\/v2\/comments?post=29"}],"version-history":[{"count":12,"href":"https:\/\/wp.ufpel.edu.br\/encontrosnochoro\/wp-json\/wp\/v2\/pages\/29\/revisions"}],"predecessor-version":[{"id":286,"href":"https:\/\/wp.ufpel.edu.br\/encontrosnochoro\/wp-json\/wp\/v2\/pages\/29\/revisions\/286"}],"wp:attachment":[{"href":"https:\/\/wp.ufpel.edu.br\/encontrosnochoro\/wp-json\/wp\/v2\/media?parent=29"}],"curies":[{"name":"wp","href":"https:\/\/api.w.org\/{rel}","templated":true}]}}

<p style="text-align: justify;"><span style="font-weight: 400;">Vinculado ao projeto de pesquisa “Avendano Júnior a tradição do choro em Pelotas” (PRPPGI/UFPel), o Acervo é um repositório digital de memória ligado ao choro e as práticas musicais relacionadas ao cavaquinista e compositor acima mencionado e mais um grupo de diversos músicos e demais pessoas envolvidas na cena cultural da cidade, que ao longo de quase 40 anos atuaram sempre nos mais diferentes espaços da cidade de Pelotas e região, consolidando sua história, uma vasta obra e a tradição do Choro em Pelotas.</span></p>
<p><img loading="lazy" decoding="async" class="alignnone wp-image-161 size-full" src="https://wp.ufpel.edu.br/encontrosnochoro/files/2023/04/ACERVO-DO-CHORO-DE-PELOTAS.jpg" alt="" width="835" height="628" srcset="https://wp.ufpel.edu.br/encontrosnochoro/files/2023/04/ACERVO-DO-CHORO-DE-PELOTAS.jpg 835w, https://wp.ufpel.edu.br/encontrosnochoro/files/2023/04/ACERVO-DO-CHORO-DE-PELOTAS-400x301.jpg 400w, https://wp.ufpel.edu.br/encontrosnochoro/files/2023/04/ACERVO-DO-CHORO-DE-PELOTAS-768x578.jpg 768w" sizes="auto, (max-width: 706px) 89vw, (max-width: 767px) 82vw, 740px" /></p>

<p>Vinculado ao projeto de pesquisa “Avendano Júnior a tradição do choro em Pelotas” (PRPPGI/UFPel), o Acervo é um repositório digital de memória ligado ao choro e as práticas musicais relacionadas ao cavaquinista e compositor acima mencionado e mais um grupo de diversos músicos e demais pessoas envolvidas na cena cultural da cidade, que ao longo &hellip; </p>
<p class="link-more"><a href="https://wp.ufpel.edu.br/encontrosnochoro/acervo-do-choro-de-pelotas/" class="more-link">Continue lendo<span class="screen-reader-text"> &#8220;Acervo do Choro de Pelotas&#8221;</span></a></p>
