{"id":136,"date":"2023-04-02T12:19:58","date_gmt":"2023-04-02T15:19:58","guid":{"rendered":"https:\/\/wp.ufpel.edu.br\/encontrosnochoro\/?page_id=136"},"modified":"2024-01-03T09:05:48","modified_gmt":"2024-01-03T12:05:48","slug":"publicacoes-2","status":"publish","type":"page","link":"https:\/\/wp.ufpel.edu.br\/encontrosnochoro\/publicacoes-2\/","title":{"rendered":"Artigos, Comunica\u00e7\u00f5es, Monografias de Gradu\u00e7\u00e3o e Especializa\u00e7\u00e3o"},"content":{"rendered":"<div class=\"row\">\n<div class=\"col col-sm mx-sm-auto\">\n<div id=\"content\" role=\"main\">\n<div class=\"mt-3 tainacan-single-post\">\n<article id=\"post_13942\" class=\"post-13942 page type-page status-publish hentry\" role=\"article\"><b>Artigos<\/b><\/article>\n<article role=\"article\"><\/article>\n<article role=\"article\"><\/article>\n<article class=\"post-13942 page type-page status-publish hentry\" role=\"article\"><span style=\"font-weight: 400;\">2003 \u2013 <\/span><i><span style=\"font-weight: 400;\">Artigo<\/span><\/i><span style=\"font-weight: 400;\"> Ana Paula Lima Silveira\/Raul d\u00b4Avila &#8211;<\/span><a href=\"https:\/\/www2.ufpel.edu.br\/cic\/2004\/arquivos\/LA_01062.rtf\"> <span style=\"font-weight: 400;\">Avendano Junior: a tradi\u00e7\u00e3o do choro em Pelotas<\/span><\/a><\/article>\n<article role=\"article\"><\/article>\n<article role=\"article\"><\/article>\n<article class=\"post-13942 page type-page status-publish hentry\" role=\"article\"><span style=\"font-weight: 400;\">2021 \u2013 <\/span><i><span style=\"font-weight: 400;\">Artigo<\/span><\/i><span style=\"font-weight: 400;\"> Rafael Velloso\/Raul Costa d\u00b4Avila\/Gustavo Mustaf\u00e9 &#8211; <\/span><a href=\"https:\/\/periodicos.ufpel.edu.br\/ojs2\/index.php\/asm\/article\/view\/22181\/14017\"><span style=\"font-weight: 400;\">\u00a0<\/span><span style=\"font-weight: 400;\">O Acervo do Choro na Roda: processos de estrutura\u00e7\u00e3o da mem\u00f3ria do choro, seus m\u00fasicos e p\u00fablico em Pelotas e regi\u00e3o<\/span><\/a><span style=\"font-weight: 400;\"> pp.88-98<\/span><\/article>\n<article class=\"post-13942 page type-page status-publish hentry\" role=\"article\"><span style=\"font-weight: 400;\">2022 &#8211; <\/span><i><span style=\"font-weight: 400;\">Artigo<\/span><\/i><span style=\"font-weight: 400;\"> Rafael Velloso\/Pedro Arag\u00e3o\/L\u00facia Campos &#8211;<\/span><a href=\"https:\/\/revistas.ufrj.br\/index.php\/lh\/article\/view\/47592\"> <span style=\"font-weight: 400;\">Mas o choro j\u00e1 n\u00e3o \u00e9 patrim\u00f4nio? Resson\u00e2ncias e desafios do processo de patrimonializa\u00e7\u00e3o do choro<\/span><\/a><\/p>\n<p><b>Monografias &#8211; Bacharelado em M\u00fasica<\/b><\/p>\n<p><span style=\"font-weight: 400;\">2010 &#8211; <\/span><i><span style=\"font-weight: 400;\">TCC<\/span><\/i><span style=\"font-weight: 400;\"> Tha\u00eds Carvalho &#8211;<\/span><a href=\"https:\/\/docs.ufpel.edu.br\/index.php\/s\/rm3Iil0cEChnw1O\"> <span style=\"font-weight: 400;\">UM LUGAR CHAMADO LIBERDADE: M\u00fasica popular, tradi\u00e7\u00e3o e boemia em Pelotas<\/span><\/a><\/p>\n<p><span style=\"font-weight: 400;\">2018 \u2013 <\/span><i><span style=\"font-weight: 400;\">TCC<\/span><\/i><span style=\"font-weight: 400;\"> Vin\u00edcius C. Veleda &#8211; <\/span><a href=\"http:\/\/guaiaca.ufpel.edu.br:8080\/bitstream\/prefix\/5558\/1\/VINICIUS%20CARVALHO%20VELEDA_Dissertacao.pdf\"><span style=\"font-weight: 400;\">A VIDA \u00c9 UM SAMBA: A trajet\u00f3ria pian\u00edstica de Jo\u00e3o Leal Brito \u00a8Britinho\u00a8 (1917-1966)<\/span><\/a><\/p>\n<p><span style=\"font-weight: 400;\">2018 \u2013 <\/span><i><span style=\"font-weight: 400;\">TCC<\/span><\/i><span style=\"font-weight: 400;\"> Jo\u00e3o Pinheiro &#8211;<\/span><a href=\"https:\/\/wp.ufpel.edu.br\/bachpopmus\/files\/2019\/04\/tcc_joao_anotado_luis-1.pdf\"> <span style=\"font-weight: 400;\">O viol\u00e3o de sete cordas de Aloym Soares: um estudo de trajet\u00f3ria<\/span><\/a><\/p>\n<p><span style=\"font-weight: 400;\">2019 \u2013 <\/span><i><span style=\"font-weight: 400;\">TCC<\/span><\/i><span style=\"font-weight: 400;\"> Vasco Jean Azevedo &#8211; <\/span><a href=\"https:\/\/wp.ufpel.edu.br\/bachpopmus\/files\/2020\/02\/TCC-VASCO-JEAN-A-an%C3%A1lise-dos-componentes-criativos-nos-_solos-de-baixaria_-de-Luizinho-Sete-Cordas.docx-2.pdf\"><span style=\"font-weight: 400;\">\u00a0<\/span><span style=\"font-weight: 400;\">A an\u00e1lise dos componente criativos nos \u00b4\u00b4solos de baixaria\u201c de Luizinho Sete Cordas<\/span><\/a><\/p>\n<p><span style=\"font-weight: 400;\">2021 \u2013 <\/span><i><span style=\"font-weight: 400;\">TCC<\/span><\/i><span style=\"font-weight: 400;\"> J\u00falia Alves &#8211; <\/span><a href=\"http:\/\/pergamum.ufpel.edu.br:8080\/pergamumweb\/vinculos\/0000d1\/0000d17e.pdf\"><span style=\"font-weight: 400;\">\u00a0<\/span><span style=\"font-weight: 400;\">Choros did\u00e1ticos para flauta transversal: uma autoetnografia de processos criativos<\/span><\/a><\/p>\n<p><span style=\"font-weight: 400;\">2022 &#8211; <\/span><i><span style=\"font-weight: 400;\">TCC<\/span><\/i><span style=\"font-weight: 400;\"> Gustavo Mustaf\u00e9 &#8211;<\/span><a href=\"https:\/\/pergamum.ufpel.edu.br\/pergamumweb\/vinculos\/0000f1\/0000f191.pdf\"> <span style=\"font-weight: 400;\">DIVERSIDADE NO CHORO: g\u00eanero, sexualidade e ra\u00e7a na m\u00fasica instrumental brasileira<\/span><\/a><\/p>\n<p><span style=\"font-weight: 400;\">2023 &#8211; <\/span><i><span style=\"font-weight: 400;\">TCC<\/span><\/i><span style=\"font-weight: 400;\"> Pedro Erler &#8211;<\/span><a href=\"https:\/\/wp.ufpel.edu.br\/encontrosnochoro\/files\/2023\/12\/Pedro___TCC.pdf\"> <span style=\"font-weight: 400;\">Protagonismos no Choro Pelotense <\/span><\/a><a href=\"https:\/\/wp.ufpel.edu.br\/encontrosnochoro\/files\/2023\/12\/Pedro___TCC.pdf\"><span style=\"font-weight: 400;\">Rela\u00e7\u00f5es \u00e9tnico raciais na constru\u00e7\u00e3o narrativa do movimento<\/span><\/a><\/p>\n<p><b>Monografia &#8211; Especializa\u00e7\u00e3o em Artes<\/b><\/p>\n<p><span style=\"font-weight: 400;\">2022 &#8211; <\/span><i><span style=\"font-weight: 400;\">Monografia<\/span><\/i><span style=\"font-weight: 400;\"> Eduardo dos Santos Costa &#8211;<\/span><a href=\"https:\/\/wp.ufpel.edu.br\/especializacaoemartesvisuais\/files\/2023\/04\/TCC_EduardoCosta_versao_Final.pdf\"> <span style=\"font-weight: 400;\">Arranjo direcionado: o professor\/arranjador na constru\u00e7\u00e3o de um m\u00e9todo participativo.\u00a0<\/span><\/a><\/p>\n<p><b>Resumo &#8211; Comunica\u00e7\u00f5es em anais de eventos<\/b><span style=\"font-weight: 400;\">\u00a0<\/span><\/p>\n<p><span style=\"font-weight: 400;\">2021 \u2013 <\/span><i><span style=\"font-weight: 400;\">Resumo<\/span><\/i><span style=\"font-weight: 400;\"> Gustavo Mustaf\u00e9\/Rafael Velloso &#8211;<\/span><a href=\"https:\/\/anppom-congressos.org.br\/index.php\/31anppom\/31CongrAnppom\/paper\/viewFile\/775\/459\"> <span style=\"font-weight: 400;\">Acervo Digital do Choro de Pelotas: uma constru\u00e7\u00e3o coletiva e afetiva<\/span><\/a><\/p>\n<p><span style=\"font-weight: 400;\">2023 &#8211; Resumo Daniel Ortiz e Rafael Velloso &#8211;<\/span><a href=\"https:\/\/anppom.org.br\/anais\/anaiscongresso_anppom_2023\/papers\/1573\/public\/1573-7831-1-PB.pdf\"> <span style=\"font-weight: 400;\">Ouvir, cantar, tocar: a experi\u00eancia de ensino nas oficinas do projeto Encontros no Choro: introdu\u00e7\u00e3o e viv\u00eancia\u00a0<\/span><\/a><\/p>\n<p><span style=\"font-weight: 400;\">2023 &#8211; Resumo Pedro Erler\/Rafael Velloso\/Rafael Noleto &#8211;<\/span><a href=\"https:\/\/anppom.org.br\/anais\/anaiscongresso_anppom_2023\/papers\/1692\/public\/1692-7678-1-PB.pdf\"> <span style=\"font-weight: 400;\">Protagonismos no choro pelotense (RS): rela\u00e7\u00f5es \u00e9tnico raciais na constru\u00e7\u00e3o narrativa do movimento<\/span><\/a><\/p>\n<p><span style=\"font-weight: 400;\">2023 &#8211; <\/span><i><span style=\"font-weight: 400;\">Resumo <\/span><\/i><span style=\"font-weight: 400;\">Higor dos Inocentes Brasil e Gabriel Pinheiro\/Rafael Velloso &#8211; <\/span><a href=\"https:\/\/cti.ufpel.edu.br\/siepe\/arquivos\/2023\/LA_05265.pdf\"><span style=\"font-weight: 400;\">\u00a0<\/span><span style=\"font-weight: 400;\">Regionais do Sul: as forma\u00e7\u00f5es e o repert\u00f3rio do choro no sul do Brasil: \u00a8M\u00e1goas do Viol\u00e3o\u00a8 do compositor Oct\u00e1vio Dutra com o Grupo Terror dos Fac\u00f5es.<\/span><\/a><\/p>\n<p><span style=\"font-weight: 400;\">2023 &#8211; <\/span><i><span style=\"font-weight: 400;\">Resumo<\/span><\/i><span style=\"font-weight: 400;\"> Lucas Borba da Silveira e Raul Costa D\u00b4Avila<\/span><a href=\"https:\/\/cti.ufpel.edu.br\/siepe\/arquivos\/2023\/LA_05668.pdf\"> <span style=\"font-weight: 400;\">A Preserva\u00e7\u00e3o da Pr\u00e1tica e Mem\u00f3ria do Viol\u00e3o Sete Cordas em Pelotas<\/span><\/a><\/p>\n<p><span style=\"font-weight: 400;\">2023 &#8211; <\/span><i><span style=\"font-weight: 400;\">Resumo <\/span><\/i><span style=\"font-weight: 400;\">Daniel Ortiz\/ Rafael Velloso <\/span><a href=\"https:\/\/cti.ufpel.edu.br\/siepe\/arquivos\/2023\/LA_06653.pdf\"><span style=\"font-weight: 400;\">\u00a0<\/span><span style=\"font-weight: 400;\">Telecotecos da Vida: A Influ\u00eancia Africana na M\u00fasica Brasileira<\/span><\/a><\/p>\n<p><span style=\"font-weight: 400;\">2023 &#8211; <\/span><i><span style=\"font-weight: 400;\">Resumo<\/span><\/i><span style=\"font-weight: 400;\"> Douglas Vallejos, Marcelo Martins e\u00a0 Rafael Velloso.<\/span><a href=\"https:\/\/cti.ufpel.edu.br\/siepe\/arquivos\/2023\/LA_04963.pdf\"> <span style=\"font-weight: 400;\">Regionais do Sul: as forma\u00e7\u00f5es e o repert\u00f3rio do choro no sul do Brasil:\u00a8At\u00e9 Eu!\u00a8 do Marcelo Tupinamb\u00e1 interpretado por Pixinguinha e seu Grupo Oito Batutas<\/span><\/a><\/p>\n<p><span style=\"font-weight: 400;\">2023 &#8211; <\/span><i><span style=\"font-weight: 400;\">Resumo<\/span><\/i><span style=\"font-weight: 400;\"> Neverton Fernandes e C\u00e9sar Pedroso e Rafael Velloso.<\/span><a href=\"https:\/\/cti.ufpel.edu.br\/siepe\/arquivos\/2023\/LA_04871.pdf\"> <span style=\"font-weight: 400;\">Regionais do Sul: as forma\u00e7\u00f5es e o repert\u00f3rio do choro no sul do Brasil: \u00a8Choro Cl\u00e1ssico\u00a8 do Compositor e Flautista Plauto Cruz<\/span><\/a><\/p>\n<p><span style=\"font-weight: 400;\">2023 &#8211; <\/span><i><span style=\"font-weight: 400;\">Resumo<\/span><\/i><span style=\"font-weight: 400;\"> Pedro Nogueira; Humberto Schumacker; Rafael Velloso &#8211; <\/span><a href=\"https:\/\/cti.ufpel.edu.br\/siepe\/arquivos\/2023\/LA_06691.pdf\"><span style=\"font-weight: 400;\">Regionais do Sul: as forma\u00e7\u00f5es e o repert\u00f3rio do choro no sul do Brasil: \u00a8Viu Como Agrada\u00a8 do compositor Avendano J\u00fanior e Regional<\/span><\/a><\/p>\n<p><span style=\"font-weight: 400;\">2023 &#8211; <\/span><i><span style=\"font-weight: 400;\">Resumo<\/span><\/i><span style=\"font-weight: 400;\"> Marcus Mattos,\u00a0 Mariela Cardoso e Rafael\u00a0 Velloso &#8211;<\/span><a href=\"https:\/\/cti.ufpel.edu.br\/siepe\/arquivos\/2023\/LA_06040.pdf\"> <span style=\"font-weight: 400;\">Quartas de Choro: Uma Experi\u00eancia Musical Contempor\u00e2nea a Partir de Percep\u00e7\u00f5es Sens\u00edveis<\/span><\/a><\/p>\n<p>&nbsp;<\/p>\n<\/article>\n<\/div>\n<\/div>\n<\/div>\n<\/div>\n","protected":false},"excerpt":{"rendered":"<p>Artigos 2003 \u2013 Artigo Ana Paula Lima Silveira\/Raul d\u00b4Avila &#8211; Avendano Junior: a tradi\u00e7\u00e3o do choro em Pelotas 2021 \u2013 Artigo Rafael Velloso\/Raul Costa d\u00b4Avila\/Gustavo Mustaf\u00e9 &#8211; \u00a0O Acervo do Choro na Roda: processos de estrutura\u00e7\u00e3o da mem\u00f3ria do choro, seus m\u00fasicos e p\u00fablico em Pelotas e regi\u00e3o pp.88-98 2022 &#8211; Artigo Rafael Velloso\/Pedro Arag\u00e3o\/L\u00facia &hellip; <\/p>\n<p class=\"link-more\"><a href=\"https:\/\/wp.ufpel.edu.br\/encontrosnochoro\/publicacoes-2\/\" class=\"more-link\">Continue lendo<span class=\"screen-reader-text\"> &#8220;Artigos, Comunica\u00e7\u00f5es, Monografias de Gradu\u00e7\u00e3o e Especializa\u00e7\u00e3o&#8221;<\/span><\/a><\/p>\n","protected":false},"author":1287,"featured_media":0,"parent":0,"menu_order":0,"comment_status":"closed","ping_status":"closed","template":"","meta":{"footnotes":""},"class_list":["post-136","page","type-page","status-publish","hentry"],"_links":{"self":[{"href":"https:\/\/wp.ufpel.edu.br\/encontrosnochoro\/wp-json\/wp\/v2\/pages\/136","targetHints":{"allow":["GET"]}}],"collection":[{"href":"https:\/\/wp.ufpel.edu.br\/encontrosnochoro\/wp-json\/wp\/v2\/pages"}],"about":[{"href":"https:\/\/wp.ufpel.edu.br\/encontrosnochoro\/wp-json\/wp\/v2\/types\/page"}],"author":[{"embeddable":true,"href":"https:\/\/wp.ufpel.edu.br\/encontrosnochoro\/wp-json\/wp\/v2\/users\/1287"}],"replies":[{"embeddable":true,"href":"https:\/\/wp.ufpel.edu.br\/encontrosnochoro\/wp-json\/wp\/v2\/comments?post=136"}],"version-history":[{"count":27,"href":"https:\/\/wp.ufpel.edu.br\/encontrosnochoro\/wp-json\/wp\/v2\/pages\/136\/revisions"}],"predecessor-version":[{"id":712,"href":"https:\/\/wp.ufpel.edu.br\/encontrosnochoro\/wp-json\/wp\/v2\/pages\/136\/revisions\/712"}],"wp:attachment":[{"href":"https:\/\/wp.ufpel.edu.br\/encontrosnochoro\/wp-json\/wp\/v2\/media?parent=136"}],"curies":[{"name":"wp","href":"https:\/\/api.w.org\/{rel}","templated":true}]}}