{"id":6,"date":"2013-07-16T09:27:34","date_gmt":"2013-07-16T12:27:34","guid":{"rendered":"https:\/\/wp.ufpel.edu.br\/empre\/?page_id=6"},"modified":"2013-07-22T15:36:01","modified_gmt":"2013-07-22T18:36:01","slug":"programacao","status":"publish","type":"page","link":"https:\/\/wp.ufpel.edu.br\/empre\/programacao\/","title":{"rendered":"Programa\u00e7\u00e3o"},"content":{"rendered":"<p><strong>06 de Agosto de 2013<\/strong><\/p>\n<table class=\"programacao\">\n<tbody>\n<tr>\n<td>8:30<\/td>\n<td>Abertura &#8211; Reitor da UFPel<\/td>\n<\/tr>\n<tr>\n<td>8:45<\/td>\n<td><strong>Inova\u00e7\u00e3o e Empreedodorismo:<\/strong> O que isso tem a ver com a P\u00f3s-Gradua\u00e7\u00e3o Dr. Renato Oliveira &#8211; Professor da UNIVATES e assessor do COMUNG (Cons\u00f3rcio das Universidades Comunit\u00e1rias do RS)<\/td>\n<\/tr>\n<tr>\n<td>9:40<\/td>\n<td><strong>Intervalo<\/strong><\/td>\n<\/tr>\n<tr>\n<td>10:00<\/td>\n<td><strong>Bloco I &#8211; Programas para a inova\u00e7\u00e3o e o empreendedorismo<br \/>\nMesa redonda<\/strong>: <strong><\/strong>Pol\u00edticas p\u00fablicas para fomentar a inova\u00e7\u00e3o e o empreendedorismo<br \/>\n<strong>\u00b7 Programas Nacionais &#8211; <\/strong>Start up Brasil &#8211; Jos\u00e9 Henrrique Di\u00e9guez &#8211; Minist\u00e9rio de Ci\u00eancia e Tecnologia<br \/>\n<strong><strong>\u00b7 <\/strong>Programas Estatuais &#8211; <\/strong>RS Tecn\u00f3pole &#8211; Renata Dellamea Ferraz &#8211; Secretaria de Ci\u00eancia e Tecnologia do RS<br \/>\n<strong><strong>\u00b7 <\/strong>Programas Regionais &#8211; <\/strong>Papel do Pelotas Tecnol\u00f3gico no Desenvolvimento Regional &#8211; Fernando Estima &#8211; Secretaria do Desenvolvimento Econ\u00f4mico e Turismo de Pelotas<br \/>\n<strong><strong>\u00b7 <\/strong>Programa Institucional &#8211; <\/strong>O Empreendedorismo e a Inova\u00e7\u00e3o na UFPel &#8211; Prof. Dr. Mario Canever &#8211; Coordenador de Inova\u00e7\u00e3o e Tecnologia da UFPel<\/td>\n<\/tr>\n<tr>\n<td>12:30<\/td>\n<td><strong>Almo\u00e7o<\/strong><\/td>\n<\/tr>\n<tr>\n<td>13:30<\/td>\n<td><strong>Bloco II &#8211; Import\u00e2ncia da intera\u00e7\u00e3o Universidade vs Empresa<br \/>\nMesa redonda<\/strong>: <strong><\/strong>Pr\u00e1ticas para Inova\u00e7\u00e3o e empreendedorismo a partir da pesquisa cient\u00edfica<br \/>\n<strong>\u00b7 Empreendedorismo na P\u00f3s-Gradua\u00e7\u00e3o Gerando Riqueza &#8211; <\/strong>Prof. Dr. Evaldo Vilela &#8211; Secret\u00e1rio Adjunto de Ci\u00eancia e Tecnologia de Minas Gerais<br \/>\n<strong><strong>\u00b7 <\/strong>TECNOPUC &#8211; <\/strong>Parque Tecnol\u00f3gico da PUC-RS &#8211; Roberto Moschetta &#8211; Diretor da TECNOPUC<\/td>\n<\/tr>\n<tr>\n<td>15:20<\/td>\n<td><strong>Intervalo<\/strong><\/td>\n<\/tr>\n<tr>\n<td>15:40<\/td>\n<td><strong>Bloco III &#8211; Cases<br \/>\nMesa redonda<\/strong>: <strong><\/strong>Transformando conhecimentos em tecnologia<br \/>\n<strong>\u00b7 BUG &#8211; <\/strong>Agentes Biol\u00f3gicos Inova\u00e7\u00e3o tecnol\u00f3gica e o controle biol\u00f3gico de pragas agr\u00edcolas &#8211; Heraldo Negri de Oliveira<br \/>\n<strong><strong>\u00b7 <\/strong>Detecta DNA &#8211; <\/strong>Empreendedorismo em Biotecnologia &#8211; Dra. Roberta Mattos Collares Bressel<br \/>\n<strong><strong>\u00b7 <\/strong>CheckPlant &#8211; <\/strong>Inova\u00e7\u00f5es Tecnol\u00f3gicas em rastreabilidade e monitoramento de pragas &#8211; Msc. Alexandre Fachinello<strong><strong><br \/>\n<\/strong><\/strong><\/td>\n<\/tr>\n<tr>\n<td>17:40<\/td>\n<td><strong><strong>Encerramento<\/strong><\/strong><br \/>\nProfa. Denise Gigante &#8211; Pr\u00f3-Reitora de Pesquisa e P\u00f3s-Gradua\u00e7\u00e3o da UFPel<\/td>\n<\/tr>\n<\/tbody>\n<\/table>\n","protected":false},"excerpt":{"rendered":"<p>06 de Agosto de 2013 8:30 Abertura &#8211; Reitor da UFPel 8:45 Inova\u00e7\u00e3o e Empreedodorismo: O que isso tem a ver com a P\u00f3s-Gradua\u00e7\u00e3o Dr. Renato Oliveira &#8211; Professor da UNIVATES e assessor do COMUNG (Cons\u00f3rcio das Universidades Comunit\u00e1rias do RS) 9:40 Intervalo 10:00 Bloco I &#8211; Programas para a inova\u00e7\u00e3o e o empreendedorismo Mesa [&hellip;]<\/p>\n","protected":false},"author":284,"featured_media":0,"parent":0,"menu_order":2,"comment_status":"closed","ping_status":"closed","template":"","meta":{"footnotes":""},"class_list":["post-6","page","type-page","status-publish","hentry"],"_links":{"self":[{"href":"https:\/\/wp.ufpel.edu.br\/empre\/wp-json\/wp\/v2\/pages\/6","targetHints":{"allow":["GET"]}}],"collection":[{"href":"https:\/\/wp.ufpel.edu.br\/empre\/wp-json\/wp\/v2\/pages"}],"about":[{"href":"https:\/\/wp.ufpel.edu.br\/empre\/wp-json\/wp\/v2\/types\/page"}],"author":[{"embeddable":true,"href":"https:\/\/wp.ufpel.edu.br\/empre\/wp-json\/wp\/v2\/users\/284"}],"replies":[{"embeddable":true,"href":"https:\/\/wp.ufpel.edu.br\/empre\/wp-json\/wp\/v2\/comments?post=6"}],"version-history":[{"count":6,"href":"https:\/\/wp.ufpel.edu.br\/empre\/wp-json\/wp\/v2\/pages\/6\/revisions"}],"predecessor-version":[{"id":30,"href":"https:\/\/wp.ufpel.edu.br\/empre\/wp-json\/wp\/v2\/pages\/6\/revisions\/30"}],"wp:attachment":[{"href":"https:\/\/wp.ufpel.edu.br\/empre\/wp-json\/wp\/v2\/media?parent=6"}],"curies":[{"name":"wp","href":"https:\/\/api.w.org\/{rel}","templated":true}]}}

Programação

<p><strong>06 de Agosto de 2013</strong></p>
<table class="programacao">
<tbody>
<tr>
<td>8:30</td>
<td>Abertura &#8211; Reitor da UFPel</td>
</tr>
<tr>
<td>8:45</td>
<td><strong>Inovação e Empreedodorismo:</strong> O que isso tem a ver com a Pós-Graduação Dr. Renato Oliveira &#8211; Professor da UNIVATES e assessor do COMUNG (Consórcio das Universidades Comunitárias do RS)</td>
</tr>
<tr>
<td>9:40</td>
<td><strong>Intervalo</strong></td>
</tr>
<tr>
<td>10:00</td>
<td><strong>Bloco I &#8211; Programas para a inovação e o empreendedorismo<br />
Mesa redonda</strong>: <strong></strong>Políticas públicas para fomentar a inovação e o empreendedorismo<br />
<strong>· Programas Nacionais &#8211; </strong>Start up Brasil &#8211; José Henrrique Diéguez &#8211; Ministério de Ciência e Tecnologia<br />
<strong><strong>· </strong>Programas Estatuais &#8211; </strong>RS Tecnópole &#8211; Renata Dellamea Ferraz &#8211; Secretaria de Ciência e Tecnologia do RS<br />
<strong><strong>· </strong>Programas Regionais &#8211; </strong>Papel do Pelotas Tecnológico no Desenvolvimento Regional &#8211; Fernando Estima &#8211; Secretaria do Desenvolvimento Econômico e Turismo de Pelotas<br />
<strong><strong>· </strong>Programa Institucional &#8211; </strong>O Empreendedorismo e a Inovação na UFPel &#8211; Prof. Dr. Mario Canever &#8211; Coordenador de Inovação e Tecnologia da UFPel</td>
</tr>
<tr>
<td>12:30</td>
<td><strong>Almoço</strong></td>
</tr>
<tr>
<td>13:30</td>
<td><strong>Bloco II &#8211; Importância da interação Universidade vs Empresa<br />
Mesa redonda</strong>: <strong></strong>Práticas para Inovação e empreendedorismo a partir da pesquisa científica<br />
<strong>· Empreendedorismo na Pós-Graduação Gerando Riqueza &#8211; </strong>Prof. Dr. Evaldo Vilela &#8211; Secretário Adjunto de Ciência e Tecnologia de Minas Gerais<br />
<strong><strong>· </strong>TECNOPUC &#8211; </strong>Parque Tecnológico da PUC-RS &#8211; Roberto Moschetta &#8211; Diretor da TECNOPUC</td>
</tr>
<tr>
<td>15:20</td>
<td><strong>Intervalo</strong></td>
</tr>
<tr>
<td>15:40</td>
<td><strong>Bloco III &#8211; Cases<br />
Mesa redonda</strong>: <strong></strong>Transformando conhecimentos em tecnologia<br />
<strong>· BUG &#8211; </strong>Agentes Biológicos Inovação tecnológica e o controle biológico de pragas agrícolas &#8211; Heraldo Negri de Oliveira<br />
<strong><strong>· </strong>Detecta DNA &#8211; </strong>Empreendedorismo em Biotecnologia &#8211; Dra. Roberta Mattos Collares Bressel<br />
<strong><strong>· </strong>CheckPlant &#8211; </strong>Inovações Tecnológicas em rastreabilidade e monitoramento de pragas &#8211; Msc. Alexandre Fachinello<strong><strong><br />
</strong></strong></td>
</tr>
<tr>
<td>17:40</td>
<td><strong><strong>Encerramento</strong></strong><br />
Profa. Denise Gigante &#8211; Pró-Reitora de Pesquisa e Pós-Graduação da UFPel</td>
</tr>
</tbody>
</table>

<p>06 de Agosto de 2013 8:30 Abertura &#8211; Reitor da UFPel 8:45 Inovação e Empreedodorismo: O que isso tem a ver com a Pós-Graduação Dr. Renato Oliveira &#8211; Professor da UNIVATES e assessor do COMUNG (Consórcio das Universidades Comunitárias do RS) 9:40 Intervalo 10:00 Bloco I &#8211; Programas para a inovação e o empreendedorismo Mesa [&hellip;]</p>
