{"id":7462,"date":"2015-12-04T15:17:10","date_gmt":"2015-12-04T17:17:10","guid":{"rendered":"https:\/\/wp.ufpel.edu.br\/empauta\/?page_id=7462"},"modified":"2017-10-19T02:37:00","modified_gmt":"2017-10-19T04:37:00","slug":"revistas","status":"publish","type":"page","link":"https:\/\/wp.ufpel.edu.br\/empauta\/revistas\/","title":{"rendered":"Revistas"},"content":{"rendered":"<p>2016<\/p>\n<p><a href=\"https:\/\/wp.ufpel.edu.br\/empauta\/files\/2015\/12\/Revista_Pr\u00e1ticas_2016.pdf\">Revista_Pr\u00e1ticas_2016<\/a><\/p>\n<p>2015<\/p>\n<p><a href=\"https:\/\/wp.ufpel.edu.br\/empauta\/files\/2015\/12\/PROJETO_REVISTA-PR\u00c1TICAS_final_.pdf\">Revista Universo -1\u00aa Edi\u00e7\u00e3o de 2015<\/a><\/p>\n<p>2014<\/p>\n<p><a href=\"https:\/\/wp.ufpel.edu.br\/empauta\/files\/2015\/12\/REVISTA-PRONTA-3-2.pdf\">Revista Universo &#8211; 3\u00aa Edi\u00e7\u00e3o de 2014<\/a><\/p>\n","protected":false},"excerpt":{"rendered":"<p>2016 Revista_Pr\u00e1ticas_2016 2015 Revista Universo -1\u00aa Edi\u00e7\u00e3o de 2015 2014 Revista Universo &#8211; 3\u00aa Edi\u00e7\u00e3o de 2014<\/p>\n","protected":false},"author":587,"featured_media":0,"parent":0,"menu_order":0,"comment_status":"closed","ping_status":"closed","template":"","meta":{"jetpack_post_was_ever_published":false,"footnotes":""},"class_list":["post-7462","page","type-page","status-publish","hentry"],"jetpack_sharing_enabled":true,"jetpack_shortlink":"https:\/\/wp.me\/P6Xvzq-1Wm","jetpack-related-posts":[{"id":7289,"url":"https:\/\/wp.ufpel.edu.br\/empauta\/a-equipe\/","url_meta":{"origin":7462,"position":0},"title":"A Equipe","author":"Em Pauta","date":"20\/11\/2015","format":false,"excerpt":"O Em Pauta\u00a0\u00e9 formado\u00a0por docentes e acad\u00eamicos do curso de Jornalismo da Universidade Federal de Pelotas (UFPel). Al\u00e9m da equipe fixa, nossa ag\u00eancia recebe materiais de diversos estudantes do curso, que atuam como colaboradores. Equipe fixa: Em Pauta Web Prof. Carlos Dominguez (Professor\/Coordenador) Em Pauta TV Prof\u00aa. Marislei Ribeiro (Professora\/Coordenadora)\u2026","rel":"","context":"Post similar","block_context":{"text":"Post similar","link":""},"img":{"alt_text":"","src":"","width":0,"height":0},"classes":[]},{"id":7383,"url":"https:\/\/wp.ufpel.edu.br\/empauta\/participe\/","url_meta":{"origin":7462,"position":1},"title":"Participe","author":"Em Pauta","date":"29\/11\/2015","format":false,"excerpt":"Se voc\u00ea, aluno do Jornalismo da UFPel, tem interesse em participar do Em Pauta, \u00e9 f\u00e1cil. :) Basta criar uma mat\u00e9ria com o assunto de seu interesse e enviar pra gente atrav\u00e9s do e-mail empautaweb75@gmail.com. Estamos te esperando. Participe!","rel":"","context":"Post similar","block_context":{"text":"Post similar","link":""},"img":{"alt_text":"","src":"","width":0,"height":0},"classes":[]}],"_links":{"self":[{"href":"https:\/\/wp.ufpel.edu.br\/empauta\/wp-json\/wp\/v2\/pages\/7462","targetHints":{"allow":["GET"]}}],"collection":[{"href":"https:\/\/wp.ufpel.edu.br\/empauta\/wp-json\/wp\/v2\/pages"}],"about":[{"href":"https:\/\/wp.ufpel.edu.br\/empauta\/wp-json\/wp\/v2\/types\/page"}],"author":[{"embeddable":true,"href":"https:\/\/wp.ufpel.edu.br\/empauta\/wp-json\/wp\/v2\/users\/587"}],"replies":[{"embeddable":true,"href":"https:\/\/wp.ufpel.edu.br\/empauta\/wp-json\/wp\/v2\/comments?post=7462"}],"version-history":[{"count":5,"href":"https:\/\/wp.ufpel.edu.br\/empauta\/wp-json\/wp\/v2\/pages\/7462\/revisions"}],"predecessor-version":[{"id":8458,"href":"https:\/\/wp.ufpel.edu.br\/empauta\/wp-json\/wp\/v2\/pages\/7462\/revisions\/8458"}],"wp:attachment":[{"href":"https:\/\/wp.ufpel.edu.br\/empauta\/wp-json\/wp\/v2\/media?parent=7462"}],"curies":[{"name":"wp","href":"https:\/\/api.w.org\/{rel}","templated":true}]}}

<p>2016</p>
<p><a href="https://wp.ufpel.edu.br/empauta/files/2015/12/Revista_Práticas_2016.pdf">Revista_Práticas_2016</a></p>
<p>2015</p>
<p><a href="https://wp.ufpel.edu.br/empauta/files/2015/12/PROJETO_REVISTA-PRÁTICAS_final_.pdf">Revista Universo -1ª Edição de 2015</a></p>
<p>2014</p>
<p><a href="https://wp.ufpel.edu.br/empauta/files/2015/12/REVISTA-PRONTA-3-2.pdf">Revista Universo &#8211; 3ª Edição de 2014</a></p>

<p>2016 Revista_Práticas_2016 2015 Revista Universo -1ª Edição de 2015 2014 Revista Universo &#8211; 3ª Edição de 2014</p>

O Em Pauta é formado por docentes e acadêmicos do curso de Jornalismo da Universidade Federal de Pelotas (UFPel). Além da equipe fixa, nossa agência recebe materiais de diversos estudantes do curso, que atuam como colaboradores. Equipe fixa: Em Pauta Web Prof. Carlos Dominguez (Professor/Coordenador) Em Pauta TV Profª. Marislei Ribeiro (Professora/Coordenadora)…

Se você, aluno do Jornalismo da UFPel, tem interesse em participar do Em Pauta, é fácil. :) Basta criar uma matéria com o assunto de seu interesse e enviar pra gente através do e-mail empautaweb75@gmail.com. Estamos te esperando. Participe!
