{"id":7289,"date":"2015-11-20T16:38:12","date_gmt":"2015-11-20T18:38:12","guid":{"rendered":"https:\/\/wp.ufpel.edu.br\/empauta\/?page_id=7289"},"modified":"2024-01-18T09:39:57","modified_gmt":"2024-01-18T12:39:57","slug":"a-equipe","status":"publish","type":"page","link":"https:\/\/wp.ufpel.edu.br\/empauta\/a-equipe\/","title":{"rendered":"A Equipe"},"content":{"rendered":"<p style=\"text-align: justify;\"><span style=\"font-size: 12pt;\">O Em Pauta\u00a0\u00e9 formado\u00a0por docentes e acad\u00eamicos do curso de Jornalismo da Universidade Federal de Pelotas (UFPel). Al\u00e9m da equipe fixa, nossa ag\u00eancia recebe materiais de diversos estudantes do curso, que atuam como colaboradores.<\/span><\/p>\n<p><span style=\"font-size: 12pt;\"><strong>Equipe fixa:<\/strong><\/span><\/p>\n<h3>Em Pauta Web<\/h3>\n<p>Prof. Carlos Dominguez (Professor\/Coordenador)<\/p>\n<h3>Em Pauta TV<\/h3>\n<p>Prof\u00aa. Marislei Ribeiro (Professora\/Coordenadora)<\/p>\n<p>Prof\u00aa. Michele Negrini (Professora\/Coordenadora)<\/p>\n<p><strong>Editores: 2023<br \/>\n<\/strong><\/p>\n<p>Rafaela Stark<\/p>\n<p>Gi\u00e9le Sodr\u00e9<\/p>\n<p style=\"text-align: justify;\"><strong><em>Esta p\u00e1gina n\u00e3o \u00e9 uma publica\u00e7\u00e3o oficial Universidade Federal de Pelotas. Seu conte\u00fado n\u00e3o foi examinado e\/ou editado por esta institui\u00e7\u00e3o. A responsabilidade por seu conte\u00fado \u00e9 exclusivamente do autor do texto.<\/em><\/strong><\/p>\n","protected":false},"excerpt":{"rendered":"<p>O Em Pauta\u00a0\u00e9 formado\u00a0por docentes e acad\u00eamicos do curso de Jornalismo da Universidade Federal de Pelotas (UFPel). Al\u00e9m da equipe fixa, nossa ag\u00eancia recebe materiais de diversos estudantes do curso, que atuam como colaboradores.&#46;&#46;&#46;<\/p>\n","protected":false},"author":587,"featured_media":0,"parent":0,"menu_order":0,"comment_status":"closed","ping_status":"closed","template":"","meta":{"jetpack_post_was_ever_published":false,"footnotes":""},"class_list":["post-7289","page","type-page","status-publish","hentry"],"jetpack_sharing_enabled":true,"jetpack_shortlink":"https:\/\/wp.me\/P6Xvzq-1Tz","jetpack-related-posts":[{"id":7383,"url":"https:\/\/wp.ufpel.edu.br\/empauta\/participe\/","url_meta":{"origin":7289,"position":0},"title":"Participe","author":"Em Pauta","date":"29\/11\/2015","format":false,"excerpt":"Se voc\u00ea, aluno do Jornalismo da UFPel, tem interesse em participar do Em Pauta, \u00e9 f\u00e1cil. :) Basta criar uma mat\u00e9ria com o assunto de seu interesse e enviar pra gente atrav\u00e9s do e-mail empautaweb75@gmail.com. Estamos te esperando. Participe!","rel":"","context":"Post similar","block_context":{"text":"Post similar","link":""},"img":{"alt_text":"","src":"","width":0,"height":0},"classes":[]},{"id":13893,"url":"https:\/\/wp.ufpel.edu.br\/empauta\/em-pauta-noticias\/","url_meta":{"origin":7289,"position":1},"title":"Em Pauta Not\u00edcias","author":"Em Pauta","date":"05\/11\/2019","format":false,"excerpt":"","rel":"","context":"Post similar","block_context":{"text":"Post similar","link":""},"img":{"alt_text":"","src":"","width":0,"height":0},"classes":[]},{"id":2,"url":"https:\/\/wp.ufpel.edu.br\/empauta\/pagina-exemplo\/","url_meta":{"origin":7289,"position":2},"title":"O Em Pauta","author":"Em Pauta","date":"03\/11\/2015","format":false,"excerpt":"","rel":"","context":"Post similar","block_context":{"text":"Post similar","link":""},"img":{"alt_text":"","src":"","width":0,"height":0},"classes":[]},{"id":20343,"url":"https:\/\/wp.ufpel.edu.br\/empauta\/reportagem-especial\/","url_meta":{"origin":7289,"position":3},"title":"Reportagem especial","author":"Em Pauta","date":"10\/09\/2024","format":false,"excerpt":"","rel":"","context":"Post similar","block_context":{"text":"Post similar","link":""},"img":{"alt_text":"","src":"","width":0,"height":0},"classes":[]},{"id":7462,"url":"https:\/\/wp.ufpel.edu.br\/empauta\/revistas\/","url_meta":{"origin":7289,"position":4},"title":"Revistas","author":"Em Pauta","date":"04\/12\/2015","format":false,"excerpt":"2016 Revista_Pr\u00e1ticas_2016 2015 Revista Universo -1\u00aa Edi\u00e7\u00e3o de 2015 2014 Revista Universo - 3\u00aa Edi\u00e7\u00e3o de 2014","rel":"","context":"Post similar","block_context":{"text":"Post similar","link":""},"img":{"alt_text":"","src":"","width":0,"height":0},"classes":[]}],"_links":{"self":[{"href":"https:\/\/wp.ufpel.edu.br\/empauta\/wp-json\/wp\/v2\/pages\/7289","targetHints":{"allow":["GET"]}}],"collection":[{"href":"https:\/\/wp.ufpel.edu.br\/empauta\/wp-json\/wp\/v2\/pages"}],"about":[{"href":"https:\/\/wp.ufpel.edu.br\/empauta\/wp-json\/wp\/v2\/types\/page"}],"author":[{"embeddable":true,"href":"https:\/\/wp.ufpel.edu.br\/empauta\/wp-json\/wp\/v2\/users\/587"}],"replies":[{"embeddable":true,"href":"https:\/\/wp.ufpel.edu.br\/empauta\/wp-json\/wp\/v2\/comments?post=7289"}],"version-history":[{"count":21,"href":"https:\/\/wp.ufpel.edu.br\/empauta\/wp-json\/wp\/v2\/pages\/7289\/revisions"}],"predecessor-version":[{"id":19290,"href":"https:\/\/wp.ufpel.edu.br\/empauta\/wp-json\/wp\/v2\/pages\/7289\/revisions\/19290"}],"wp:attachment":[{"href":"https:\/\/wp.ufpel.edu.br\/empauta\/wp-json\/wp\/v2\/media?parent=7289"}],"curies":[{"name":"wp","href":"https:\/\/api.w.org\/{rel}","templated":true}]}}

<p style="text-align: justify;"><span style="font-size: 12pt;">O Em Pauta é formado por docentes e acadêmicos do curso de Jornalismo da Universidade Federal de Pelotas (UFPel). Além da equipe fixa, nossa agência recebe materiais de diversos estudantes do curso, que atuam como colaboradores.</span></p>
<p><span style="font-size: 12pt;"><strong>Equipe fixa:</strong></span></p>
<h3>Em Pauta Web</h3>
<p>Prof. Carlos Dominguez (Professor/Coordenador)</p>
<h3>Em Pauta TV</h3>
<p>Profª. Marislei Ribeiro (Professora/Coordenadora)</p>
<p>Profª. Michele Negrini (Professora/Coordenadora)</p>
<p><strong>Editores: 2023<br />
</strong></p>
<p>Rafaela Stark</p>
<p>Giéle Sodré</p>
<p style="text-align: justify;"><strong><em>Esta página não é uma publicação oficial Universidade Federal de Pelotas. Seu conteúdo não foi examinado e/ou editado por esta instituição. A responsabilidade por seu conteúdo é exclusivamente do autor do texto.</em></strong></p>

<p>O Em Pauta é formado por docentes e acadêmicos do curso de Jornalismo da Universidade Federal de Pelotas (UFPel). Além da equipe fixa, nossa agência recebe materiais de diversos estudantes do curso, que atuam como colaboradores.&#46;&#46;&#46;</p>

Se você, aluno do Jornalismo da UFPel, tem interesse em participar do Em Pauta, é fácil. :) Basta criar uma matéria com o assunto de seu interesse e enviar pra gente através do e-mail empautaweb75@gmail.com. Estamos te esperando. Participe!

Em Pauta Notícias

2016 Revista_Práticas_2016 2015 Revista Universo -1ª Edição de 2015 2014 Revista Universo - 3ª Edição de 2014
