{"id":2,"date":"2015-11-03T11:19:41","date_gmt":"2015-11-03T11:19:41","guid":{"rendered":"https:\/\/wp.ufpel.edu.br\/empauta\/?page_id=2"},"modified":"2015-11-29T14:35:47","modified_gmt":"2015-11-29T16:35:47","slug":"pagina-exemplo","status":"publish","type":"page","link":"https:\/\/wp.ufpel.edu.br\/empauta\/pagina-exemplo\/","title":{"rendered":"O Em Pauta"},"content":{"rendered":"","protected":false},"excerpt":{"rendered":"","protected":false},"author":587,"featured_media":0,"parent":0,"menu_order":0,"comment_status":"closed","ping_status":"closed","template":"template-nosidebar.php","meta":{"jetpack_post_was_ever_published":false,"footnotes":""},"class_list":["post-2","page","type-page","status-publish","hentry"],"jetpack_sharing_enabled":true,"jetpack_shortlink":"https:\/\/wp.me\/P6Xvzq-2","jetpack-related-posts":[{"id":7289,"url":"https:\/\/wp.ufpel.edu.br\/empauta\/a-equipe\/","url_meta":{"origin":2,"position":0},"title":"A Equipe","author":"Em Pauta","date":"20\/11\/2015","format":false,"excerpt":"O Em Pauta\u00a0\u00e9 formado\u00a0por docentes e acad\u00eamicos do curso de Jornalismo da Universidade Federal de Pelotas (UFPel). Al\u00e9m da equipe fixa, nossa ag\u00eancia recebe materiais de diversos estudantes do curso, que atuam como colaboradores. Equipe fixa: Em Pauta Web Prof. Carlos Dominguez (Professor\/Coordenador) Em Pauta TV Prof\u00aa. Marislei Ribeiro (Professora\/Coordenadora)\u2026","rel":"","context":"Post similar","block_context":{"text":"Post similar","link":""},"img":{"alt_text":"","src":"","width":0,"height":0},"classes":[]},{"id":7383,"url":"https:\/\/wp.ufpel.edu.br\/empauta\/participe\/","url_meta":{"origin":2,"position":1},"title":"Participe","author":"Em Pauta","date":"29\/11\/2015","format":false,"excerpt":"Se voc\u00ea, aluno do Jornalismo da UFPel, tem interesse em participar do Em Pauta, \u00e9 f\u00e1cil. :) Basta criar uma mat\u00e9ria com o assunto de seu interesse e enviar pra gente atrav\u00e9s do e-mail empautaweb75@gmail.com. Estamos te esperando. Participe!","rel":"","context":"Post similar","block_context":{"text":"Post similar","link":""},"img":{"alt_text":"","src":"","width":0,"height":0},"classes":[]},{"id":13893,"url":"https:\/\/wp.ufpel.edu.br\/empauta\/em-pauta-noticias\/","url_meta":{"origin":2,"position":2},"title":"Em Pauta Not\u00edcias","author":"Em Pauta","date":"05\/11\/2019","format":false,"excerpt":"","rel":"","context":"Post similar","block_context":{"text":"Post similar","link":""},"img":{"alt_text":"","src":"","width":0,"height":0},"classes":[]},{"id":20343,"url":"https:\/\/wp.ufpel.edu.br\/empauta\/reportagem-especial\/","url_meta":{"origin":2,"position":3},"title":"Reportagem especial","author":"Em Pauta","date":"10\/09\/2024","format":false,"excerpt":"","rel":"","context":"Post similar","block_context":{"text":"Post similar","link":""},"img":{"alt_text":"","src":"","width":0,"height":0},"classes":[]},{"id":7462,"url":"https:\/\/wp.ufpel.edu.br\/empauta\/revistas\/","url_meta":{"origin":2,"position":4},"title":"Revistas","author":"Em Pauta","date":"04\/12\/2015","format":false,"excerpt":"2016 Revista_Pr\u00e1ticas_2016 2015 Revista Universo -1\u00aa Edi\u00e7\u00e3o de 2015 2014 Revista Universo - 3\u00aa Edi\u00e7\u00e3o de 2014","rel":"","context":"Post similar","block_context":{"text":"Post similar","link":""},"img":{"alt_text":"","src":"","width":0,"height":0},"classes":[]}],"_links":{"self":[{"href":"https:\/\/wp.ufpel.edu.br\/empauta\/wp-json\/wp\/v2\/pages\/2","targetHints":{"allow":["GET"]}}],"collection":[{"href":"https:\/\/wp.ufpel.edu.br\/empauta\/wp-json\/wp\/v2\/pages"}],"about":[{"href":"https:\/\/wp.ufpel.edu.br\/empauta\/wp-json\/wp\/v2\/types\/page"}],"author":[{"embeddable":true,"href":"https:\/\/wp.ufpel.edu.br\/empauta\/wp-json\/wp\/v2\/users\/587"}],"replies":[{"embeddable":true,"href":"https:\/\/wp.ufpel.edu.br\/empauta\/wp-json\/wp\/v2\/comments?post=2"}],"version-history":[{"count":3,"href":"https:\/\/wp.ufpel.edu.br\/empauta\/wp-json\/wp\/v2\/pages\/2\/revisions"}],"predecessor-version":[{"id":7389,"href":"https:\/\/wp.ufpel.edu.br\/empauta\/wp-json\/wp\/v2\/pages\/2\/revisions\/7389"}],"wp:attachment":[{"href":"https:\/\/wp.ufpel.edu.br\/empauta\/wp-json\/wp\/v2\/media?parent=2"}],"curies":[{"name":"wp","href":"https:\/\/api.w.org\/{rel}","templated":true}]}}