{"id":1021,"date":"2022-06-24T09:01:26","date_gmt":"2022-06-24T12:01:26","guid":{"rendered":"https:\/\/wp.ufpel.edu.br\/dpvsa2022\/?page_id=8"},"modified":"2024-10-08T09:02:56","modified_gmt":"2024-10-08T12:02:56","slug":"organizacao","status":"publish","type":"page","link":"https:\/\/wp.ufpel.edu.br\/emicrosim2024\/organizacao\/","title":{"rendered":"Organiza\u00e7\u00e3o"},"content":{"rendered":"<p>&nbsp;<\/p>\n<table class=\"aligncenter\" style=\"width: 30%; border-collapse: collapse; height: 100px;\" border=\"1\">\n<tbody>\n<tr>\n<td style=\"width: 100%;\"><span style=\"font-size: 14pt;\"><strong>Coordena\u00e7\u00e3o Geral:<\/strong><\/span><\/td>\n<\/tr>\n<tr>\n<td style=\"width: 100%;\">Prof. F\u00e1bio Ramos (Unipampa)<br \/>\nProf. Alessandro Girardi (Unipampa)<\/td>\n<\/tr>\n<\/tbody>\n<\/table>\n<table class=\"aligncenter\" style=\"border-collapse: collapse; width: 30%; height: 180px;\" border=\"1\">\n<tbody>\n<tr>\n<td style=\"width: 356.264px;\"><span style=\"font-size: 14pt;\"><strong>Coordena\u00e7\u00e3o de Programa da EMicro:<\/strong><\/span><\/td>\n<\/tr>\n<tr>\n<td style=\"width: 356.264px;\">Prof. Bruno Zatt (UFPel)<br \/>\nProf. Marcelo Porto (UFPel)<br \/>\nProf. Sidinei Ghissoni (Unipampa)<br \/>\nProf. Paulo Aguirre (Unipampa)<\/td>\n<\/tr>\n<\/tbody>\n<\/table>\n<table class=\"aligncenter\" style=\"border-collapse: collapse; width: 30%; height: 140px;\" border=\"1\">\n<tbody>\n<tr style=\"height: 10px;\">\n<td style=\"width: 298.736px; height: 10px;\"><span style=\"font-size: 14pt;\"><strong>Coordena\u00e7\u00e3o de Programa do SIM:<\/strong><\/span><\/td>\n<\/tr>\n<tr style=\"height: 71px;\">\n<td style=\"width: 298.736px; height: 71px;\">Prof\u00aa. Cristina Meinhardt (UFSC)<br \/>\nProf. Mateus Grellert (UFRGS)<br \/>\nProf. Bernardo Leite (UFPR)<\/td>\n<\/tr>\n<\/tbody>\n<\/table>\n<table class=\"aligncenter\" style=\"border-collapse: collapse; width: 30%; height: 180px;\" border=\"1\">\n<tbody>\n<tr>\n<td style=\"width: 100%;\"><span style=\"font-size: 14pt;\"><strong>Coordena\u00e7\u00e3o Local:<\/strong><\/span><\/td>\n<\/tr>\n<tr>\n<td style=\"width: 100%;\">Prof. Carlos Betemps (Unipampa)<br \/>\nProf. Julio Sara\u00e7ol (Unipampa)<br \/>\nMsc. Ricardo Robaina (Red Hat)<br \/>\nProf. Bruno Neves (Unipampa)<\/td>\n<\/tr>\n<\/tbody>\n<\/table>\n<table class=\"aligncenter\" style=\"border-collapse: collapse; width: 30%; height: 60px;\" border=\"1\">\n<tbody>\n<tr>\n<td style=\"width: 99.7283%;\"><span style=\"font-size: 14pt;\"><strong>Coordena\u00e7\u00e3o de Registro:<\/strong><\/span><\/td>\n<\/tr>\n<tr>\n<td style=\"width: 99.7283%;\">Prof. Roger Porto (IFSul)<\/td>\n<\/tr>\n<\/tbody>\n<\/table>\n<table class=\"aligncenter\" style=\"border-collapse: collapse; width: 30%; height: 60px;\" border=\"1\">\n<tbody>\n<tr>\n<td style=\"width: 99.7283%;\"><span style=\"font-size: 14pt;\"><strong>Coordena\u00e7\u00e3o de Publicidade:<\/strong><\/span><\/td>\n<\/tr>\n<tr>\n<td style=\"width: 99.7283%;\">Prof\u00aa. Talita Borges (IFSul)<\/td>\n<\/tr>\n<\/tbody>\n<\/table>\n<table class=\"aligncenter\" style=\"border-collapse: collapse; width: 30%; height: 60px;\" border=\"1\">\n<tbody>\n<tr>\n<td style=\"width: 99.7283%;\"><span style=\"font-size: 14pt;\"><strong>Coordena\u00e7\u00e3o Web:<\/strong><\/span><\/td>\n<\/tr>\n<tr>\n<td style=\"width: 99.7283%;\">Prof. Daniel Palomino (UFPel)<\/td>\n<\/tr>\n<\/tbody>\n<\/table>\n<table class=\"aligncenter\" style=\"border-collapse: collapse; width: 30%; height: 60px;\" border=\"1\">\n<tbody>\n<tr>\n<td style=\"width: 99.7283%;\"><span style=\"font-size: 14pt;\"><strong>Coordena\u00e7\u00e3o Operacional:<\/strong><\/span><\/td>\n<\/tr>\n<tr>\n<td style=\"width: 99.7283%;\">Vimar Villela Ravagnani (SBMicro)<\/td>\n<\/tr>\n<\/tbody>\n<\/table>\n<p>&nbsp;<\/p>\n","protected":false},"excerpt":{"rendered":"<p>&nbsp; Coordena\u00e7\u00e3o Geral: Prof. F\u00e1bio Ramos (Unipampa) Prof. Alessandro Girardi (Unipampa) Coordena\u00e7\u00e3o de Programa da EMicro: Prof. Bruno Zatt (UFPel) Prof. Marcelo Porto (UFPel) Prof. Sidinei Ghissoni (Unipampa) Prof. Paulo Aguirre (Unipampa) Coordena\u00e7\u00e3o de&#46;&#46;&#46;<\/p>\n","protected":false},"author":746,"featured_media":0,"parent":0,"menu_order":0,"comment_status":"closed","ping_status":"closed","template":"","meta":{"footnotes":""},"class_list":["post-1021","page","type-page","status-publish","hentry"],"_links":{"self":[{"href":"https:\/\/wp.ufpel.edu.br\/emicrosim2024\/wp-json\/wp\/v2\/pages\/1021","targetHints":{"allow":["GET"]}}],"collection":[{"href":"https:\/\/wp.ufpel.edu.br\/emicrosim2024\/wp-json\/wp\/v2\/pages"}],"about":[{"href":"https:\/\/wp.ufpel.edu.br\/emicrosim2024\/wp-json\/wp\/v2\/types\/page"}],"author":[{"embeddable":true,"href":"https:\/\/wp.ufpel.edu.br\/emicrosim2024\/wp-json\/wp\/v2\/users\/746"}],"replies":[{"embeddable":true,"href":"https:\/\/wp.ufpel.edu.br\/emicrosim2024\/wp-json\/wp\/v2\/comments?post=1021"}],"version-history":[{"count":60,"href":"https:\/\/wp.ufpel.edu.br\/emicrosim2024\/wp-json\/wp\/v2\/pages\/1021\/revisions"}],"predecessor-version":[{"id":1553,"href":"https:\/\/wp.ufpel.edu.br\/emicrosim2024\/wp-json\/wp\/v2\/pages\/1021\/revisions\/1553"}],"wp:attachment":[{"href":"https:\/\/wp.ufpel.edu.br\/emicrosim2024\/wp-json\/wp\/v2\/media?parent=1021"}],"curies":[{"name":"wp","href":"https:\/\/api.w.org\/{rel}","templated":true}]}}