{"id":914,"date":"2023-05-29T09:41:52","date_gmt":"2023-05-29T12:41:52","guid":{"rendered":"https:\/\/wp.ufpel.edu.br\/emicrosim2023\/?page_id=914"},"modified":"2023-05-29T09:41:52","modified_gmt":"2023-05-29T12:41:52","slug":"palestrante-augusto-cesar-gadelha-vieira","status":"publish","type":"page","link":"https:\/\/wp.ufpel.edu.br\/emicrosim2023\/palestrante-augusto-cesar-gadelha-vieira\/","title":{"rendered":"Palestrante &#8211; Augusto Cesar Gadelha Vieira"},"content":{"rendered":"<p style=\"text-align: center;\"><strong><span style=\"font-size: 24pt;\">Augusto Cesar Gadelha Vieira<\/span><br \/>\n<\/strong><strong>CEITEC S.A.<\/strong><\/p>\n<p style=\"text-align: center;\"><img loading=\"lazy\" decoding=\"async\" class=\"alignnone wp-image-910\" src=\"https:\/\/wp.ufpel.edu.br\/emicrosim2023\/files\/2023\/05\/avatar_augusto-vieira.png\" alt=\"\" width=\"200\" height=\"246\" \/><\/p>\n<h3 style=\"text-align: center;\"><span style=\"font-size: 18pt;\"><em><span data-sheets-value=\"{&quot;1&quot;:2,&quot;2&quot;:&quot;Sustainable Video Streaming Systems&quot;}\" data-sheets-userformat=\"{&quot;2&quot;:577,&quot;3&quot;:{&quot;1&quot;:0},&quot;9&quot;:0,&quot;12&quot;:0}\">Painel: Mercado e guerra de Chips &#8211; Janela para o futuro<\/span><\/em><\/span><\/h3>\n<p style=\"text-align: center;\">Painel<\/p>\n<p style=\"text-align: center;\">Data: 01\/06 &#8211; 13:30<\/p>\n<p>&nbsp;<\/p>\n<p><span style=\"font-size: 14pt;\"><strong>Biography<\/strong><\/span><\/p>\n<p style=\"text-align: justify; padding-left: 40px;\">Gradua\u00e7\u00e3o(71) e mestrado (73) em Engenharia El\u00e9trica &#8211; Telecomunica\u00e7\u00f5es, pela PUC-RJ e, pela Stanford University, USA: M.Sc. in Statistics(76), M.Sc. in Economic Engineering\/Management in Science &amp; Engineering (76) e Ph.D. in Electrical Engineering (78). \u00c9 Professor Adjunto IV do Instituto de Matem\u00e1tica da Universidade Federal do Rio de Janeiro &#8211; IM\/UFRJ, desde julho 1986. Pesquisador do Laborat\u00f3rio Nacional de Computa\u00e7\u00e3o Cient\u00edfica (LNCC\/MCTI) a partir de 1982, se aposentando como Pesquisador Titular em 2000. Professor Visitante e Adjunto da UFC de 1978 a 1982. CARGOS EXERCIDOS: &#8211; Superintendente de TIC da UFRJ desde 21\/05\/2021; &#8211; Diretor do LNCC de 01\/12\/2015 a 21\/01\/2021; &#8211; Diretor do DATASUS\/Minist\u00e9rio da Sa\u00fade, de 02\/2011 a 01\/2015; &#8211; Secret\u00e1rio de Pol\u00edtica de Inform\u00e1tica do Minist\u00e9rio da Ci\u00eancia e Tecnologia (SEPIN\/MCT), de 02\/12\/2005 a 31\/01\/2011; &#8211; Secret\u00e1rio de Desenvolvimento Tecnol\u00f3gico e Inova\u00e7\u00e3o (SETEC\/MCT), de 01\/09\/2005 a 27\/04\/2006; &#8211; Diretor do Departamento de Ind\u00fastria, Ci\u00eancia e Tecnologia da Secretaria de Telecomunica\u00e7\u00f5es do Minist\u00e9rio das Comunica\u00e7\u00f5es, de 10\/11\/2004 a 11\/08\/2005; &#8211; Chefe de Departamento de Estat\u00edstica do IM\/UFRJ, de 08\/1999 a 07\/2004; &#8211; Diretor Adjunto do LNCC, 1985 a 1997. Presidiu os Conselhos de Administra\u00e7\u00e3o da CEITEC S.A. Semiconductors, de 15\/04\/2009 a 27\/04\/2011, e da RNP &#8211; Rede Nacional de Ensino e Pesquisa, 2005 a jan 2011. Coordenador do Comit\u00ea Gestor da Internet no Brasil &#8211; CGI.br, de dez 2005 a jan 2011. Membro do Grupo Gestor do SBTVD -Sistema Brasileiro de Televis\u00e3o Digital- que implantou a TV Digital no Brasil, tendo sido seu coordenador no per\u00edodo de 2004-2005; comp\u00f4s o Brazil-Japan Joint Working Group on Digital Television. Em 2006 fez parte da miss\u00e3o ao Jap\u00e3o que negociou o acordo Brasil-Jap\u00e3o para ado\u00e7\u00e3o do padr\u00e3o japon\u00eas ISDB-T de TV Digital. Participou em v\u00e1rios eventos nacionais e internacionais e de visitas oficiais de car\u00e1ter t\u00e9cnico-cient\u00edficas a institui\u00e7\u00f5es no exterior. De 2015 a 2020 liderou as equipes do Brasil do Grupo de Trabalho de TIC e Computa\u00e7\u00e3o de Alto Desempenho (HPC) no \u00e2mbito dos BRICS. De 2006 a 2010, liderou delega\u00e7\u00f5es brasileiras em 13 reuni\u00f5es internacionais da ICANN e 5 do IGF\/UN relativas \u00e0 Internet mundial, tendo coordenado a realiza\u00e7\u00e3o do 2\u00ba IGF- Internet Governance Forum, no Rio de Janeiro. Recebeu a Ordem Nacional do M\u00e9rito Cient\u00edfico na Classe de Comendador e o Pr\u00eamio Notabile Personalidade mais Inovadora no CIO Brasil GOV 2014. Tem experi\u00eancia de pesquisa na \u00e1rea de Processamento de Sinais Digitais.<\/p>\n","protected":false},"excerpt":{"rendered":"<p>Augusto Cesar Gadelha Vieira CEITEC S.A. Painel: Mercado e guerra de Chips &#8211; Janela para o futuro Painel Data: 01\/06 &#8211; 13:30 &nbsp; Biography Gradua\u00e7\u00e3o(71) e mestrado (73) em Engenharia El\u00e9trica &#8211; Telecomunica\u00e7\u00f5es, pela&#46;&#46;&#46;<\/p>\n","protected":false},"author":746,"featured_media":0,"parent":0,"menu_order":0,"comment_status":"closed","ping_status":"closed","template":"","meta":{"footnotes":""},"class_list":["post-914","page","type-page","status-publish","hentry"],"_links":{"self":[{"href":"https:\/\/wp.ufpel.edu.br\/emicrosim2023\/wp-json\/wp\/v2\/pages\/914","targetHints":{"allow":["GET"]}}],"collection":[{"href":"https:\/\/wp.ufpel.edu.br\/emicrosim2023\/wp-json\/wp\/v2\/pages"}],"about":[{"href":"https:\/\/wp.ufpel.edu.br\/emicrosim2023\/wp-json\/wp\/v2\/types\/page"}],"author":[{"embeddable":true,"href":"https:\/\/wp.ufpel.edu.br\/emicrosim2023\/wp-json\/wp\/v2\/users\/746"}],"replies":[{"embeddable":true,"href":"https:\/\/wp.ufpel.edu.br\/emicrosim2023\/wp-json\/wp\/v2\/comments?post=914"}],"version-history":[{"count":1,"href":"https:\/\/wp.ufpel.edu.br\/emicrosim2023\/wp-json\/wp\/v2\/pages\/914\/revisions"}],"predecessor-version":[{"id":916,"href":"https:\/\/wp.ufpel.edu.br\/emicrosim2023\/wp-json\/wp\/v2\/pages\/914\/revisions\/916"}],"wp:attachment":[{"href":"https:\/\/wp.ufpel.edu.br\/emicrosim2023\/wp-json\/wp\/v2\/media?parent=914"}],"curies":[{"name":"wp","href":"https:\/\/api.w.org\/{rel}","templated":true}]}}

<p style="text-align: center;"><strong><span style="font-size: 24pt;">Augusto Cesar Gadelha Vieira</span><br />
</strong><strong>CEITEC S.A.</strong></p>
<p style="text-align: center;"><img loading="lazy" decoding="async" class="alignnone wp-image-910" src="https://wp.ufpel.edu.br/emicrosim2023/files/2023/05/avatar_augusto-vieira.png" alt="" width="200" height="246" /></p>
<h3 style="text-align: center;"><span style="font-size: 18pt;"><em><span data-sheets-value="{&quot;1&quot;:2,&quot;2&quot;:&quot;Sustainable Video Streaming Systems&quot;}" data-sheets-userformat="{&quot;2&quot;:577,&quot;3&quot;:{&quot;1&quot;:0},&quot;9&quot;:0,&quot;12&quot;:0}">Painel: Mercado e guerra de Chips &#8211; Janela para o futuro</span></em></span></h3>
<p style="text-align: center;">Painel</p>
<p style="text-align: center;">Data: 01/06 &#8211; 13:30</p>
<p>&nbsp;</p>
<p><span style="font-size: 14pt;"><strong>Biography</strong></span></p>
<p style="text-align: justify; padding-left: 40px;">Graduação(71) e mestrado (73) em Engenharia Elétrica &#8211; Telecomunicações, pela PUC-RJ e, pela Stanford University, USA: M.Sc. in Statistics(76), M.Sc. in Economic Engineering/Management in Science &amp; Engineering (76) e Ph.D. in Electrical Engineering (78). É Professor Adjunto IV do Instituto de Matemática da Universidade Federal do Rio de Janeiro &#8211; IM/UFRJ, desde julho 1986. Pesquisador do Laboratório Nacional de Computação Científica (LNCC/MCTI) a partir de 1982, se aposentando como Pesquisador Titular em 2000. Professor Visitante e Adjunto da UFC de 1978 a 1982. CARGOS EXERCIDOS: &#8211; Superintendente de TIC da UFRJ desde 21/05/2021; &#8211; Diretor do LNCC de 01/12/2015 a 21/01/2021; &#8211; Diretor do DATASUS/Ministério da Saúde, de 02/2011 a 01/2015; &#8211; Secretário de Política de Informática do Ministério da Ciência e Tecnologia (SEPIN/MCT), de 02/12/2005 a 31/01/2011; &#8211; Secretário de Desenvolvimento Tecnológico e Inovação (SETEC/MCT), de 01/09/2005 a 27/04/2006; &#8211; Diretor do Departamento de Indústria, Ciência e Tecnologia da Secretaria de Telecomunicações do Ministério das Comunicações, de 10/11/2004 a 11/08/2005; &#8211; Chefe de Departamento de Estatística do IM/UFRJ, de 08/1999 a 07/2004; &#8211; Diretor Adjunto do LNCC, 1985 a 1997. Presidiu os Conselhos de Administração da CEITEC S.A. Semiconductors, de 15/04/2009 a 27/04/2011, e da RNP &#8211; Rede Nacional de Ensino e Pesquisa, 2005 a jan 2011. Coordenador do Comitê Gestor da Internet no Brasil &#8211; CGI.br, de dez 2005 a jan 2011. Membro do Grupo Gestor do SBTVD -Sistema Brasileiro de Televisão Digital- que implantou a TV Digital no Brasil, tendo sido seu coordenador no período de 2004-2005; compôs o Brazil-Japan Joint Working Group on Digital Television. Em 2006 fez parte da missão ao Japão que negociou o acordo Brasil-Japão para adoção do padrão japonês ISDB-T de TV Digital. Participou em vários eventos nacionais e internacionais e de visitas oficiais de caráter técnico-científicas a instituições no exterior. De 2015 a 2020 liderou as equipes do Brasil do Grupo de Trabalho de TIC e Computação de Alto Desempenho (HPC) no âmbito dos BRICS. De 2006 a 2010, liderou delegações brasileiras em 13 reuniões internacionais da ICANN e 5 do IGF/UN relativas à Internet mundial, tendo coordenado a realização do 2º IGF- Internet Governance Forum, no Rio de Janeiro. Recebeu a Ordem Nacional do Mérito Científico na Classe de Comendador e o Prêmio Notabile Personalidade mais Inovadora no CIO Brasil GOV 2014. Tem experiência de pesquisa na área de Processamento de Sinais Digitais.</p>

<p>Augusto Cesar Gadelha Vieira CEITEC S.A. Painel: Mercado e guerra de Chips &#8211; Janela para o futuro Painel Data: 01/06 &#8211; 13:30 &nbsp; Biography Graduação(71) e mestrado (73) em Engenharia Elétrica &#8211; Telecomunicações, pela&#46;&#46;&#46;</p>
