{"id":8,"date":"2022-06-24T09:01:26","date_gmt":"2022-06-24T12:01:26","guid":{"rendered":"https:\/\/wp.ufpel.edu.br\/dpvsa2022\/?page_id=8"},"modified":"2023-05-04T10:43:52","modified_gmt":"2023-05-04T13:43:52","slug":"organizacao","status":"publish","type":"page","link":"https:\/\/wp.ufpel.edu.br\/emicrosim2023\/organizacao\/","title":{"rendered":"Organiza\u00e7\u00e3o"},"content":{"rendered":"<p>&nbsp;<\/p>\n<table class=\"aligncenter\" style=\"border-collapse: collapse; width: 29.9165%; height: 579px;\" border=\"1\">\n<tbody>\n<tr style=\"height: 23px;\">\n<td style=\"width: 100%; height: 23px; text-align: center;\"><strong>Coordena\u00e7\u00e3o Geral:<\/strong><\/td>\n<\/tr>\n<tr style=\"height: 23px;\">\n<td style=\"width: 100%; height: 23px; text-align: center;\">Prof. Dr. Andr\u00e9 In\u00e1cio Reis \u2013 UFRGS<br \/>\nProf. Dr. Paulo Francisco Butzen \u2013 UFRGS<\/td>\n<\/tr>\n<tr style=\"height: 23px;\">\n<td style=\"width: 100%; height: 23px; text-align: center;\"><strong>Coordena\u00e7\u00e3o de Programa da EMicro:<\/strong><\/td>\n<\/tr>\n<tr style=\"height: 23px;\">\n<td style=\"width: 100%; height: 23px; text-align: center;\">Prof. Dr. Tiago Balen \u2013 UFRGS<\/td>\n<\/tr>\n<tr style=\"height: 23px;\">\n<td style=\"width: 100%; height: 23px; text-align: center;\"><strong>Coordena\u00e7\u00e3o de Programa do SIM:<\/strong><\/td>\n<\/tr>\n<tr style=\"height: 23px;\">\n<td style=\"width: 100%; height: 23px; text-align: center;\">Prof. Dr. Mateus Grellert da Silva \u2013 UFRGS<\/td>\n<\/tr>\n<tr style=\"height: 23px;\">\n<td style=\"width: 100%; height: 23px; text-align: center;\"><strong>Coordena\u00e7\u00e3o Financeira:<br \/>\n<\/strong><\/td>\n<\/tr>\n<tr style=\"height: 23px;\">\n<td style=\"width: 100%; height: 23px; text-align: center;\">Prof. Dr. Rafael Budim Schvittz \u2013 FURG<\/td>\n<\/tr>\n<tr style=\"height: 23px;\">\n<td style=\"width: 100%; height: 23px; text-align: center;\"><strong>Coordena\u00e7\u00e3o de Divulga\u00e7\u00e3o:<br \/>\n<\/strong><\/td>\n<\/tr>\n<tr style=\"height: 23px;\">\n<td style=\"width: 100%; height: 23px; text-align: center;\">Prof. Dr. Rafael Iankowski Soares \u2013 UFPel<br \/>\nTalita Alves Borges \u2013 UFRGS<\/td>\n<\/tr>\n<tr style=\"height: 23px;\">\n<td style=\"width: 100%; height: 23px; text-align: center;\"><strong>Coordena\u00e7\u00e3o Local:<\/strong><\/td>\n<\/tr>\n<tr style=\"height: 23px;\">\n<td style=\"width: 100%; height: 23px; text-align: center;\">Renato Peralta \u2013 UFRGS<br \/>\nGabriel Ammes \u2013 UFRGS<\/td>\n<\/tr>\n<tr style=\"height: 23px;\">\n<td style=\"width: 100%; height: 23px; text-align: center;\"><strong>Representa\u00e7\u00e3o IEEE CASS:<\/strong><\/td>\n<\/tr>\n<tr style=\"height: 23px;\">\n<td style=\"width: 100%; height: 23px; text-align: center;\">Prof. Dr. Jos\u00e9 Rodrigo Furlanetto de Azambuja \u2013 UFRGS<\/td>\n<\/tr>\n<tr style=\"height: 23px;\">\n<td style=\"width: 100%; height: 23px; text-align: center;\"><strong>Representa\u00e7\u00e3o IEEE SSCS\/EDS:<\/strong><\/td>\n<\/tr>\n<tr style=\"height: 23px;\">\n<td style=\"width: 100%; height: 23px; text-align: center;\">Prof. Dr. Gilson Wirth \u2013 UFRGS<\/td>\n<\/tr>\n<tr style=\"height: 23px;\">\n<td style=\"width: 100%; height: 23px; text-align: center;\"><strong>Representa\u00e7\u00e3o IEEE CEDA:<\/strong><\/td>\n<\/tr>\n<tr style=\"height: 23px;\">\n<td style=\"width: 100%; height: 23px; text-align: center;\">Prof. Dr. Jos\u00e9 Lu\u00eds G\u00fcntzel \u2013 UFSC<\/td>\n<\/tr>\n<\/tbody>\n<\/table>\n<p>&nbsp;<\/p>\n","protected":false},"excerpt":{"rendered":"<p>&nbsp; Coordena\u00e7\u00e3o Geral: Prof. Dr. Andr\u00e9 In\u00e1cio Reis \u2013 UFRGS Prof. Dr. Paulo Francisco Butzen \u2013 UFRGS Coordena\u00e7\u00e3o de Programa da EMicro: Prof. Dr. Tiago Balen \u2013 UFRGS Coordena\u00e7\u00e3o de Programa do SIM: Prof.&#46;&#46;&#46;<\/p>\n","protected":false},"author":746,"featured_media":0,"parent":0,"menu_order":0,"comment_status":"closed","ping_status":"closed","template":"","meta":{"footnotes":""},"class_list":["post-8","page","type-page","status-publish","hentry"],"_links":{"self":[{"href":"https:\/\/wp.ufpel.edu.br\/emicrosim2023\/wp-json\/wp\/v2\/pages\/8","targetHints":{"allow":["GET"]}}],"collection":[{"href":"https:\/\/wp.ufpel.edu.br\/emicrosim2023\/wp-json\/wp\/v2\/pages"}],"about":[{"href":"https:\/\/wp.ufpel.edu.br\/emicrosim2023\/wp-json\/wp\/v2\/types\/page"}],"author":[{"embeddable":true,"href":"https:\/\/wp.ufpel.edu.br\/emicrosim2023\/wp-json\/wp\/v2\/users\/746"}],"replies":[{"embeddable":true,"href":"https:\/\/wp.ufpel.edu.br\/emicrosim2023\/wp-json\/wp\/v2\/comments?post=8"}],"version-history":[{"count":6,"href":"https:\/\/wp.ufpel.edu.br\/emicrosim2023\/wp-json\/wp\/v2\/pages\/8\/revisions"}],"predecessor-version":[{"id":546,"href":"https:\/\/wp.ufpel.edu.br\/emicrosim2023\/wp-json\/wp\/v2\/pages\/8\/revisions\/546"}],"wp:attachment":[{"href":"https:\/\/wp.ufpel.edu.br\/emicrosim2023\/wp-json\/wp\/v2\/media?parent=8"}],"curies":[{"name":"wp","href":"https:\/\/api.w.org\/{rel}","templated":true}]}}

Organização

<p>&nbsp;</p>
<table class="aligncenter" style="border-collapse: collapse; width: 29.9165%; height: 579px;" border="1">
<tbody>
<tr style="height: 23px;">
<td style="width: 100%; height: 23px; text-align: center;"><strong>Coordenação Geral:</strong></td>
</tr>
<tr style="height: 23px;">
<td style="width: 100%; height: 23px; text-align: center;">Prof. Dr. André Inácio Reis – UFRGS<br />
Prof. Dr. Paulo Francisco Butzen – UFRGS</td>
</tr>
<tr style="height: 23px;">
<td style="width: 100%; height: 23px; text-align: center;"><strong>Coordenação de Programa da EMicro:</strong></td>
</tr>
<tr style="height: 23px;">
<td style="width: 100%; height: 23px; text-align: center;">Prof. Dr. Tiago Balen – UFRGS</td>
</tr>
<tr style="height: 23px;">
<td style="width: 100%; height: 23px; text-align: center;"><strong>Coordenação de Programa do SIM:</strong></td>
</tr>
<tr style="height: 23px;">
<td style="width: 100%; height: 23px; text-align: center;">Prof. Dr. Mateus Grellert da Silva – UFRGS</td>
</tr>
<tr style="height: 23px;">
<td style="width: 100%; height: 23px; text-align: center;"><strong>Coordenação Financeira:<br />
</strong></td>
</tr>
<tr style="height: 23px;">
<td style="width: 100%; height: 23px; text-align: center;">Prof. Dr. Rafael Budim Schvittz – FURG</td>
</tr>
<tr style="height: 23px;">
<td style="width: 100%; height: 23px; text-align: center;"><strong>Coordenação de Divulgação:<br />
</strong></td>
</tr>
<tr style="height: 23px;">
<td style="width: 100%; height: 23px; text-align: center;">Prof. Dr. Rafael Iankowski Soares – UFPel<br />
Talita Alves Borges – UFRGS</td>
</tr>
<tr style="height: 23px;">
<td style="width: 100%; height: 23px; text-align: center;"><strong>Coordenação Local:</strong></td>
</tr>
<tr style="height: 23px;">
<td style="width: 100%; height: 23px; text-align: center;">Renato Peralta – UFRGS<br />
Gabriel Ammes – UFRGS</td>
</tr>
<tr style="height: 23px;">
<td style="width: 100%; height: 23px; text-align: center;"><strong>Representação IEEE CASS:</strong></td>
</tr>
<tr style="height: 23px;">
<td style="width: 100%; height: 23px; text-align: center;">Prof. Dr. José Rodrigo Furlanetto de Azambuja – UFRGS</td>
</tr>
<tr style="height: 23px;">
<td style="width: 100%; height: 23px; text-align: center;"><strong>Representação IEEE SSCS/EDS:</strong></td>
</tr>
<tr style="height: 23px;">
<td style="width: 100%; height: 23px; text-align: center;">Prof. Dr. Gilson Wirth – UFRGS</td>
</tr>
<tr style="height: 23px;">
<td style="width: 100%; height: 23px; text-align: center;"><strong>Representação IEEE CEDA:</strong></td>
</tr>
<tr style="height: 23px;">
<td style="width: 100%; height: 23px; text-align: center;">Prof. Dr. José Luís Güntzel – UFSC</td>
</tr>
</tbody>
</table>
<p>&nbsp;</p>

<p>&nbsp; Coordenação Geral: Prof. Dr. André Inácio Reis – UFRGS Prof. Dr. Paulo Francisco Butzen – UFRGS Coordenação de Programa da EMicro: Prof. Dr. Tiago Balen – UFRGS Coordenação de Programa do SIM: Prof.&#46;&#46;&#46;</p>
