{"id":724,"date":"2023-05-23T17:17:41","date_gmt":"2023-05-23T20:17:41","guid":{"rendered":"https:\/\/wp.ufpel.edu.br\/emicrosim2023\/?page_id=724"},"modified":"2023-05-29T10:11:11","modified_gmt":"2023-05-29T13:11:11","slug":"palestrante-sergio-bampi","status":"publish","type":"page","link":"https:\/\/wp.ufpel.edu.br\/emicrosim2023\/palestrante-sergio-bampi\/","title":{"rendered":"Palestrante &#8211; Sergio Bampi"},"content":{"rendered":"<p style=\"text-align: center;\"><strong><span style=\"font-size: 24pt;\">Sergio Bampi<\/span><br \/>\n<\/strong><strong>UFRGS<\/strong><\/p>\n<p style=\"text-align: center;\"><img loading=\"lazy\" decoding=\"async\" class=\"alignnone wp-image-722\" src=\"https:\/\/wp.ufpel.edu.br\/emicrosim2023\/files\/2023\/05\/avatar_sergio-bampi.png\" alt=\"\" width=\"200\" height=\"246\" \/><\/p>\n<h3 style=\"text-align: center;\">Painel &#8211; Mercado e Guerra de Chips &#8211; Janela para o Futuro<\/h3>\n<p style=\"text-align: center;\">Painel (Moderador)<\/p>\n<p style=\"text-align: center;\">Data: 01\/06 &#8211; 17:00<\/p>\n<p>&nbsp;<\/p>\n<p><span style=\"font-size: 14pt;\"><strong>Biography<\/strong><\/span><\/p>\n<p style=\"text-align: justify; padding-left: 40px;\">Professor Titular do Instituto de Inform\u00e1tica da Univ. Federal do Rio Grande do Sul. Graduado em Engenharia Eletr\u00f4nica pela Univ. Federal do Rio Grande do Sul (1979), Bacharel em Fisica pela Universidade Federal do Rio Grande do Sul (1979), mestrado em Engenharia El\u00e9trica &#8211; Microeletr\u00f4nica &#8211; Stanford University (1982) e doutorado em Engenharia El\u00e9trica na \u00e1rea de Microeletr\u00f4nica &#8211; Stanford University (1986). Tem experi\u00eancia na \u00e1rea de Engenharia da Computa\u00e7\u00e3o e Engenharia El\u00e9trica, com \u00eanfase em Hardware e Microeletr\u00f4nica, atuando principalmente nos seguintes temas: projeto de circuitos integrados, projeto de circuitos CMOS mistos anal\u00f3gico-digitais, projeto de CIs RF CMOS, arquiteturas dedicadas para processamento de v\u00eddeo e imagens, processamento de sinais, arquitetura de computadores, modelos de dispositivos integrados MOSFET, medidas el\u00e9tricas em nanodispositivos, microeletr\u00f4nica, nano-eletr\u00f4nica.<\/p>\n","protected":false},"excerpt":{"rendered":"<p>Sergio Bampi UFRGS Painel &#8211; Mercado e Guerra de Chips &#8211; Janela para o Futuro Painel (Moderador) Data: 01\/06 &#8211; 17:00 &nbsp; Biography Professor Titular do Instituto de Inform\u00e1tica da Univ. Federal do Rio&#46;&#46;&#46;<\/p>\n","protected":false},"author":746,"featured_media":0,"parent":0,"menu_order":0,"comment_status":"closed","ping_status":"closed","template":"","meta":{"footnotes":""},"class_list":["post-724","page","type-page","status-publish","hentry"],"_links":{"self":[{"href":"https:\/\/wp.ufpel.edu.br\/emicrosim2023\/wp-json\/wp\/v2\/pages\/724","targetHints":{"allow":["GET"]}}],"collection":[{"href":"https:\/\/wp.ufpel.edu.br\/emicrosim2023\/wp-json\/wp\/v2\/pages"}],"about":[{"href":"https:\/\/wp.ufpel.edu.br\/emicrosim2023\/wp-json\/wp\/v2\/types\/page"}],"author":[{"embeddable":true,"href":"https:\/\/wp.ufpel.edu.br\/emicrosim2023\/wp-json\/wp\/v2\/users\/746"}],"replies":[{"embeddable":true,"href":"https:\/\/wp.ufpel.edu.br\/emicrosim2023\/wp-json\/wp\/v2\/comments?post=724"}],"version-history":[{"count":6,"href":"https:\/\/wp.ufpel.edu.br\/emicrosim2023\/wp-json\/wp\/v2\/pages\/724\/revisions"}],"predecessor-version":[{"id":930,"href":"https:\/\/wp.ufpel.edu.br\/emicrosim2023\/wp-json\/wp\/v2\/pages\/724\/revisions\/930"}],"wp:attachment":[{"href":"https:\/\/wp.ufpel.edu.br\/emicrosim2023\/wp-json\/wp\/v2\/media?parent=724"}],"curies":[{"name":"wp","href":"https:\/\/api.w.org\/{rel}","templated":true}]}}

<p style="text-align: center;"><strong><span style="font-size: 24pt;">Sergio Bampi</span><br />
</strong><strong>UFRGS</strong></p>
<p style="text-align: center;"><img loading="lazy" decoding="async" class="alignnone wp-image-722" src="https://wp.ufpel.edu.br/emicrosim2023/files/2023/05/avatar_sergio-bampi.png" alt="" width="200" height="246" /></p>
<h3 style="text-align: center;">Painel &#8211; Mercado e Guerra de Chips &#8211; Janela para o Futuro</h3>
<p style="text-align: center;">Painel (Moderador)</p>
<p style="text-align: center;">Data: 01/06 &#8211; 17:00</p>
<p>&nbsp;</p>
<p><span style="font-size: 14pt;"><strong>Biography</strong></span></p>
<p style="text-align: justify; padding-left: 40px;">Professor Titular do Instituto de Informática da Univ. Federal do Rio Grande do Sul. Graduado em Engenharia Eletrônica pela Univ. Federal do Rio Grande do Sul (1979), Bacharel em Fisica pela Universidade Federal do Rio Grande do Sul (1979), mestrado em Engenharia Elétrica &#8211; Microeletrônica &#8211; Stanford University (1982) e doutorado em Engenharia Elétrica na área de Microeletrônica &#8211; Stanford University (1986). Tem experiência na área de Engenharia da Computação e Engenharia Elétrica, com ênfase em Hardware e Microeletrônica, atuando principalmente nos seguintes temas: projeto de circuitos integrados, projeto de circuitos CMOS mistos analógico-digitais, projeto de CIs RF CMOS, arquiteturas dedicadas para processamento de vídeo e imagens, processamento de sinais, arquitetura de computadores, modelos de dispositivos integrados MOSFET, medidas elétricas em nanodispositivos, microeletrônica, nano-eletrônica.</p>

<p>Sergio Bampi UFRGS Painel &#8211; Mercado e Guerra de Chips &#8211; Janela para o Futuro Painel (Moderador) Data: 01/06 &#8211; 17:00 &nbsp; Biography Professor Titular do Instituto de Informática da Univ. Federal do Rio&#46;&#46;&#46;</p>
