{"id":580,"date":"2023-05-11T14:21:45","date_gmt":"2023-05-11T17:21:45","guid":{"rendered":"https:\/\/wp.ufpel.edu.br\/emicrosim2023\/?page_id=580"},"modified":"2023-05-11T14:23:00","modified_gmt":"2023-05-11T17:23:00","slug":"palestrante-renato-ribas","status":"publish","type":"page","link":"https:\/\/wp.ufpel.edu.br\/emicrosim2023\/palestrante-renato-ribas\/","title":{"rendered":"Palestrante &#8211; Renato Ribas"},"content":{"rendered":"<p style=\"text-align: center;\"><strong><span style=\"font-size: 24pt;\">Renato Perez Ribas<\/span><br \/>\n<\/strong><strong><span data-sheets-value=\"{&quot;1&quot;:2,&quot;2&quot;:&quot;Federal University of Paran\u00e1 (UFPR)&quot;}\" data-sheets-userformat=\"{&quot;2&quot;:513,&quot;3&quot;:{&quot;1&quot;:0},&quot;12&quot;:0}\">UFRGS<\/span><\/strong><\/p>\n<p style=\"text-align: center;\"><img loading=\"lazy\" decoding=\"async\" class=\"alignnone wp-image-583\" src=\"https:\/\/wp.ufpel.edu.br\/emicrosim2023\/files\/2023\/05\/avatar_renato-ribas.png\" alt=\"\" width=\"200\" height=\"246\" \/><\/p>\n<h3 style=\"text-align: center;\"><span style=\"font-size: 18pt;\"><em><span data-sheets-value=\"{&quot;1&quot;:2,&quot;2&quot;:&quot;5 Years of Learned Compression - What's Next?&quot;}\" data-sheets-userformat=\"{&quot;2&quot;:513,&quot;3&quot;:{&quot;1&quot;:0},&quot;12&quot;:0}\">Reaproveitamento e Descarte de Res\u00edduos Eletr\u00f4nicos<\/span><\/em><\/span><\/h3>\n<p style=\"text-align: center;\">Short Talk<\/p>\n<p style=\"text-align: center;\">Data: 30\/05 &#8211; 17:00<\/p>\n<p>&nbsp;<\/p>\n<p><span style=\"font-size: 14pt;\"><strong>Abstract<\/strong><\/span><\/p>\n<p style=\"padding-left: 40px; text-align: justify;\"><span data-sheets-value=\"{&quot;1&quot;:2,&quot;2&quot;:&quot;Since its emergence about half a decade ago, the field of learned data compression has attracted considerable attention. Using machine learning in source coding promises faster innovation cycles, as well as better adaptation to novel data modalities and nonlinear distortion metrics. For example, image codecs can now be end-to-end optimized to perform best for specific types of images, by simply replacing the training set. They may be designed to minimize a given perceptual metric, or in fact any differentiable perceptual loss function, without the need to evaluate it during encoding. In this talk, I will first review the current state of learned data compression, and then discuss one of the next challenges in learned image compression: developing better models of human perception, and improving realism of reconstructed images.&quot;}\" data-sheets-userformat=\"{&quot;2&quot;:769,&quot;3&quot;:{&quot;1&quot;:0},&quot;11&quot;:4,&quot;12&quot;:0}\">TBD<\/span><\/p>\n<p><span style=\"font-size: 14pt;\"><strong>Biography<\/strong><\/span><\/p>\n<p style=\"text-align: justify; padding-left: 40px;\">Professor Titular do Instituto de Inform\u00e1tica da UFRGS. Graduado em Engenharia Eletrica pela Universidade Federal do Rio Grande do Sul &#8211; UFRGS (1991), mestre em Engenharia El\u00e9trica pela Universidade Estadual de Campinas &#8211; Unicamp (1994) e doutor em Microeletr\u00f4nica pelo Institut National Polytechnique de Grenoble &#8211; INPG, Fran\u00e7a (1998). P\u00f3s-doutorado na University of British Columbia, Canad\u00e1 (2010-2011). Cientista-chefe na empresa Nangate Inc., Herlev &#8211; Dinamarca, de set\/2005 a jul\/2006. Projetista de circuitos integrados no Centro Tecnol\u00f3gico para Inform\u00e1tica &#8211; CTI, em Campinas ? SP, de ago\/1991 a jun\/1994. Realizou seus estudos de doutorado no Laborat\u00f3rio TIMA, em Grenoble &#8211; Fran\u00e7a, sob a supervis\u00e3o de Bernard Courtois e Jean-Michel Karam. Trabalhou como pesquisador visitante na Pontif\u00edcia Universidade Cat\u00f3lica de Campinas &#8211; PUC-Campinas, em 1999, com apoio da ag\u00eancia de fomento Fapesp &#8211; SP. Docente do Departamento de Inform\u00e1tica Aplicada, no Instituto de Inform\u00e1tica da UFRGS, desde jan\/2000. Coordenou o laborat\u00f3rio de pesquisa Nangate-UFRGS Research Lab, de ago\/2006 a jul\/2009, dentro do conv\u00eanio de colabora\u00e7\u00e3o em P&amp;D entre a UFRGS e a empresa dinamarquesa Nangate. Presidente da Sociedade Brasileira de Microeletr\u00f4nica no bi\u00eanio 2000-2002, diretor administrativo na gest\u00e3o 2002-2004, vice-presidente nas gest\u00f5es 2008-2010 e 2010-2012, e membro do conselho desta sociedade cient\u00edfica no per\u00edodo 1999-2000, 2005-2008 e 2017-2020. Editor da revista cient\u00edfica Journal of Integrated Circuits and Systems (JICS) SBMicro\/SBC, 2021-2022. Coordenador do curso de Engenharia de Computa\u00e7\u00e3o da UFRGS nas gest\u00f5es 2003-2004 e 2007-2008. Coordenador geral do evento &#8211; 17th Symposium on Microelectronics Technology and Devices? &#8211; SBMicro2002, em Porto Alegre &#8211; RS. Coordenador financeiro dos eventos &#8211; Chip-in-the-Pampa 2008 &#8211; (SBMicro2008, SBCCI2008, SForum2008), em Gramado\/RS, 28th South Symposium on Microelectronics (SIM 2013) e XV Microelectronics School (EMicro-Sul 2013), em Porto Alegre\/RS. Coordenador de programa do evento &#8220;22nd Symposium on Integrated Circuits and Systems Design&#8221; &#8211; SBCCI2009, em Natal\/RN. Coordenador dos conv\u00eanios pela Lei de Inform\u00e1tica da UFRGS com as empresas Motorola, em 2000-2001, e Dell Computadores do Brasil, em 2002-2005. Participante em diversos Conselhos como do Centro de Microscopia Eletr\u00f4nica ? UFRGS, de 2003 a 2005, do Instituto de Inform\u00e1tica &#8211; UFRGS no per\u00edodo de 2001 a 2004 e 2007 a 2010, e do Centro de Excel\u00eancia em Tecnologia Eletr\u00f4nica Avan\u00e7ada &#8211; CEITEC no per\u00edodo de 2003 a 2004 como membro suplente representante da SBMicro. Membro do Comit\u00ea Gestor do Programa CI-Brasil do MCT no per\u00edodo de 2008-2010, e chefe do Depto. Inform\u00e1tica Aplicada da UFRGS no per\u00edodo de 2009-2010. Como \u00e1reas de interesse est\u00e3o o projeto de circuitos integrados digitais e MEMS, incluindo o desenvolvimento de modelos e ferramentas de CAD relacionados a esses t\u00f3picos.<\/p>\n","protected":false},"excerpt":{"rendered":"<p>Renato Perez Ribas UFRGS Reaproveitamento e Descarte de Res\u00edduos Eletr\u00f4nicos Short Talk Data: 30\/05 &#8211; 17:00 &nbsp; Abstract TBD Biography Professor Titular do Instituto de Inform\u00e1tica da UFRGS. Graduado em Engenharia Eletrica pela Universidade&#46;&#46;&#46;<\/p>\n","protected":false},"author":746,"featured_media":0,"parent":0,"menu_order":0,"comment_status":"closed","ping_status":"closed","template":"","meta":{"footnotes":""},"class_list":["post-580","page","type-page","status-publish","hentry"],"_links":{"self":[{"href":"https:\/\/wp.ufpel.edu.br\/emicrosim2023\/wp-json\/wp\/v2\/pages\/580","targetHints":{"allow":["GET"]}}],"collection":[{"href":"https:\/\/wp.ufpel.edu.br\/emicrosim2023\/wp-json\/wp\/v2\/pages"}],"about":[{"href":"https:\/\/wp.ufpel.edu.br\/emicrosim2023\/wp-json\/wp\/v2\/types\/page"}],"author":[{"embeddable":true,"href":"https:\/\/wp.ufpel.edu.br\/emicrosim2023\/wp-json\/wp\/v2\/users\/746"}],"replies":[{"embeddable":true,"href":"https:\/\/wp.ufpel.edu.br\/emicrosim2023\/wp-json\/wp\/v2\/comments?post=580"}],"version-history":[{"count":1,"href":"https:\/\/wp.ufpel.edu.br\/emicrosim2023\/wp-json\/wp\/v2\/pages\/580\/revisions"}],"predecessor-version":[{"id":584,"href":"https:\/\/wp.ufpel.edu.br\/emicrosim2023\/wp-json\/wp\/v2\/pages\/580\/revisions\/584"}],"wp:attachment":[{"href":"https:\/\/wp.ufpel.edu.br\/emicrosim2023\/wp-json\/wp\/v2\/media?parent=580"}],"curies":[{"name":"wp","href":"https:\/\/api.w.org\/{rel}","templated":true}]}}

<p style="text-align: center;"><strong><span style="font-size: 24pt;">Renato Perez Ribas</span><br />
</strong><strong><span data-sheets-value="{&quot;1&quot;:2,&quot;2&quot;:&quot;Federal University of Paraná (UFPR)&quot;}" data-sheets-userformat="{&quot;2&quot;:513,&quot;3&quot;:{&quot;1&quot;:0},&quot;12&quot;:0}">UFRGS</span></strong></p>
<p style="text-align: center;"><img loading="lazy" decoding="async" class="alignnone wp-image-583" src="https://wp.ufpel.edu.br/emicrosim2023/files/2023/05/avatar_renato-ribas.png" alt="" width="200" height="246" /></p>
<h3 style="text-align: center;"><span style="font-size: 18pt;"><em><span data-sheets-value="{&quot;1&quot;:2,&quot;2&quot;:&quot;5 Years of Learned Compression - What's Next?&quot;}" data-sheets-userformat="{&quot;2&quot;:513,&quot;3&quot;:{&quot;1&quot;:0},&quot;12&quot;:0}">Reaproveitamento e Descarte de Resíduos Eletrônicos</span></em></span></h3>
<p style="text-align: center;">Short Talk</p>
<p style="text-align: center;">Data: 30/05 &#8211; 17:00</p>
<p>&nbsp;</p>
<p><span style="font-size: 14pt;"><strong>Abstract</strong></span></p>
<p style="padding-left: 40px; text-align: justify;"><span data-sheets-value="{&quot;1&quot;:2,&quot;2&quot;:&quot;Since its emergence about half a decade ago, the field of learned data compression has attracted considerable attention. Using machine learning in source coding promises faster innovation cycles, as well as better adaptation to novel data modalities and nonlinear distortion metrics. For example, image codecs can now be end-to-end optimized to perform best for specific types of images, by simply replacing the training set. They may be designed to minimize a given perceptual metric, or in fact any differentiable perceptual loss function, without the need to evaluate it during encoding. In this talk, I will first review the current state of learned data compression, and then discuss one of the next challenges in learned image compression: developing better models of human perception, and improving realism of reconstructed images.&quot;}" data-sheets-userformat="{&quot;2&quot;:769,&quot;3&quot;:{&quot;1&quot;:0},&quot;11&quot;:4,&quot;12&quot;:0}">TBD</span></p>
<p><span style="font-size: 14pt;"><strong>Biography</strong></span></p>
<p style="text-align: justify; padding-left: 40px;">Professor Titular do Instituto de Informática da UFRGS. Graduado em Engenharia Eletrica pela Universidade Federal do Rio Grande do Sul &#8211; UFRGS (1991), mestre em Engenharia Elétrica pela Universidade Estadual de Campinas &#8211; Unicamp (1994) e doutor em Microeletrônica pelo Institut National Polytechnique de Grenoble &#8211; INPG, França (1998). Pós-doutorado na University of British Columbia, Canadá (2010-2011). Cientista-chefe na empresa Nangate Inc., Herlev &#8211; Dinamarca, de set/2005 a jul/2006. Projetista de circuitos integrados no Centro Tecnológico para Informática &#8211; CTI, em Campinas ? SP, de ago/1991 a jun/1994. Realizou seus estudos de doutorado no Laboratório TIMA, em Grenoble &#8211; França, sob a supervisão de Bernard Courtois e Jean-Michel Karam. Trabalhou como pesquisador visitante na Pontifícia Universidade Católica de Campinas &#8211; PUC-Campinas, em 1999, com apoio da agência de fomento Fapesp &#8211; SP. Docente do Departamento de Informática Aplicada, no Instituto de Informática da UFRGS, desde jan/2000. Coordenou o laboratório de pesquisa Nangate-UFRGS Research Lab, de ago/2006 a jul/2009, dentro do convênio de colaboração em P&amp;D entre a UFRGS e a empresa dinamarquesa Nangate. Presidente da Sociedade Brasileira de Microeletrônica no biênio 2000-2002, diretor administrativo na gestão 2002-2004, vice-presidente nas gestões 2008-2010 e 2010-2012, e membro do conselho desta sociedade científica no período 1999-2000, 2005-2008 e 2017-2020. Editor da revista científica Journal of Integrated Circuits and Systems (JICS) SBMicro/SBC, 2021-2022. Coordenador do curso de Engenharia de Computação da UFRGS nas gestões 2003-2004 e 2007-2008. Coordenador geral do evento &#8211; 17th Symposium on Microelectronics Technology and Devices? &#8211; SBMicro2002, em Porto Alegre &#8211; RS. Coordenador financeiro dos eventos &#8211; Chip-in-the-Pampa 2008 &#8211; (SBMicro2008, SBCCI2008, SForum2008), em Gramado/RS, 28th South Symposium on Microelectronics (SIM 2013) e XV Microelectronics School (EMicro-Sul 2013), em Porto Alegre/RS. Coordenador de programa do evento &#8220;22nd Symposium on Integrated Circuits and Systems Design&#8221; &#8211; SBCCI2009, em Natal/RN. Coordenador dos convênios pela Lei de Informática da UFRGS com as empresas Motorola, em 2000-2001, e Dell Computadores do Brasil, em 2002-2005. Participante em diversos Conselhos como do Centro de Microscopia Eletrônica ? UFRGS, de 2003 a 2005, do Instituto de Informática &#8211; UFRGS no período de 2001 a 2004 e 2007 a 2010, e do Centro de Excelência em Tecnologia Eletrônica Avançada &#8211; CEITEC no período de 2003 a 2004 como membro suplente representante da SBMicro. Membro do Comitê Gestor do Programa CI-Brasil do MCT no período de 2008-2010, e chefe do Depto. Informática Aplicada da UFRGS no período de 2009-2010. Como áreas de interesse estão o projeto de circuitos integrados digitais e MEMS, incluindo o desenvolvimento de modelos e ferramentas de CAD relacionados a esses tópicos.</p>

<p>Renato Perez Ribas UFRGS Reaproveitamento e Descarte de Resíduos Eletrônicos Short Talk Data: 30/05 &#8211; 17:00 &nbsp; Abstract TBD Biography Professor Titular do Instituto de Informática da UFRGS. Graduado em Engenharia Eletrica pela Universidade&#46;&#46;&#46;</p>
