{"id":498,"date":"2023-04-28T12:37:50","date_gmt":"2023-04-28T15:37:50","guid":{"rendered":"https:\/\/wp.ufpel.edu.br\/emicrosim2023\/?page_id=498"},"modified":"2023-05-25T11:26:43","modified_gmt":"2023-05-25T14:26:43","slug":"palestrante-marcelo-lubaszewski","status":"publish","type":"page","link":"https:\/\/wp.ufpel.edu.br\/emicrosim2023\/palestrante-marcelo-lubaszewski\/","title":{"rendered":"Palestrante &#8211; Marcelo Lubaszewski"},"content":{"rendered":"<p style=\"text-align: center;\"><strong><span style=\"font-size: 24pt;\">Marcelo Lubaszewski<\/span><br \/>\n<\/strong><strong>UFRGS<\/strong><\/p>\n<p style=\"text-align: center;\"><img loading=\"lazy\" decoding=\"async\" class=\"alignnone wp-image-505\" src=\"https:\/\/wp.ufpel.edu.br\/emicrosim2023\/files\/2023\/04\/avatr_Marcelo-Lubaszewski.png\" alt=\"\" width=\"200\" height=\"246\" \/><\/p>\n<h3 style=\"text-align: center;\"><span style=\"font-size: 18pt;\"><em><span data-sheets-value=\"{&quot;1&quot;:2,&quot;2&quot;:&quot;Sustainable Video Streaming Systems&quot;}\" data-sheets-userformat=\"{&quot;2&quot;:577,&quot;3&quot;:{&quot;1&quot;:0},&quot;9&quot;:0,&quot;12&quot;:0}\">Teste e projeto visando o teste de circuitos integrados<br \/>\n<\/span><\/em><\/span><\/h3>\n<p style=\"text-align: center;\">Basic<\/p>\n<p style=\"text-align: center;\">Data: 30\/05 &#8211; 15:30<\/p>\n<p style=\"text-align: center;\">Chair: Claudio Diniz<\/p>\n<p>&nbsp;<\/p>\n<p><span style=\"font-size: 14pt;\"><strong>Abstract<\/strong><\/span><\/p>\n<p style=\"padding-left: 40px; text-align: justify;\"><span data-sheets-value=\"{&quot;1&quot;:2,&quot;2&quot;:&quot;In the past decade, video communication systems have conquered the world. Nowadays, billions of people worldwide use a wide variety of online video services every day. Applications range from videoconferencing and video streaming to social networks and surveillance scenarios. Concurrently, recent studies have found that in 2018, roughly 1% of the global greenhouse gas emissions could be attributed to these online video services, highlighting the need for research targeting energy efficient online video systems. In this talk, we give a broad overview on the energy consumption of these systems and discuss latest research and trendsetting ideas to reduce their carbon footprint.&quot;}\" data-sheets-userformat=\"{&quot;2&quot;:769,&quot;3&quot;:{&quot;1&quot;:0},&quot;11&quot;:4,&quot;12&quot;:0}\">TBD<\/span><\/p>\n<p><span style=\"font-size: 14pt;\"><strong>Biography<\/strong><\/span><\/p>\n<p style=\"text-align: justify; padding-left: 40px;\">Graduou-se em Engenharia El\u00e9trica pela Universidade Federal do Rio Grande do Sul (UFRGS) em 1986, onde recebeu o t\u00edtulo de Mestre em Ci\u00eancia da Computa\u00e7\u00e3o em 1990. Em 1994 concluiu o Doutorado em Microeletr\u00f4nica pelo Institut National Polytechnique de Grenoble, na Fran\u00e7a. Em 2001 esteve em p\u00f3s-doutoramento no Laboratoire dInformatique, Robotique et Micro\u00e9lectronique de Montpellier, Fran\u00e7a, e em 2004, no Instituto Nacional de Microelectr\u00f3nica de Sevilla, Espanha. \u00c9 Professor da UFRGS desde 1990. Na academia, suas \u00e1reas de atua\u00e7\u00e3o concentram-se no projeto e teste de sistemas e circuitos integrados digitais, anal\u00f3gicos e de r\u00e1dio-frequ\u00eancia. Nestes t\u00f3picos, publicou mais de 200 artigos em confer\u00eancias e revistas internacionais. Foi Coordenador ou membro do Comit\u00ea Organizador \/ Comit\u00ea de Programa de mais de uma dezena de eventos patrocinados pela IEEE. Foi Editor-Chefe, Convidado ou Associado de v\u00e1rias Revistas Cient\u00edficas de renome. \u00c9 Pesquisador 1-B do CNPq e serviu como Coordenador, em duas ocasi\u00f5es, do seu Comit\u00ea Assessor de Microeletr\u00f4nica. De 2011 a 2016, esteve cedido \u00e0 Empresa P\u00fablica CEITEC S.A. Durante sua gest\u00e3o, a empresa estabeleceu-se no mercado brasileiro como refer\u00eancia na produ\u00e7\u00e3o e comercializa\u00e7\u00e3o de chips para identifica\u00e7\u00e3o por r\u00e1dio-frequ\u00eancia (RFID) com aplica\u00e7\u00e3o no agroneg\u00f3cio, na sa\u00fade, em sistemas produtivos e log\u00edstica, na mobilidade urbana e na identifica\u00e7\u00e3o pessoal (em particular, com o chip do passaporte brasileiro). De retorno \u00e0 UFRGS, foi nomeado Diretor do Zenit &#8211; Parque Cient\u00edfico e Tecnol\u00f3gico da Universidade. No Zenit, entre janeiro de 2017 e setembro de 2020, desenvolveu a\u00e7\u00f5es de educa\u00e7\u00e3o\/capacita\u00e7\u00e3o empreendedora, incuba\u00e7\u00e3o de neg\u00f3cios (inclusive de impacto social) e inova\u00e7\u00e3o aberta, principalmente as \u00e1reas de engenharia, inform\u00e1tica e biotecnologia. Foi Vice-Presidente do Conselho Municipal de Ci\u00eancia e Tecnologia, membro do Conselho Superior de Inova\u00e7\u00e3o da cidade de Porto Alegre e Vice-Presidente da Sociedade Brasileira de Microeletr\u00f4nica. Atualmente, \u00e9 Coordenador da nova Unidade Embrapii da UFRGS, SIMob &#8211; Sistemas Inteligentes de Mobilidade.<\/p>\n","protected":false},"excerpt":{"rendered":"<p>Marcelo Lubaszewski UFRGS Teste e projeto visando o teste de circuitos integrados Basic Data: 30\/05 &#8211; 15:30 Chair: Claudio Diniz &nbsp; Abstract TBD Biography Graduou-se em Engenharia El\u00e9trica pela Universidade Federal do Rio Grande&#46;&#46;&#46;<\/p>\n","protected":false},"author":746,"featured_media":0,"parent":0,"menu_order":0,"comment_status":"closed","ping_status":"closed","template":"","meta":{"footnotes":""},"class_list":["post-498","page","type-page","status-publish","hentry"],"_links":{"self":[{"href":"https:\/\/wp.ufpel.edu.br\/emicrosim2023\/wp-json\/wp\/v2\/pages\/498","targetHints":{"allow":["GET"]}}],"collection":[{"href":"https:\/\/wp.ufpel.edu.br\/emicrosim2023\/wp-json\/wp\/v2\/pages"}],"about":[{"href":"https:\/\/wp.ufpel.edu.br\/emicrosim2023\/wp-json\/wp\/v2\/types\/page"}],"author":[{"embeddable":true,"href":"https:\/\/wp.ufpel.edu.br\/emicrosim2023\/wp-json\/wp\/v2\/users\/746"}],"replies":[{"embeddable":true,"href":"https:\/\/wp.ufpel.edu.br\/emicrosim2023\/wp-json\/wp\/v2\/comments?post=498"}],"version-history":[{"count":5,"href":"https:\/\/wp.ufpel.edu.br\/emicrosim2023\/wp-json\/wp\/v2\/pages\/498\/revisions"}],"predecessor-version":[{"id":771,"href":"https:\/\/wp.ufpel.edu.br\/emicrosim2023\/wp-json\/wp\/v2\/pages\/498\/revisions\/771"}],"wp:attachment":[{"href":"https:\/\/wp.ufpel.edu.br\/emicrosim2023\/wp-json\/wp\/v2\/media?parent=498"}],"curies":[{"name":"wp","href":"https:\/\/api.w.org\/{rel}","templated":true}]}}

<p style="text-align: center;"><strong><span style="font-size: 24pt;">Marcelo Lubaszewski</span><br />
</strong><strong>UFRGS</strong></p>
<p style="text-align: center;"><img loading="lazy" decoding="async" class="alignnone wp-image-505" src="https://wp.ufpel.edu.br/emicrosim2023/files/2023/04/avatr_Marcelo-Lubaszewski.png" alt="" width="200" height="246" /></p>
<h3 style="text-align: center;"><span style="font-size: 18pt;"><em><span data-sheets-value="{&quot;1&quot;:2,&quot;2&quot;:&quot;Sustainable Video Streaming Systems&quot;}" data-sheets-userformat="{&quot;2&quot;:577,&quot;3&quot;:{&quot;1&quot;:0},&quot;9&quot;:0,&quot;12&quot;:0}">Teste e projeto visando o teste de circuitos integrados<br />
</span></em></span></h3>
<p style="text-align: center;">Basic</p>
<p style="text-align: center;">Data: 30/05 &#8211; 15:30</p>
<p style="text-align: center;">Chair: Claudio Diniz</p>
<p>&nbsp;</p>
<p><span style="font-size: 14pt;"><strong>Abstract</strong></span></p>
<p style="padding-left: 40px; text-align: justify;"><span data-sheets-value="{&quot;1&quot;:2,&quot;2&quot;:&quot;In the past decade, video communication systems have conquered the world. Nowadays, billions of people worldwide use a wide variety of online video services every day. Applications range from videoconferencing and video streaming to social networks and surveillance scenarios. Concurrently, recent studies have found that in 2018, roughly 1% of the global greenhouse gas emissions could be attributed to these online video services, highlighting the need for research targeting energy efficient online video systems. In this talk, we give a broad overview on the energy consumption of these systems and discuss latest research and trendsetting ideas to reduce their carbon footprint.&quot;}" data-sheets-userformat="{&quot;2&quot;:769,&quot;3&quot;:{&quot;1&quot;:0},&quot;11&quot;:4,&quot;12&quot;:0}">TBD</span></p>
<p><span style="font-size: 14pt;"><strong>Biography</strong></span></p>
<p style="text-align: justify; padding-left: 40px;">Graduou-se em Engenharia Elétrica pela Universidade Federal do Rio Grande do Sul (UFRGS) em 1986, onde recebeu o título de Mestre em Ciência da Computação em 1990. Em 1994 concluiu o Doutorado em Microeletrônica pelo Institut National Polytechnique de Grenoble, na França. Em 2001 esteve em pós-doutoramento no Laboratoire dInformatique, Robotique et Microélectronique de Montpellier, França, e em 2004, no Instituto Nacional de Microelectrónica de Sevilla, Espanha. É Professor da UFRGS desde 1990. Na academia, suas áreas de atuação concentram-se no projeto e teste de sistemas e circuitos integrados digitais, analógicos e de rádio-frequência. Nestes tópicos, publicou mais de 200 artigos em conferências e revistas internacionais. Foi Coordenador ou membro do Comitê Organizador / Comitê de Programa de mais de uma dezena de eventos patrocinados pela IEEE. Foi Editor-Chefe, Convidado ou Associado de várias Revistas Científicas de renome. É Pesquisador 1-B do CNPq e serviu como Coordenador, em duas ocasiões, do seu Comitê Assessor de Microeletrônica. De 2011 a 2016, esteve cedido à Empresa Pública CEITEC S.A. Durante sua gestão, a empresa estabeleceu-se no mercado brasileiro como referência na produção e comercialização de chips para identificação por rádio-frequência (RFID) com aplicação no agronegócio, na saúde, em sistemas produtivos e logística, na mobilidade urbana e na identificação pessoal (em particular, com o chip do passaporte brasileiro). De retorno à UFRGS, foi nomeado Diretor do Zenit &#8211; Parque Científico e Tecnológico da Universidade. No Zenit, entre janeiro de 2017 e setembro de 2020, desenvolveu ações de educação/capacitação empreendedora, incubação de negócios (inclusive de impacto social) e inovação aberta, principalmente as áreas de engenharia, informática e biotecnologia. Foi Vice-Presidente do Conselho Municipal de Ciência e Tecnologia, membro do Conselho Superior de Inovação da cidade de Porto Alegre e Vice-Presidente da Sociedade Brasileira de Microeletrônica. Atualmente, é Coordenador da nova Unidade Embrapii da UFRGS, SIMob &#8211; Sistemas Inteligentes de Mobilidade.</p>

<p>Marcelo Lubaszewski UFRGS Teste e projeto visando o teste de circuitos integrados Basic Data: 30/05 &#8211; 15:30 Chair: Claudio Diniz &nbsp; Abstract TBD Biography Graduou-se em Engenharia Elétrica pela Universidade Federal do Rio Grande&#46;&#46;&#46;</p>
