{"id":293,"date":"2022-06-24T08:33:46","date_gmt":"2022-06-24T11:33:46","guid":{"rendered":"https:\/\/wp.ufpel.edu.br\/dpvsa2022\/?page_id=2"},"modified":"2023-02-27T09:19:31","modified_gmt":"2023-02-27T12:19:31","slug":"sobre","status":"publish","type":"page","link":"https:\/\/wp.ufpel.edu.br\/emicrosim2023\/","title":{"rendered":"Sobre"},"content":{"rendered":"<h3><strong>Apresenta\u00e7\u00e3o<\/strong><\/h3>\n<p>A Escola Sul de Microeletr\u00f4nica (EMicro) e o Simp\u00f3sio Sul de Microeletr\u00f4nica (SIM) s\u00e3o eventos de \u00e2mbito regional realizados pela Sociedade Brasileira de Computa\u00e7\u00e3o (SBC) e pela Sociedade Brasileira de Microeletr\u00f4nica (SBMicro). Os eventos congregam palestrantes de reconhecimento internacional, sendo um referencial para a comunidade e um importante papel na divulga\u00e7\u00e3o da microeletr\u00f4nica. EMicro e SIM s\u00e3o principalmente dirigidos a estudantes de cursos t\u00e9cnicos, de gradua\u00e7\u00e3o e de p\u00f3s-gradua\u00e7\u00e3o em Ci\u00eancia da Computa\u00e7\u00e3o e Inform\u00e1tica, Engenharias El\u00e9trica, Eletr\u00f4nica e de Computa\u00e7\u00e3o, bem como docentes destes cursos.<\/p>\n<p><strong>Os eventos EMicro\/SIM 2023 ser\u00e3o realizados no Instituto de Inform\u00e1tica da UFRGS, de 29 de Maio a 2 de Junho de 2023.<\/strong> A programa\u00e7\u00e3o dos eventos refletir\u00e1 os temas e interesses na \u00e1rea de circuitos e sistemas, al\u00e9m de fornecer um f\u00f3rum para a troca de ideias e resultados. Os eventos tamb\u00e9m oferecer\u00e3o uma ampla gama de sess\u00f5es especiais e palestras ministradas por especialistas proeminentes, abrangendo \u00e1reas-chave de pesquisa em microeletr\u00f4nica.<\/p>\n<h3><strong>Objetivos<\/strong><\/h3>\n<p>Promover a difus\u00e3o do conhecimento em projeto de sistemas eletr\u00f4nicos e computacionais realizados em circuitos integrados. Possibilitar aos estudantes e profissionais da computa\u00e7\u00e3o e engenharias o contato com t\u00f3picos de vanguarda da pesquisa em microeletr\u00f4nica. Integrar a comunidade de microeletr\u00f4nica.\u00a0 Prover um f\u00f3rum de discuss\u00e3o sobre a capacita\u00e7\u00e3o de recursos humanos na \u00e1rea, necess\u00e1ria ao desenvolvimento da ind\u00fastria de bens eletr\u00f4nicos e servi\u00e7os no Pa\u00eds. Prover um f\u00f3rum de discuss\u00e3o e\/ou propostas de pol\u00edticas p\u00fablicas para o desenvolvimento da microeletr\u00f4nica na regi\u00e3o Sul e no Brasil.<\/p>\n","protected":false},"excerpt":{"rendered":"<p>Apresenta\u00e7\u00e3o A Escola Sul de Microeletr\u00f4nica (EMicro) e o Simp\u00f3sio Sul de Microeletr\u00f4nica (SIM) s\u00e3o eventos de \u00e2mbito regional realizados pela Sociedade Brasileira de Computa\u00e7\u00e3o (SBC) e pela Sociedade Brasileira de Microeletr\u00f4nica (SBMicro). Os&#46;&#46;&#46;<\/p>\n","protected":false},"author":746,"featured_media":0,"parent":0,"menu_order":0,"comment_status":"closed","ping_status":"closed","template":"","meta":{"footnotes":""},"class_list":["post-293","page","type-page","status-publish","hentry"],"_links":{"self":[{"href":"https:\/\/wp.ufpel.edu.br\/emicrosim2023\/wp-json\/wp\/v2\/pages\/293","targetHints":{"allow":["GET"]}}],"collection":[{"href":"https:\/\/wp.ufpel.edu.br\/emicrosim2023\/wp-json\/wp\/v2\/pages"}],"about":[{"href":"https:\/\/wp.ufpel.edu.br\/emicrosim2023\/wp-json\/wp\/v2\/types\/page"}],"author":[{"embeddable":true,"href":"https:\/\/wp.ufpel.edu.br\/emicrosim2023\/wp-json\/wp\/v2\/users\/746"}],"replies":[{"embeddable":true,"href":"https:\/\/wp.ufpel.edu.br\/emicrosim2023\/wp-json\/wp\/v2\/comments?post=293"}],"version-history":[{"count":8,"href":"https:\/\/wp.ufpel.edu.br\/emicrosim2023\/wp-json\/wp\/v2\/pages\/293\/revisions"}],"predecessor-version":[{"id":368,"href":"https:\/\/wp.ufpel.edu.br\/emicrosim2023\/wp-json\/wp\/v2\/pages\/293\/revisions\/368"}],"wp:attachment":[{"href":"https:\/\/wp.ufpel.edu.br\/emicrosim2023\/wp-json\/wp\/v2\/media?parent=293"}],"curies":[{"name":"wp","href":"https:\/\/api.w.org\/{rel}","templated":true}]}}

<h3><strong>Apresentação</strong></h3>
<p>A Escola Sul de Microeletrônica (EMicro) e o Simpósio Sul de Microeletrônica (SIM) são eventos de âmbito regional realizados pela Sociedade Brasileira de Computação (SBC) e pela Sociedade Brasileira de Microeletrônica (SBMicro). Os eventos congregam palestrantes de reconhecimento internacional, sendo um referencial para a comunidade e um importante papel na divulgação da microeletrônica. EMicro e SIM são principalmente dirigidos a estudantes de cursos técnicos, de graduação e de pós-graduação em Ciência da Computação e Informática, Engenharias Elétrica, Eletrônica e de Computação, bem como docentes destes cursos.</p>
<p><strong>Os eventos EMicro/SIM 2023 serão realizados no Instituto de Informática da UFRGS, de 29 de Maio a 2 de Junho de 2023.</strong> A programação dos eventos refletirá os temas e interesses na área de circuitos e sistemas, além de fornecer um fórum para a troca de ideias e resultados. Os eventos também oferecerão uma ampla gama de sessões especiais e palestras ministradas por especialistas proeminentes, abrangendo áreas-chave de pesquisa em microeletrônica.</p>
<h3><strong>Objetivos</strong></h3>
<p>Promover a difusão do conhecimento em projeto de sistemas eletrônicos e computacionais realizados em circuitos integrados. Possibilitar aos estudantes e profissionais da computação e engenharias o contato com tópicos de vanguarda da pesquisa em microeletrônica. Integrar a comunidade de microeletrônica.  Prover um fórum de discussão sobre a capacitação de recursos humanos na área, necessária ao desenvolvimento da indústria de bens eletrônicos e serviços no País. Prover um fórum de discussão e/ou propostas de políticas públicas para o desenvolvimento da microeletrônica na região Sul e no Brasil.</p>

<p>Apresentação A Escola Sul de Microeletrônica (EMicro) e o Simpósio Sul de Microeletrônica (SIM) são eventos de âmbito regional realizados pela Sociedade Brasileira de Computação (SBC) e pela Sociedade Brasileira de Microeletrônica (SBMicro). Os&#46;&#46;&#46;</p>
