{"id":88,"date":"2024-05-13T18:52:41","date_gmt":"2024-05-13T21:52:41","guid":{"rendered":"https:\/\/wp.ufpel.edu.br\/emergenciaclimatica\/?page_id=88"},"modified":"2024-05-13T20:55:51","modified_gmt":"2024-05-13T23:55:51","slug":"mapa-de-risco-do-municipio-de-pelotas-acompanhe-aqui","status":"publish","type":"page","link":"https:\/\/wp.ufpel.edu.br\/emergenciaclimatica\/mapa-de-risco-do-municipio-de-pelotas-acompanhe-aqui\/","title":{"rendered":"MAPA DE RISCO PELOTAS"},"content":{"rendered":"<p>&#8211; Veja as informa\u00e7\u00f5es atualizadas sobre o <strong>Mapa de Risco do Munic\u00edpio de Pelotas:<\/strong><\/p>\n<p><a href=\"https:\/\/l.ufpel.edu.br\/MapaRiscoPelotas\">https:\/\/l.ufpel.edu.br\/MapaRiscoPelotas<\/a><\/p>\n<p class=\"_ap3a _aaco _aacu _aacx _aad6 _aade\" dir=\"auto\">&#8211; <strong>Laborat\u00f3rio de Oceanografia Costeira e Estuarina, Instituto de Oceanografia<\/strong>, FURG<\/p>\n<p dir=\"auto\">Instagram: <a href=\"https:\/\/l.ufpel.edu.br\/locostefurg\">https:\/\/l.ufpel.edu.br\/locostefurg<\/a><\/p>\n<p dir=\"auto\">&#8211; <strong>Eventos Extremos<\/strong> &#8211; FURG:<\/p>\n<p dir=\"auto\">Instagram: <a href=\"https:\/\/www.instagram.com\/furgoficial\/\">https:\/\/www.instagram.com\/furgoficial\/<\/a><\/p>\n<p dir=\"auto\">&#8211; <strong>Estado de Calamidade P\u00fablica em Pelotas<\/strong>:<\/p>\n<p><a href=\"https:\/\/www.pelotas.com.br\/noticia\/municipio-institui-estado-de-calamidade-publica\">https:\/\/www.pelotas.com.br\/noticia\/municipio-institui-estado-de-calamidade-publica<\/a><\/p>\n","protected":false},"excerpt":{"rendered":"<p>&#8211; Veja as informa\u00e7\u00f5es atualizadas sobre o Mapa de Risco do Munic\u00edpio de Pelotas: https:\/\/l.ufpel.edu.br\/MapaRiscoPelotas &#8211; Laborat\u00f3rio de Oceanografia Costeira e Estuarina, Instituto de Oceanografia, FURG Instagram: https:\/\/l.ufpel.edu.br\/locostefurg &#8211; Eventos Extremos &#8211; FURG: Instagram: https:\/\/www.instagram.com\/furgoficial\/ &#8211; Estado de Calamidade P\u00fablica em Pelotas: https:\/\/www.pelotas.com.br\/noticia\/municipio-institui-estado-de-calamidade-publica<\/p>\n","protected":false},"author":1372,"featured_media":0,"parent":0,"menu_order":0,"comment_status":"closed","ping_status":"closed","template":"","meta":{"footnotes":""},"class_list":["post-88","page","type-page","status-publish","hentry"],"_links":{"self":[{"href":"https:\/\/wp.ufpel.edu.br\/emergenciaclimatica\/wp-json\/wp\/v2\/pages\/88","targetHints":{"allow":["GET"]}}],"collection":[{"href":"https:\/\/wp.ufpel.edu.br\/emergenciaclimatica\/wp-json\/wp\/v2\/pages"}],"about":[{"href":"https:\/\/wp.ufpel.edu.br\/emergenciaclimatica\/wp-json\/wp\/v2\/types\/page"}],"author":[{"embeddable":true,"href":"https:\/\/wp.ufpel.edu.br\/emergenciaclimatica\/wp-json\/wp\/v2\/users\/1372"}],"replies":[{"embeddable":true,"href":"https:\/\/wp.ufpel.edu.br\/emergenciaclimatica\/wp-json\/wp\/v2\/comments?post=88"}],"version-history":[{"count":6,"href":"https:\/\/wp.ufpel.edu.br\/emergenciaclimatica\/wp-json\/wp\/v2\/pages\/88\/revisions"}],"predecessor-version":[{"id":132,"href":"https:\/\/wp.ufpel.edu.br\/emergenciaclimatica\/wp-json\/wp\/v2\/pages\/88\/revisions\/132"}],"wp:attachment":[{"href":"https:\/\/wp.ufpel.edu.br\/emergenciaclimatica\/wp-json\/wp\/v2\/media?parent=88"}],"curies":[{"name":"wp","href":"https:\/\/api.w.org\/{rel}","templated":true}]}}

<p>&#8211; Veja as informações atualizadas sobre o <strong>Mapa de Risco do Município de Pelotas:</strong></p>
<p><a href="https://l.ufpel.edu.br/MapaRiscoPelotas">https://l.ufpel.edu.br/MapaRiscoPelotas</a></p>
<p class="_ap3a _aaco _aacu _aacx _aad6 _aade" dir="auto">&#8211; <strong>Laboratório de Oceanografia Costeira e Estuarina, Instituto de Oceanografia</strong>, FURG</p>
<p dir="auto">Instagram: <a href="https://l.ufpel.edu.br/locostefurg">https://l.ufpel.edu.br/locostefurg</a></p>
<p dir="auto">&#8211; <strong>Eventos Extremos</strong> &#8211; FURG:</p>
<p dir="auto">Instagram: <a href="https://www.instagram.com/furgoficial/">https://www.instagram.com/furgoficial/</a></p>
<p dir="auto">&#8211; <strong>Estado de Calamidade Pública em Pelotas</strong>:</p>
<p><a href="https://www.pelotas.com.br/noticia/municipio-institui-estado-de-calamidade-publica">https://www.pelotas.com.br/noticia/municipio-institui-estado-de-calamidade-publica</a></p>

<p>&#8211; Veja as informações atualizadas sobre o Mapa de Risco do Município de Pelotas: https://l.ufpel.edu.br/MapaRiscoPelotas &#8211; Laboratório de Oceanografia Costeira e Estuarina, Instituto de Oceanografia, FURG Instagram: https://l.ufpel.edu.br/locostefurg &#8211; Eventos Extremos &#8211; FURG: Instagram: https://www.instagram.com/furgoficial/ &#8211; Estado de Calamidade Pública em Pelotas: https://www.pelotas.com.br/noticia/municipio-institui-estado-de-calamidade-publica</p>
