{"id":35,"date":"2024-05-13T15:16:55","date_gmt":"2024-05-13T18:16:55","guid":{"rendered":"https:\/\/wp.ufpel.edu.br\/emergenciaclimatica\/?page_id=35"},"modified":"2024-05-24T11:17:47","modified_gmt":"2024-05-24T14:17:47","slug":"outras-iniciativas","status":"publish","type":"page","link":"https:\/\/wp.ufpel.edu.br\/emergenciaclimatica\/outras-iniciativas\/","title":{"rendered":"INICIATIVAS SOLID\u00c1RIAS"},"content":{"rendered":"<p><strong>ORIENTA\u00c7\u00d5ES PARA O ACOLHIMENTO DE AUTISTAS EM ABRIGOS<\/strong> &#8211; <em>O material traz algumas orienta\u00e7\u00f5es sobre o acolhimento de pessoas autistas e suas fam\u00edlias em abrigos do Rio Grande do Sul.\u00a0<\/em><\/p>\n<p><a href=\"https:\/\/wp.ufpel.edu.br\/emergenciaclimatica\/files\/2024\/05\/Guia_orientacao_TEA-1.pdf\">Guia_orienta\u00e7\u00e3o_TEA 1<\/a><\/p>\n<p>=============================<\/p>\n<p><strong>SOLIDARIEDADE PELOTAS<\/strong> &#8211; <em>Cozinha Solid\u00e1ria: Grupo criado por Movimentos Sociais e Sindicatos de Pelotas para auxiliar pessoas e animais atingidos pela enchente.<\/em><\/p>\n<p>Veja todas as informa\u00e7\u00f5es no Instagram: <a href=\"https:\/\/l.ufpel.edu.br\/SolidariedadePelotas2024\">https:\/\/l.ufpel.edu.br\/SolidariedadePelotas2024<\/a><\/p>\n<p><img class=\"alignnone wp-image-70\" src=\"https:\/\/wp.ufpel.edu.br\/emergenciaclimatica\/files\/2024\/05\/Screenshot-2024-05-13-at-17-52-15-SOLIDARIEDADE-PELOTAS-@solidariedadepelotas2024-\u2022-Fotos-e-videos-do-Instagram.png\" alt=\"\" width=\"200\" height=\"200\" srcset=\"https:\/\/wp.ufpel.edu.br\/emergenciaclimatica\/files\/2024\/05\/Screenshot-2024-05-13-at-17-52-15-SOLIDARIEDADE-PELOTAS-@solidariedadepelotas2024-\u2022-Fotos-e-videos-do-Instagram.png 367w, https:\/\/wp.ufpel.edu.br\/emergenciaclimatica\/files\/2024\/05\/Screenshot-2024-05-13-at-17-52-15-SOLIDARIEDADE-PELOTAS-@solidariedadepelotas2024-\u2022-Fotos-e-videos-do-Instagram-200x200.png 200w\" sizes=\"(max-width: 200px) 100vw, 200px\" \/><\/p>\n<p>=============================<\/p>\n<p><strong>MANUTEN\u00c7\u00c3O GRATUITA DE M\u00c1QUINA DE LAVAR E GELADEIRA:<\/strong> <em>Iniciativa IFSUL Campus Pelotas<\/em><\/p>\n<p>Contato: 53-2123.1031 &#8211; Pra\u00e7a XX de Setembro, 455<\/p>\n<p><img class=\"alignnone wp-image-69\" src=\"https:\/\/wp.ufpel.edu.br\/emergenciaclimatica\/files\/2024\/05\/Screenshot-2024-05-13-at-17-51-47-WhatsApp.png\" alt=\"\" width=\"202\" height=\"204\" \/><\/p>\n<p>=============================<\/p>\n<p><strong>PROGRAMA DIGNIDADE MENSTRUAL <\/strong><em>&#8211; absorventes gratuitos Farm\u00e1cia Popular<\/em><\/p>\n<p>Veja todas as informa\u00e7\u00f5es no site: <a href=\"https:\/\/www.gov.br\/saude\/pt-br\/campanhas-da-saude\/2024\/dignidade-menstrual\">https:\/\/www.gov.br\/saude\/pt-br\/campanhas-da-saude\/2024\/dignidade-menstrual<\/a><strong><br \/>\n<\/strong><\/p>\n<p><img class=\"alignnone wp-image-135\" src=\"https:\/\/wp.ufpel.edu.br\/emergenciaclimatica\/files\/2024\/05\/Screenshot-2024-05-14-at-13-57-23-1-WhatsApp-350x400.png\" alt=\"\" width=\"206\" height=\"236\" srcset=\"https:\/\/wp.ufpel.edu.br\/emergenciaclimatica\/files\/2024\/05\/Screenshot-2024-05-14-at-13-57-23-1-WhatsApp-350x400.png 350w, https:\/\/wp.ufpel.edu.br\/emergenciaclimatica\/files\/2024\/05\/Screenshot-2024-05-14-at-13-57-23-1-WhatsApp.png 556w\" sizes=\"(max-width: 206px) 100vw, 206px\" \/><\/p>\n<p>=============================<\/p>\n<p>&nbsp;<\/p>\n","protected":false},"excerpt":{"rendered":"<p>ORIENTA\u00c7\u00d5ES PARA O ACOLHIMENTO DE AUTISTAS EM ABRIGOS &#8211; O material traz algumas orienta\u00e7\u00f5es sobre o acolhimento de pessoas autistas e suas fam\u00edlias em abrigos do Rio Grande do Sul.\u00a0 Guia_orienta\u00e7\u00e3o_TEA 1 ============================= SOLIDARIEDADE PELOTAS &#8211; Cozinha Solid\u00e1ria: Grupo criado por Movimentos Sociais e Sindicatos de Pelotas para auxiliar pessoas e animais atingidos pela enchente. [&hellip;]<\/p>\n","protected":false},"author":1372,"featured_media":0,"parent":0,"menu_order":0,"comment_status":"closed","ping_status":"closed","template":"","meta":{"footnotes":""},"class_list":["post-35","page","type-page","status-publish","hentry"],"_links":{"self":[{"href":"https:\/\/wp.ufpel.edu.br\/emergenciaclimatica\/wp-json\/wp\/v2\/pages\/35","targetHints":{"allow":["GET"]}}],"collection":[{"href":"https:\/\/wp.ufpel.edu.br\/emergenciaclimatica\/wp-json\/wp\/v2\/pages"}],"about":[{"href":"https:\/\/wp.ufpel.edu.br\/emergenciaclimatica\/wp-json\/wp\/v2\/types\/page"}],"author":[{"embeddable":true,"href":"https:\/\/wp.ufpel.edu.br\/emergenciaclimatica\/wp-json\/wp\/v2\/users\/1372"}],"replies":[{"embeddable":true,"href":"https:\/\/wp.ufpel.edu.br\/emergenciaclimatica\/wp-json\/wp\/v2\/comments?post=35"}],"version-history":[{"count":16,"href":"https:\/\/wp.ufpel.edu.br\/emergenciaclimatica\/wp-json\/wp\/v2\/pages\/35\/revisions"}],"predecessor-version":[{"id":187,"href":"https:\/\/wp.ufpel.edu.br\/emergenciaclimatica\/wp-json\/wp\/v2\/pages\/35\/revisions\/187"}],"wp:attachment":[{"href":"https:\/\/wp.ufpel.edu.br\/emergenciaclimatica\/wp-json\/wp\/v2\/media?parent=35"}],"curies":[{"name":"wp","href":"https:\/\/api.w.org\/{rel}","templated":true}]}}