{"id":164,"date":"2024-05-19T10:39:40","date_gmt":"2024-05-19T13:39:40","guid":{"rendered":"https:\/\/wp.ufpel.edu.br\/emergenciaclimatica\/?page_id=164"},"modified":"2024-05-22T17:02:39","modified_gmt":"2024-05-22T20:02:39","slug":"sobre-o-site-emergencia-climatica","status":"publish","type":"page","link":"https:\/\/wp.ufpel.edu.br\/emergenciaclimatica\/sobre-o-site-emergencia-climatica\/","title":{"rendered":"SOBRE O SITE EMERG\u00caNCIA CLIM\u00c1TICA"},"content":{"rendered":"<p>Este site tem por objetivo gerenciar e organizar as informa\u00e7\u00f5es relacionadas \u00e0 emerg\u00eancia clim\u00e1tica em um \u00fanico lugar. Servir\u00e1 como extens\u00e3o do site oficial da Institui\u00e7\u00e3o, sem substitu\u00ed-lo.<\/p>\n<p>Informa\u00e7\u00f5es gerais relacionadas \u00e0 Institui\u00e7\u00e3o busque tamb\u00e9m: <a href=\"https:\/\/portal.ufpel.edu.br\/\">https:\/\/portal.ufpel.edu.br\/<\/a> e no Instagram oficial da UFPel: <a href=\"https:\/\/l.ufpel.edu.br\/UFPelOficial\">https:\/\/l.ufpel.edu.br\/UFPelOficial<\/a><\/p>\n<p>Site criado e mantido em colabora\u00e7\u00e3o entre a Coordena\u00e7\u00e3o de Comunica\u00e7\u00e3o Social\/GR e Coordena\u00e7\u00e3o de Desenvolvimento Institucional Participativo\/ PROPLAN<\/p>\n","protected":false},"excerpt":{"rendered":"<p>Este site tem por objetivo gerenciar e organizar as informa\u00e7\u00f5es relacionadas \u00e0 emerg\u00eancia clim\u00e1tica em um \u00fanico lugar. Servir\u00e1 como extens\u00e3o do site oficial da Institui\u00e7\u00e3o, sem substitu\u00ed-lo. Informa\u00e7\u00f5es gerais relacionadas \u00e0 Institui\u00e7\u00e3o busque tamb\u00e9m: https:\/\/portal.ufpel.edu.br\/ e no Instagram oficial da UFPel: https:\/\/l.ufpel.edu.br\/UFPelOficial Site criado e mantido em colabora\u00e7\u00e3o entre a Coordena\u00e7\u00e3o de Comunica\u00e7\u00e3o Social\/GR [&hellip;]<\/p>\n","protected":false},"author":1372,"featured_media":0,"parent":0,"menu_order":0,"comment_status":"closed","ping_status":"closed","template":"","meta":{"footnotes":""},"class_list":["post-164","page","type-page","status-publish","hentry"],"_links":{"self":[{"href":"https:\/\/wp.ufpel.edu.br\/emergenciaclimatica\/wp-json\/wp\/v2\/pages\/164","targetHints":{"allow":["GET"]}}],"collection":[{"href":"https:\/\/wp.ufpel.edu.br\/emergenciaclimatica\/wp-json\/wp\/v2\/pages"}],"about":[{"href":"https:\/\/wp.ufpel.edu.br\/emergenciaclimatica\/wp-json\/wp\/v2\/types\/page"}],"author":[{"embeddable":true,"href":"https:\/\/wp.ufpel.edu.br\/emergenciaclimatica\/wp-json\/wp\/v2\/users\/1372"}],"replies":[{"embeddable":true,"href":"https:\/\/wp.ufpel.edu.br\/emergenciaclimatica\/wp-json\/wp\/v2\/comments?post=164"}],"version-history":[{"count":3,"href":"https:\/\/wp.ufpel.edu.br\/emergenciaclimatica\/wp-json\/wp\/v2\/pages\/164\/revisions"}],"predecessor-version":[{"id":176,"href":"https:\/\/wp.ufpel.edu.br\/emergenciaclimatica\/wp-json\/wp\/v2\/pages\/164\/revisions\/176"}],"wp:attachment":[{"href":"https:\/\/wp.ufpel.edu.br\/emergenciaclimatica\/wp-json\/wp\/v2\/media?parent=164"}],"curies":[{"name":"wp","href":"https:\/\/api.w.org\/{rel}","templated":true}]}}