{"id":109,"date":"2024-05-13T19:26:51","date_gmt":"2024-05-13T22:26:51","guid":{"rendered":"https:\/\/wp.ufpel.edu.br\/emergenciaclimatica\/?page_id=109"},"modified":"2024-05-13T19:26:51","modified_gmt":"2024-05-13T22:26:51","slug":"quero-ser-voluntario","status":"publish","type":"page","link":"https:\/\/wp.ufpel.edu.br\/emergenciaclimatica\/quero-ser-voluntario\/","title":{"rendered":"QUERO SER VOLUNT\u00c1RIO"},"content":{"rendered":"<p><strong>QUERO SER VOLUNT\u00c1RIO EM ABRIGOS DO MUNIC\u00cdPIO:<br \/>\n<\/strong><\/p>\n<p>Sou estudante ou servidor da UFPel, posso voluntariar?<\/p>\n<p>Cadastro de Volunt\u00e1rios UFPel ao Monitoramento de Abrigos Pelotas\/RS<br \/>\nNeste momento de crise clim\u00e1tica, a UFPel, em parceria com a Prefeitura de Pelotas, est\u00e1 realizando um trabalho de mapeamento e identifica\u00e7\u00e3o dos abrigos na cidade de Pelotas. Este trabalho consiste no cadastramento das nececessidades de cada abrigo e das pessoas abrigadas naquele local por meio da plataforma AbrigosRS.<\/p>\n<p>Acesse aqui o formul\u00e1rio de cadastro: <a href=\"https:\/\/l.ufpel.edu.br\/CadastroVoluntariosUFPel\">https:\/\/l.ufpel.edu.br\/CadastroVoluntariosUFPel<\/a><\/p>\n<p><img class=\"alignnone  wp-image-63\" src=\"https:\/\/wp.ufpel.edu.br\/emergenciaclimatica\/files\/2024\/05\/Screenshot-2024-05-13-at-17-43-21-AbrigosRS-Mapeando-e-organizando-ajuda-@abrigosrs-\u2022-Fotos-e-videos-do-Instagram.png\" alt=\"\" width=\"184\" height=\"179\" \/><\/p>\n<p>===========<\/p>\n<p><strong>QUERO SE VOLUNT\u00c1RIO NO MOVIMENTO SOLIDARIEDADE PELOTAS 2024:<\/strong><\/p>\n<p>Preencha o formul\u00e1rio de Cadastro de Volunt\u00e1rios e nos ajude a organizar melhor a nossa atua\u00e7\u00e3o.<\/p>\n<p><a href=\"https:\/\/forms.gle\/CrQSYnh9AGqDwsAw9\">https:\/\/forms.gle\/CrQSYnh9AGqDwsAw9<\/a><\/p>\n<p>Veja mais informa\u00e7\u00f5es sobre a iniciativa aqui: https:\/\/www.instagram.com\/solidariedadepelotas2024\/<\/p>\n<p><img class=\"alignnone  wp-image-70\" src=\"https:\/\/wp.ufpel.edu.br\/emergenciaclimatica\/files\/2024\/05\/Screenshot-2024-05-13-at-17-52-15-SOLIDARIEDADE-PELOTAS-@solidariedadepelotas2024-\u2022-Fotos-e-videos-do-Instagram.png\" alt=\"\" width=\"181\" height=\"181\" srcset=\"https:\/\/wp.ufpel.edu.br\/emergenciaclimatica\/files\/2024\/05\/Screenshot-2024-05-13-at-17-52-15-SOLIDARIEDADE-PELOTAS-@solidariedadepelotas2024-\u2022-Fotos-e-videos-do-Instagram.png 367w, https:\/\/wp.ufpel.edu.br\/emergenciaclimatica\/files\/2024\/05\/Screenshot-2024-05-13-at-17-52-15-SOLIDARIEDADE-PELOTAS-@solidariedadepelotas2024-\u2022-Fotos-e-videos-do-Instagram-200x200.png 200w\" sizes=\"(max-width: 181px) 100vw, 181px\" \/><\/p>\n<p>&nbsp;<\/p>\n","protected":false},"excerpt":{"rendered":"<p>QUERO SER VOLUNT\u00c1RIO EM ABRIGOS DO MUNIC\u00cdPIO: Sou estudante ou servidor da UFPel, posso voluntariar? Cadastro de Volunt\u00e1rios UFPel ao Monitoramento de Abrigos Pelotas\/RS Neste momento de crise clim\u00e1tica, a UFPel, em parceria com a Prefeitura de Pelotas, est\u00e1 realizando um trabalho de mapeamento e identifica\u00e7\u00e3o dos abrigos na cidade de Pelotas. Este trabalho consiste [&hellip;]<\/p>\n","protected":false},"author":1372,"featured_media":0,"parent":0,"menu_order":0,"comment_status":"closed","ping_status":"closed","template":"","meta":{"footnotes":""},"class_list":["post-109","page","type-page","status-publish","hentry"],"_links":{"self":[{"href":"https:\/\/wp.ufpel.edu.br\/emergenciaclimatica\/wp-json\/wp\/v2\/pages\/109","targetHints":{"allow":["GET"]}}],"collection":[{"href":"https:\/\/wp.ufpel.edu.br\/emergenciaclimatica\/wp-json\/wp\/v2\/pages"}],"about":[{"href":"https:\/\/wp.ufpel.edu.br\/emergenciaclimatica\/wp-json\/wp\/v2\/types\/page"}],"author":[{"embeddable":true,"href":"https:\/\/wp.ufpel.edu.br\/emergenciaclimatica\/wp-json\/wp\/v2\/users\/1372"}],"replies":[{"embeddable":true,"href":"https:\/\/wp.ufpel.edu.br\/emergenciaclimatica\/wp-json\/wp\/v2\/comments?post=109"}],"version-history":[{"count":1,"href":"https:\/\/wp.ufpel.edu.br\/emergenciaclimatica\/wp-json\/wp\/v2\/pages\/109\/revisions"}],"predecessor-version":[{"id":114,"href":"https:\/\/wp.ufpel.edu.br\/emergenciaclimatica\/wp-json\/wp\/v2\/pages\/109\/revisions\/114"}],"wp:attachment":[{"href":"https:\/\/wp.ufpel.edu.br\/emergenciaclimatica\/wp-json\/wp\/v2\/media?parent=109"}],"curies":[{"name":"wp","href":"https:\/\/api.w.org\/{rel}","templated":true}]}}

QUERO SER VOLUNTÁRIO

<p><strong>QUERO SER VOLUNTÁRIO EM ABRIGOS DO MUNICÍPIO:<br />
</strong></p>
<p>Sou estudante ou servidor da UFPel, posso voluntariar?</p>
<p>Cadastro de Voluntários UFPel ao Monitoramento de Abrigos Pelotas/RS<br />
Neste momento de crise climática, a UFPel, em parceria com a Prefeitura de Pelotas, está realizando um trabalho de mapeamento e identificação dos abrigos na cidade de Pelotas. Este trabalho consiste no cadastramento das nececessidades de cada abrigo e das pessoas abrigadas naquele local por meio da plataforma AbrigosRS.</p>
<p>Acesse aqui o formulário de cadastro: <a href="https://l.ufpel.edu.br/CadastroVoluntariosUFPel">https://l.ufpel.edu.br/CadastroVoluntariosUFPel</a></p>
<p><img class="alignnone  wp-image-63" src="https://wp.ufpel.edu.br/emergenciaclimatica/files/2024/05/Screenshot-2024-05-13-at-17-43-21-AbrigosRS-Mapeando-e-organizando-ajuda-@abrigosrs-•-Fotos-e-videos-do-Instagram.png" alt="" width="184" height="179" /></p>
<p>===========</p>
<p><strong>QUERO SE VOLUNTÁRIO NO MOVIMENTO SOLIDARIEDADE PELOTAS 2024:</strong></p>
<p>Preencha o formulário de Cadastro de Voluntários e nos ajude a organizar melhor a nossa atuação.</p>
<p><a href="https://forms.gle/CrQSYnh9AGqDwsAw9">https://forms.gle/CrQSYnh9AGqDwsAw9</a></p>
<p>Veja mais informações sobre a iniciativa aqui: https://www.instagram.com/solidariedadepelotas2024/</p>
<p><img class="alignnone  wp-image-70" src="https://wp.ufpel.edu.br/emergenciaclimatica/files/2024/05/Screenshot-2024-05-13-at-17-52-15-SOLIDARIEDADE-PELOTAS-@solidariedadepelotas2024-•-Fotos-e-videos-do-Instagram.png" alt="" width="181" height="181" srcset="https://wp.ufpel.edu.br/emergenciaclimatica/files/2024/05/Screenshot-2024-05-13-at-17-52-15-SOLIDARIEDADE-PELOTAS-@solidariedadepelotas2024-•-Fotos-e-videos-do-Instagram.png 367w, https://wp.ufpel.edu.br/emergenciaclimatica/files/2024/05/Screenshot-2024-05-13-at-17-52-15-SOLIDARIEDADE-PELOTAS-@solidariedadepelotas2024-•-Fotos-e-videos-do-Instagram-200x200.png 200w" sizes="(max-width: 181px) 100vw, 181px" /></p>
<p>&nbsp;</p>

<p>QUERO SER VOLUNTÁRIO EM ABRIGOS DO MUNICÍPIO: Sou estudante ou servidor da UFPel, posso voluntariar? Cadastro de Voluntários UFPel ao Monitoramento de Abrigos Pelotas/RS Neste momento de crise climática, a UFPel, em parceria com a Prefeitura de Pelotas, está realizando um trabalho de mapeamento e identificação dos abrigos na cidade de Pelotas. Este trabalho consiste [&hellip;]</p>
