{"id":133,"date":"2024-06-18T12:51:49","date_gmt":"2024-06-18T15:51:49","guid":{"rendered":"https:\/\/wp.ufpel.edu.br\/emebs\/?page_id=133"},"modified":"2024-06-28T16:21:20","modified_gmt":"2024-06-28T19:21:20","slug":"selecao-de-tutoria","status":"publish","type":"page","link":"https:\/\/wp.ufpel.edu.br\/emebs\/selecao-de-tutoria\/","title":{"rendered":"Sele\u00e7\u00e3o de Tutoria"},"content":{"rendered":"<h1 class=\"corTexto\">A equipe do EMEBS abriu o processo seletivo de tutoria para o curso.<\/h1>\n<p><iframe title=\"YouTube video player\" src=\"https:\/\/www.youtube.com\/embed\/56u-v2xCM48?si=MX2M3MNRa2ci89-P\" width=\"560\" height=\"315\" frameborder=\"0\" allowfullscreen=\"allowfullscreen\"><span style=\"display: inline-block; width: 0px; overflow: hidden; line-height: 0;\" data-mce-type=\"bookmark\" class=\"mce_SELRES_start\">\ufeff<\/span><\/iframe><\/p>\n<p>A Pr\u00f3-Reitoria de Extens\u00e3o e Cultura (PREC) da Universidade Federal de Pelotas (UFPel), em parceria com a Diretoria de Pol\u00edticas de Educa\u00e7\u00e3o Bil\u00edngue de Surdos (Dipebs) do Minist\u00e9rio da Educa\u00e7\u00e3o (MEC), tem o prazer de anunciar a abertura do processo seletivo simplificado para a contrata\u00e7\u00e3o de tutores. Os profissionais selecionados atuar\u00e3o no curso de forma\u00e7\u00e3o cont\u00ednua intitulado &#8220;Ensino de Metodologias para o Ensino M\u00e9dio e Prepara\u00e7\u00e3o para o ENEM na Educa\u00e7\u00e3o de Surdos&#8221;. Este curso visa aperfei\u00e7oar professores e profissionais da educa\u00e7\u00e3o b\u00e1sica para melhor atender alunos surdos e com defici\u00eancias auditivas sinalizantes, proporcionando uma educa\u00e7\u00e3o de qualidade e inclusiva.<\/p>\n<h3>Objetivos do Curso<\/h3>\n<p>O curso busca capacitar os profissionais da educa\u00e7\u00e3o b\u00e1sica para o Ensino M\u00e9dio, focando na prepara\u00e7\u00e3o para o ENEM na educa\u00e7\u00e3o de surdos. Esta iniciativa \u00e9 fundamental para promover a inclus\u00e3o e garantir que todos os alunos tenham acesso a uma educa\u00e7\u00e3o de excel\u00eancia, respeitando as necessidades espec\u00edficas dos estudantes surdos.<\/p>\n<h3>Vagas e Inscri\u00e7\u00f5es<\/h3>\n<p>Est\u00e3o dispon\u00edveis 20 vagas para tutores, com uma forma\u00e7\u00e3o de Cadastro de Reserva (CR) para candidatos que excederem o n\u00famero de vagas. Os tutores selecionados receber\u00e3o uma bolsa de R$ 765,00 mensais durante os seis meses de dura\u00e7\u00e3o do curso, podendo ser prorrogado conforme a necessidade.<\/p>\n<p><strong>Per\u00edodo de Inscri\u00e7\u00f5es:<\/strong> 14 de junho a 21 de junho de 2024<\/p>\n<p><strong>In\u00edcio do Curso:<\/strong> 15 de julho de 2024<\/p>\n<p>&nbsp;<\/p>\n<p><a href=\"https:\/\/wp.ufpel.edu.br\/emebs\/files\/2024\/06\/seletutores.pdf\">Acesse o edital completo<\/a><\/p>\n<p><a href=\"https:\/\/wp.ufpel.edu.br\/emebs\/files\/2024\/06\/Resultado-Preliminar-Selecao-de-Tutores-3.pdf\">Lista de Resultado Preliminar<\/a><\/p>\n<p><a href=\"https:\/\/wp.ufpel.edu.br\/emebs\/files\/2024\/06\/Resultado-Final.pdf\">Resultado Final<\/a><\/p>\n","protected":false},"excerpt":{"rendered":"<p>A equipe do EMEBS abriu o processo seletivo de tutoria para o curso. \ufeff A Pr\u00f3-Reitoria de Extens\u00e3o e Cultura (PREC) da Universidade Federal de Pelotas (UFPel), em parceria com a Diretoria de Pol\u00edticas de Educa\u00e7\u00e3o Bil\u00edngue de Surdos (Dipebs) do Minist\u00e9rio da Educa\u00e7\u00e3o (MEC), tem o prazer de anunciar a abertura do processo seletivo [&hellip;]<\/p>\n","protected":false},"author":1363,"featured_media":0,"parent":0,"menu_order":0,"comment_status":"closed","ping_status":"closed","template":"","meta":{"footnotes":""},"class_list":["post-133","page","type-page","status-publish","hentry"],"_links":{"self":[{"href":"https:\/\/wp.ufpel.edu.br\/emebs\/wp-json\/wp\/v2\/pages\/133","targetHints":{"allow":["GET"]}}],"collection":[{"href":"https:\/\/wp.ufpel.edu.br\/emebs\/wp-json\/wp\/v2\/pages"}],"about":[{"href":"https:\/\/wp.ufpel.edu.br\/emebs\/wp-json\/wp\/v2\/types\/page"}],"author":[{"embeddable":true,"href":"https:\/\/wp.ufpel.edu.br\/emebs\/wp-json\/wp\/v2\/users\/1363"}],"replies":[{"embeddable":true,"href":"https:\/\/wp.ufpel.edu.br\/emebs\/wp-json\/wp\/v2\/comments?post=133"}],"version-history":[{"count":4,"href":"https:\/\/wp.ufpel.edu.br\/emebs\/wp-json\/wp\/v2\/pages\/133\/revisions"}],"predecessor-version":[{"id":149,"href":"https:\/\/wp.ufpel.edu.br\/emebs\/wp-json\/wp\/v2\/pages\/133\/revisions\/149"}],"wp:attachment":[{"href":"https:\/\/wp.ufpel.edu.br\/emebs\/wp-json\/wp\/v2\/media?parent=133"}],"curies":[{"name":"wp","href":"https:\/\/api.w.org\/{rel}","templated":true}]}}