{"id":611,"date":"2023-01-26T08:30:59","date_gmt":"2023-01-26T11:30:59","guid":{"rendered":"https:\/\/wp.ufpel.edu.br\/embrapii\/?page_id=611"},"modified":"2023-01-26T09:10:49","modified_gmt":"2023-01-26T12:10:49","slug":"611-2","status":"publish","type":"page","link":"https:\/\/wp.ufpel.edu.br\/embrapii\/611-2\/","title":{"rendered":"Not\u00edcias"},"content":{"rendered":"<div id=\"pl-611\"  class=\"panel-layout\" ><div id=\"pg-611-0\"  class=\"panel-grid panel-no-style\" ><div id=\"pgc-611-0-0\"  class=\"panel-grid-cell\" ><div id=\"panel-611-0-0-0\" class=\"so-panel widget widget_siteorigin-panels-postloop panel-first-child panel-last-child\" data-index=\"0\" >\n\n\t\t\n\t\t\n<article id=\"post-1120\" class=\"post-1120 post type-post status-publish format-standard hentry category-noticias\">\n\n\t\n\t<div class=\"entry-main\">\n\n\t\t\n\t\t<header class=\"entry-header\">\n\t\t\t\n\t\t\t<h1 class=\"entry-title\"><a href=\"https:\/\/wp.ufpel.edu.br\/embrapii\/2026\/02\/26\/inovaagro-ufpel-apresenta-nova-tecnologia-verde-para-o-controle-de-insetos-com-ozonio\/\" title=\"Link permanente para InovaAgro \u2013 UFPel apresenta nova tecnologia verde para o controle de insetos com oz\u00f4nio\" rel=\"bookmark\">InovaAgro \u2013 UFPel apresenta nova tecnologia verde para o controle de insetos com oz\u00f4nio<\/a><\/h1>\n\n\t\t\t\t\t\t\t<div class=\"entry-meta\">\n\t\t\t\t\tPublicado em <a href=\"https:\/\/wp.ufpel.edu.br\/embrapii\/2026\/02\/26\/inovaagro-ufpel-apresenta-nova-tecnologia-verde-para-o-controle-de-insetos-com-ozonio\/\" title=\"11:39\" rel=\"bookmark\"><time class=\"entry-date\" datetime=\"2026-02-26T11:39:42-03:00\">26\/02\/2026<\/time><\/a><time class=\"updated\" datetime=\"2026-02-26T11:39:42-03:00\">26\/02\/2026<\/time>  \t\t\t\t<\/div><!-- .entry-meta -->\n\t\t\t\n\t\t<\/header><!-- .entry-header -->\n\n\t\t\t\t\t<div class=\"entry-content\">\n\t\t\t\t<p>A InovaAgro-UFPel est\u00e1 apresentando no stand da Faculdade de Agronomia Eliseu Maciel (FAEM) durante os tr\u00eas dias do evento da <strong>36\u00aa Abertura Oficial da Colheita do Arroz e Gr\u00e3os em Terras Baixas<\/strong> a nova tecnologia verde de controle de insetos por meio da aplica\u00e7\u00e3o de oz\u00f4nio, em parceria com a InovaAgro \u2013 UFPel e a empresa Oxibiograin. A inova\u00e7\u00e3o promete eliminar o uso de agrot\u00f3xicos no armazenamento de gr\u00e3os, e j\u00e1 est\u00e1 atuando em ambiente operacional atrav\u00e9s de testes pr\u00e1ticos.<br \/>\nOs resultados indicam grande interesse industrial no setor do arroz, sendo de alto valor estrat\u00e9gico para o estado.<br \/>\nSob coordena\u00e7\u00e3o do professor Maur\u00edcio de Oliveira, a solu\u00e7\u00e3o vinha sendo testada no <strong>Laborat\u00f3rio de P\u00f3s-Colheita, Industrializa\u00e7\u00e3o e Qualidade de Gr\u00e3os (LABGR\u00c3OS)<\/strong>, e promove redu\u00e7\u00e3o de res\u00edduos qu\u00edmicos e agrot\u00f3xicos, mais seguran\u00e7a na aplica\u00e7\u00e3o e menos custos de produ\u00e7\u00e3o, al\u00e9m de ser um m\u00e9todo sustent\u00e1vel para o controle de insetos.<br \/>\nA aplica\u00e7\u00e3o de oz\u00f4nio tamb\u00e9m atua na inativa\u00e7\u00e3o das pragas e aprimora a qualidade tecnol\u00f3gica e sanit\u00e1ria dos gr\u00e3os armazenados, enquanto reduz riscos ocupacionais e impactos ambientais. Assim, a iniciativa refor\u00e7a o compromisso da ind\u00fastria com o meio ambiente e solu\u00e7\u00f5es sustent\u00e1veis e econ\u00f4micas.<br \/>\nA FAEM e a InovaAgro \u2013 UFPel convidam produtores, armazenadores, estudantes, pesquisadores e parceiros institucionais a visitarem o stand da FAEM na <strong>36\u00aa Abertura Oficial da Colheita do Arroz e Gr\u00e3os em Terras Baixas<\/strong>, onde estar\u00e3o em exposi\u00e7\u00e3o diversos materiais e resultados da tecnologia, al\u00e9m das oportunidades de aprendizado, coopera\u00e7\u00e3o e conex\u00e3o com diversos pesquisadores e especialistas.<\/p>\n<p>Venha nos visitar!<\/p>\n<p>&nbsp;<\/p>\n<p><img loading=\"lazy\" decoding=\"async\" class=\"aligncenter size-large wp-image-1122\" src=\"https:\/\/wp.ufpel.edu.br\/embrapii\/files\/2026\/02\/20260225_101413-1024x576.jpg\" alt=\"\" width=\"720\" height=\"405\" srcset=\"https:\/\/wp.ufpel.edu.br\/embrapii\/files\/2026\/02\/20260225_101413-1024x576.jpg 1024w, https:\/\/wp.ufpel.edu.br\/embrapii\/files\/2026\/02\/20260225_101413-400x225.jpg 400w, https:\/\/wp.ufpel.edu.br\/embrapii\/files\/2026\/02\/20260225_101413-768x432.jpg 768w, https:\/\/wp.ufpel.edu.br\/embrapii\/files\/2026\/02\/20260225_101413-1536x864.jpg 1536w, https:\/\/wp.ufpel.edu.br\/embrapii\/files\/2026\/02\/20260225_101413-2048x1153.jpg 2048w\" sizes=\"auto, (max-width: 720px) 100vw, 720px\" \/><\/p>\n\t\t\t\t\t\t\t\t\t\t\t\t\t\t\t<\/div><!-- .entry-content -->\n\t\t\n\t\t\n\t<\/div>\n\n<\/article><!-- #post-1120 -->\n\n\t\n\t\t\n<article id=\"post-1116\" class=\"post-1116 post type-post status-publish format-standard hentry category-noticias\">\n\n\t\n\t<div class=\"entry-main\">\n\n\t\t\n\t\t<header class=\"entry-header\">\n\t\t\t\n\t\t\t<h1 class=\"entry-title\"><a href=\"https:\/\/wp.ufpel.edu.br\/embrapii\/2025\/09\/04\/resultado-final-bolsa-de-graduacao-embrapii-inovaagro\/\" title=\"Link permanente para Resultado final &#8211; Bolsa de Gradua\u00e7\u00e3o Embrapii InovaAgro\" rel=\"bookmark\">Resultado final &#8211; Bolsa de Gradua\u00e7\u00e3o Embrapii InovaAgro<\/a><\/h1>\n\n\t\t\t\t\t\t\t<div class=\"entry-meta\">\n\t\t\t\t\tPublicado em <a href=\"https:\/\/wp.ufpel.edu.br\/embrapii\/2025\/09\/04\/resultado-final-bolsa-de-graduacao-embrapii-inovaagro\/\" title=\"9:12\" rel=\"bookmark\"><time class=\"entry-date\" datetime=\"2025-09-04T09:12:14-03:00\">04\/09\/2025<\/time><\/a><time class=\"updated\" datetime=\"2025-09-04T09:12:14-03:00\">04\/09\/2025<\/time>  \t\t\t\t<\/div><!-- .entry-meta -->\n\t\t\t\n\t\t<\/header><!-- .entry-header -->\n\n\t\t\t\t\t<div class=\"entry-content\">\n\t\t\t\t<p>Abaixo segue a lista dos \u00a0aprovados no processo seletivo para<span lang=\"PT-BR\">\u00a0uma vaga de bolsa PDI, conforme\u00a0<\/span>Edital N\u00ba005\/2025, Processo N\u00ba 23110.003655\/2025-54, por ordem de classifica\u00e7\u00e3o (primeiro lugar e supl\u00eancia).<\/p>\n<p>&nbsp;<\/p>\n<table style=\"font-weight: 400;\" width=\"423\">\n<tbody>\n<tr>\n<td width=\"319\"><strong>Candidato (a)<\/strong><\/td>\n<td width=\"104\"><strong>Classifica\u00e7\u00e3o<\/strong><\/td>\n<\/tr>\n<tr>\n<td width=\"319\">1.\u00a0\u00a0\u00a0\u00a0Eliz Soares Sigales<\/td>\n<td width=\"104\">Aprovada<\/td>\n<\/tr>\n<tr>\n<td width=\"319\">2.\u00a0\u00a0\u00a0\u00a0Ysabelle Dourado Ferreira Jardim<\/td>\n<td width=\"104\">Suplente<\/td>\n<\/tr>\n<tr>\n<td width=\"319\">3.\u00a0\u00a0\u00a0\u00a0Jonathan de Castro Silva<\/td>\n<td width=\"104\">Suplente<\/td>\n<\/tr>\n<tr>\n<td width=\"319\">4.\u00a0\u00a0\u00a0\u00a0Kailane Fl\u00f4res Martins<\/td>\n<td width=\"104\">Suplente<\/td>\n<\/tr>\n<tr>\n<td width=\"319\">5.\u00a0\u00a0\u00a0\u00a0\u00a0Patricia da Cunha Nogueira<\/td>\n<td width=\"104\">Suplente<\/td>\n<\/tr>\n<\/tbody>\n<\/table>\n<p>&nbsp;<\/p>\n\t\t\t\t\t\t\t\t\t\t\t\t\t\t\t<\/div><!-- .entry-content -->\n\t\t\n\t\t\n\t<\/div>\n\n<\/article><!-- #post-1116 -->\n\n\t\n\t\t\n<article id=\"post-1100\" class=\"post-1100 post type-post status-publish format-standard hentry category-noticias\">\n\n\t\n\t<div class=\"entry-main\">\n\n\t\t\n\t\t<header class=\"entry-header\">\n\t\t\t\n\t\t\t<h1 class=\"entry-title\"><a href=\"https:\/\/wp.ufpel.edu.br\/embrapii\/2025\/05\/09\/resultado-final-processo-seletivo-simplificado-para-selecao-de-startups\/\" title=\"Link permanente para Resultado final \u2013 Processo Seletivo Simplificado para sele\u00e7\u00e3o de startups\" rel=\"bookmark\">Resultado final \u2013 Processo Seletivo Simplificado para sele\u00e7\u00e3o de startups<\/a><\/h1>\n\n\t\t\t\t\t\t\t<div class=\"entry-meta\">\n\t\t\t\t\tPublicado em <a href=\"https:\/\/wp.ufpel.edu.br\/embrapii\/2025\/05\/09\/resultado-final-processo-seletivo-simplificado-para-selecao-de-startups\/\" title=\"10:32\" rel=\"bookmark\"><time class=\"entry-date\" datetime=\"2025-05-09T10:32:02-03:00\">09\/05\/2025<\/time><\/a><time class=\"updated\" datetime=\"2025-05-09T10:32:02-03:00\">09\/05\/2025<\/time>  \t\t\t\t<\/div><!-- .entry-meta -->\n\t\t\t\n\t\t<\/header><!-- .entry-header -->\n\n\t\t\t\t\t<div class=\"entry-content\">\n\t\t\t\t<p>Est\u00e1 dispon\u00edvel o resultado final do Processo Seletivo Simplificado para Sele\u00e7\u00e3o de Startups para Implementa\u00e7\u00e3o de Projeto EMBRAPII \u2013 2025.<\/p>\n<p>A chamada integra o projeto INOVA Clusters Tecnol\u00f3gicos (HUB INNOVAT B3), com apoio da FAPERGS, e foi realizada em parceria com a unidade EMBRAPII InovaAgro-UFPel.<\/p>\n<p>As startups selecionadas dar\u00e3o in\u00edcio \u00e0 etapa de formaliza\u00e7\u00e3o para o desenvolvimento conjunto de solu\u00e7\u00f5es inovadoras em bioprodutos veterin\u00e1rios derivados de biomassa vegetal, dentro do modelo EMBRAPII\/Sebrae.<\/p>\n<p>\ud83d\udcc4 Confira o resultado final no link:<br \/>\n<a href=\"https:\/\/wp.ufpel.edu.br\/embrapii\/files\/2025\/05\/Resultado_final_-_08-05-25_assinado.pdf\">Resultado_final_-_08-05-25_assinado<\/a><\/p>\n<p>\ud83d\udce9 D\u00favidas e informa\u00e7\u00f5es: lahbbioufpel@gmail.com<\/p>\n\t\t\t\t\t\t\t\t\t\t\t\t\t\t\t<\/div><!-- .entry-content -->\n\t\t\n\t\t\n\t<\/div>\n\n<\/article><!-- #post-1100 -->\n\n\t\n\t\t\t<nav id=\"nav-below\" class=\"site-navigation paging-navigation\">\n\t\t\t<h2 class=\"assistive-text\">Navega\u00e7\u00e3o de posts<\/h2>\n\n\t\t\t<div class='pagination'><span aria-current=\"page\" class=\"page-numbers current\">1<\/span>\n<a class=\"page-numbers\" href=\"https:\/\/wp.ufpel.edu.br\/embrapii\/wp-json\/wp\/v2\/pages\/611\/page\/2\/\">2<\/a>\n<a class=\"page-numbers\" href=\"https:\/\/wp.ufpel.edu.br\/embrapii\/wp-json\/wp\/v2\/pages\/611\/page\/3\/\">3<\/a>\n<a class=\"page-numbers\" href=\"https:\/\/wp.ufpel.edu.br\/embrapii\/wp-json\/wp\/v2\/pages\/611\/page\/4\/\">4<\/a>\n<a class=\"page-numbers\" href=\"https:\/\/wp.ufpel.edu.br\/embrapii\/wp-json\/wp\/v2\/pages\/611\/page\/5\/\">5<\/a>\n<a class=\"page-numbers\" href=\"https:\/\/wp.ufpel.edu.br\/embrapii\/wp-json\/wp\/v2\/pages\/611\/page\/6\/\">6<\/a>\n<span class=\"page-numbers dots\">&hellip;<\/span>\n<a class=\"page-numbers\" href=\"https:\/\/wp.ufpel.edu.br\/embrapii\/wp-json\/wp\/v2\/pages\/611\/page\/8\/\">8<\/a>\n<a class=\"next page-numbers\" href=\"https:\/\/wp.ufpel.edu.br\/embrapii\/wp-json\/wp\/v2\/pages\/611\/page\/2\/\">Pr\u00f3ximo &raquo;<\/a><\/div>\n\n\t\t<\/nav><!-- #nav-below -->\n\t\t\n<\/div><\/div><\/div><\/div>","protected":false},"excerpt":{"rendered":"","protected":false},"author":1172,"featured_media":0,"parent":0,"menu_order":0,"comment_status":"closed","ping_status":"closed","template":"","meta":{"footnotes":""},"class_list":["post-611","page","type-page","status-publish","hentry","post"],"_links":{"self":[{"href":"https:\/\/wp.ufpel.edu.br\/embrapii\/wp-json\/wp\/v2\/pages\/611","targetHints":{"allow":["GET"]}}],"collection":[{"href":"https:\/\/wp.ufpel.edu.br\/embrapii\/wp-json\/wp\/v2\/pages"}],"about":[{"href":"https:\/\/wp.ufpel.edu.br\/embrapii\/wp-json\/wp\/v2\/types\/page"}],"author":[{"embeddable":true,"href":"https:\/\/wp.ufpel.edu.br\/embrapii\/wp-json\/wp\/v2\/users\/1172"}],"replies":[{"embeddable":true,"href":"https:\/\/wp.ufpel.edu.br\/embrapii\/wp-json\/wp\/v2\/comments?post=611"}],"version-history":[{"count":9,"href":"https:\/\/wp.ufpel.edu.br\/embrapii\/wp-json\/wp\/v2\/pages\/611\/revisions"}],"predecessor-version":[{"id":616,"href":"https:\/\/wp.ufpel.edu.br\/embrapii\/wp-json\/wp\/v2\/pages\/611\/revisions\/616"}],"wp:attachment":[{"href":"https:\/\/wp.ufpel.edu.br\/embrapii\/wp-json\/wp\/v2\/media?parent=611"}],"curies":[{"name":"wp","href":"https:\/\/api.w.org\/{rel}","templated":true}]}}

Notícias

<div id="pl-611"  class="panel-layout" ><div id="pg-611-0"  class="panel-grid panel-no-style" ><div id="pgc-611-0-0"  class="panel-grid-cell" ><div id="panel-611-0-0-0" class="so-panel widget widget_siteorigin-panels-postloop panel-first-child panel-last-child" data-index="0" >

		
		
<article id="post-1120" class="post-1120 post type-post status-publish format-standard hentry category-noticias">

	
	<div class="entry-main">

		
		<header class="entry-header">
			
			<h1 class="entry-title"><a href="https://wp.ufpel.edu.br/embrapii/2026/02/26/inovaagro-ufpel-apresenta-nova-tecnologia-verde-para-o-controle-de-insetos-com-ozonio/" title="Link permanente para InovaAgro – UFPel apresenta nova tecnologia verde para o controle de insetos com ozônio" rel="bookmark">InovaAgro – UFPel apresenta nova tecnologia verde para o controle de insetos com ozônio</a></h1>

							<div class="entry-meta">
					Publicado em <a href="https://wp.ufpel.edu.br/embrapii/2026/02/26/inovaagro-ufpel-apresenta-nova-tecnologia-verde-para-o-controle-de-insetos-com-ozonio/" title="11:39" rel="bookmark"><time class="entry-date" datetime="2026-02-26T11:39:42-03:00">26/02/2026</time></a><time class="updated" datetime="2026-02-26T11:39:42-03:00">26/02/2026</time>  				</div><!-- .entry-meta -->
			
		</header><!-- .entry-header -->

					<div class="entry-content">
				<p>A InovaAgro-UFPel está apresentando no stand da Faculdade de Agronomia Eliseu Maciel (FAEM) durante os três dias do evento da <strong>36ª Abertura Oficial da Colheita do Arroz e Grãos em Terras Baixas</strong> a nova tecnologia verde de controle de insetos por meio da aplicação de ozônio, em parceria com a InovaAgro – UFPel e a empresa Oxibiograin. A inovação promete eliminar o uso de agrotóxicos no armazenamento de grãos, e já está atuando em ambiente operacional através de testes práticos.<br />
Os resultados indicam grande interesse industrial no setor do arroz, sendo de alto valor estratégico para o estado.<br />
Sob coordenação do professor Maurício de Oliveira, a solução vinha sendo testada no <strong>Laboratório de Pós-Colheita, Industrialização e Qualidade de Grãos (LABGRÃOS)</strong>, e promove redução de resíduos químicos e agrotóxicos, mais segurança na aplicação e menos custos de produção, além de ser um método sustentável para o controle de insetos.<br />
A aplicação de ozônio também atua na inativação das pragas e aprimora a qualidade tecnológica e sanitária dos grãos armazenados, enquanto reduz riscos ocupacionais e impactos ambientais. Assim, a iniciativa reforça o compromisso da indústria com o meio ambiente e soluções sustentáveis e econômicas.<br />
A FAEM e a InovaAgro – UFPel convidam produtores, armazenadores, estudantes, pesquisadores e parceiros institucionais a visitarem o stand da FAEM na <strong>36ª Abertura Oficial da Colheita do Arroz e Grãos em Terras Baixas</strong>, onde estarão em exposição diversos materiais e resultados da tecnologia, além das oportunidades de aprendizado, cooperação e conexão com diversos pesquisadores e especialistas.</p>
<p>Venha nos visitar!</p>
<p>&nbsp;</p>
<p><img loading="lazy" decoding="async" class="aligncenter size-large wp-image-1122" src="https://wp.ufpel.edu.br/embrapii/files/2026/02/20260225_101413-1024x576.jpg" alt="" width="720" height="405" srcset="https://wp.ufpel.edu.br/embrapii/files/2026/02/20260225_101413-1024x576.jpg 1024w, https://wp.ufpel.edu.br/embrapii/files/2026/02/20260225_101413-400x225.jpg 400w, https://wp.ufpel.edu.br/embrapii/files/2026/02/20260225_101413-768x432.jpg 768w, https://wp.ufpel.edu.br/embrapii/files/2026/02/20260225_101413-1536x864.jpg 1536w, https://wp.ufpel.edu.br/embrapii/files/2026/02/20260225_101413-2048x1153.jpg 2048w" sizes="auto, (max-width: 720px) 100vw, 720px" /></p>
															</div><!-- .entry-content -->
		
		
	</div>

</article><!-- #post-1120 -->

	
		
<article id="post-1116" class="post-1116 post type-post status-publish format-standard hentry category-noticias">

	
	<div class="entry-main">

		
		<header class="entry-header">
			
			<h1 class="entry-title"><a href="https://wp.ufpel.edu.br/embrapii/2025/09/04/resultado-final-bolsa-de-graduacao-embrapii-inovaagro/" title="Link permanente para Resultado final &#8211; Bolsa de Graduação Embrapii InovaAgro" rel="bookmark">Resultado final &#8211; Bolsa de Graduação Embrapii InovaAgro</a></h1>

							<div class="entry-meta">
					Publicado em <a href="https://wp.ufpel.edu.br/embrapii/2025/09/04/resultado-final-bolsa-de-graduacao-embrapii-inovaagro/" title="9:12" rel="bookmark"><time class="entry-date" datetime="2025-09-04T09:12:14-03:00">04/09/2025</time></a><time class="updated" datetime="2025-09-04T09:12:14-03:00">04/09/2025</time>  				</div><!-- .entry-meta -->
			
		</header><!-- .entry-header -->

					<div class="entry-content">
				<p>Abaixo segue a lista dos  aprovados no processo seletivo para<span lang="PT-BR"> uma vaga de bolsa PDI, conforme </span>Edital Nº005/2025, Processo Nº 23110.003655/2025-54, por ordem de classificação (primeiro lugar e suplência).</p>
<p>&nbsp;</p>
<table style="font-weight: 400;" width="423">
<tbody>
<tr>
<td width="319"><strong>Candidato (a)</strong></td>
<td width="104"><strong>Classificação</strong></td>
</tr>
<tr>
<td width="319">1.    Eliz Soares Sigales</td>
<td width="104">Aprovada</td>
</tr>
<tr>
<td width="319">2.    Ysabelle Dourado Ferreira Jardim</td>
<td width="104">Suplente</td>
</tr>
<tr>
<td width="319">3.    Jonathan de Castro Silva</td>
<td width="104">Suplente</td>
</tr>
<tr>
<td width="319">4.    Kailane Flôres Martins</td>
<td width="104">Suplente</td>
</tr>
<tr>
<td width="319">5.     Patricia da Cunha Nogueira</td>
<td width="104">Suplente</td>
</tr>
</tbody>
</table>
<p>&nbsp;</p>
															</div><!-- .entry-content -->
		
		
	</div>

</article><!-- #post-1116 -->

	
		
<article id="post-1100" class="post-1100 post type-post status-publish format-standard hentry category-noticias">

	
	<div class="entry-main">

		
		<header class="entry-header">
			
			<h1 class="entry-title"><a href="https://wp.ufpel.edu.br/embrapii/2025/05/09/resultado-final-processo-seletivo-simplificado-para-selecao-de-startups/" title="Link permanente para Resultado final – Processo Seletivo Simplificado para seleção de startups" rel="bookmark">Resultado final – Processo Seletivo Simplificado para seleção de startups</a></h1>

							<div class="entry-meta">
					Publicado em <a href="https://wp.ufpel.edu.br/embrapii/2025/05/09/resultado-final-processo-seletivo-simplificado-para-selecao-de-startups/" title="10:32" rel="bookmark"><time class="entry-date" datetime="2025-05-09T10:32:02-03:00">09/05/2025</time></a><time class="updated" datetime="2025-05-09T10:32:02-03:00">09/05/2025</time>  				</div><!-- .entry-meta -->
			
		</header><!-- .entry-header -->

					<div class="entry-content">
				<p>Está disponível o resultado final do Processo Seletivo Simplificado para Seleção de Startups para Implementação de Projeto EMBRAPII – 2025.</p>
<p>A chamada integra o projeto INOVA Clusters Tecnológicos (HUB INNOVAT B3), com apoio da FAPERGS, e foi realizada em parceria com a unidade EMBRAPII InovaAgro-UFPel.</p>
<p>As startups selecionadas darão início à etapa de formalização para o desenvolvimento conjunto de soluções inovadoras em bioprodutos veterinários derivados de biomassa vegetal, dentro do modelo EMBRAPII/Sebrae.</p>
<p>📄 Confira o resultado final no link:<br />
<a href="https://wp.ufpel.edu.br/embrapii/files/2025/05/Resultado_final_-_08-05-25_assinado.pdf">Resultado_final_-_08-05-25_assinado</a></p>
<p>📩 Dúvidas e informações: lahbbioufpel@gmail.com</p>
															</div><!-- .entry-content -->
		
		
	</div>

</article><!-- #post-1100 -->

	
			<nav id="nav-below" class="site-navigation paging-navigation">
			<h2 class="assistive-text">Navegação de posts</h2>

			<div class='pagination'><span aria-current="page" class="page-numbers current">1</span>
<a class="page-numbers" href="https://wp.ufpel.edu.br/embrapii/wp-json/wp/v2/pages/611/page/2/">2</a>
<a class="page-numbers" href="https://wp.ufpel.edu.br/embrapii/wp-json/wp/v2/pages/611/page/3/">3</a>
<a class="page-numbers" href="https://wp.ufpel.edu.br/embrapii/wp-json/wp/v2/pages/611/page/4/">4</a>
<a class="page-numbers" href="https://wp.ufpel.edu.br/embrapii/wp-json/wp/v2/pages/611/page/5/">5</a>
<a class="page-numbers" href="https://wp.ufpel.edu.br/embrapii/wp-json/wp/v2/pages/611/page/6/">6</a>
<span class="page-numbers dots">&hellip;</span>
<a class="page-numbers" href="https://wp.ufpel.edu.br/embrapii/wp-json/wp/v2/pages/611/page/8/">8</a>
<a class="next page-numbers" href="https://wp.ufpel.edu.br/embrapii/wp-json/wp/v2/pages/611/page/2/">Próximo &raquo;</a></div>

		</nav><!-- #nav-below -->
		
</div></div></div></div>
