{"id":47,"date":"2012-09-08T20:56:58","date_gmt":"2012-09-08T23:56:58","guid":{"rendered":"https:\/\/wp.ufpel.edu.br\/emadjr\/?page_id=47"},"modified":"2025-02-23T10:44:29","modified_gmt":"2025-02-23T13:44:29","slug":"contato","status":"publish","type":"page","link":"https:\/\/wp.ufpel.edu.br\/emadjr\/contato\/","title":{"rendered":"Contato"},"content":{"rendered":"<h3><span style=\"font-family: helvetica, arial, sans-serif;\"><strong><span style=\"color: #005481;\">E-mail<\/span><\/strong><\/span><\/h3>\n<p>contato@emadjr.com.br<\/p>\n<p><span style=\"font-family: helvetica, arial, sans-serif; color: #005481;\"><strong><span style=\"text-decoration: underline; font-size: 14pt;\"><a style=\"color: #005481;\" href=\"https:\/\/www.facebook.com\/pages\/EMAD-Jr-Consultoria-e-Assessoria-Empresarial\/205965846094313?ref=br_tf\" target=\"_blank\" rel=\"noopener noreferrer\">Facebook<\/a><\/span><\/strong><\/span><\/p>\n<p><span style=\"font-family: helvetica, arial, sans-serif; color: #005481;\"><strong><span style=\"font-size: 14pt;\"><a style=\"color: #005481;\" href=\"https:\/\/www.instagram.com\/emadjr.ufpel\">Instagram<\/a><\/span><\/strong><\/span><\/p>\n<h3><span style=\"font-family: helvetica, arial, sans-serif;\"><strong><span style=\"color: #005481;\">Telefones para Contato<\/span><\/strong><\/span><\/h3>\n<p><span style=\"font-family: helvetica, arial, sans-serif;\">(53) 9125-2014 De segunda a sexta-feira, das 8h \u00e0s 12h e das 13h \u00e0s 18h<\/span><\/p>\n<h3><span style=\"font-family: helvetica, arial, sans-serif;\"><strong><span style=\"color: #005481;\">Endere\u00e7o<\/span><\/strong><\/span><\/h3>\n<p><span style=\"font-family: helvetica, arial, sans-serif;\">Rua Gomes Carneiro, 01, Sala 447 &#8211; Campus Anglo<\/span><\/p>\n<div class=\"googlemaps\">\n\t\t\t\t<iframe loading=\"lazy\" width=\"600\" height=\"450\" frameborder=\"0\" scrolling=\"no\" marginheight=\"0\" marginwidth=\"0\"  src=\"https:\/\/www.google.com\/maps\/embed?pb=!1m18!1m12!1m3!1d3391.610858298703!2d-52.32566768525874!3d-31.78109798128415!2m3!1f0!2f0!3f0!3m2!1i1024!2i768!4f13.1!3m3!1m2!1s0x9511b5d222c4de53:0x4ad161e60e3f333d!2sEmad%20Jr.%20-%20Empresa%20Junior%20do%20Curso%20de%20Administra\u00e7\u00e3o%20da%20UFPel!5e0!3m2!1spt-BR!2sbr!4v1512476070217\"><\/iframe>\n\t\t\t<\/div>\n","protected":false},"excerpt":{"rendered":"<p>E-mail contato@emadjr.com.br Facebook Instagram Telefones para Contato (53) 9125-2014 De segunda a sexta-feira, das 8h \u00e0s 12h e das 13h \u00e0s 18h Endere\u00e7o Rua Gomes Carneiro, 01, Sala 447 &#8211; Campus Anglo<\/p>\n","protected":false},"author":208,"featured_media":0,"parent":0,"menu_order":18,"comment_status":"closed","ping_status":"closed","template":"","meta":{"jetpack_post_was_ever_published":false,"footnotes":""},"class_list":["post-47","page","type-page","status-publish","hentry"],"jetpack_sharing_enabled":true,"jetpack_shortlink":"https:\/\/wp.me\/P4EAiV-L","publishpress_future_action":{"enabled":false,"date":"2026-05-21 09:16:31","action":"change-status","newStatus":"draft","terms":[],"taxonomy":"","extraData":[]},"publishpress_future_workflow_manual_trigger":{"enabledWorkflows":[]},"_links":{"self":[{"href":"https:\/\/wp.ufpel.edu.br\/emadjr\/wp-json\/wp\/v2\/pages\/47","targetHints":{"allow":["GET"]}}],"collection":[{"href":"https:\/\/wp.ufpel.edu.br\/emadjr\/wp-json\/wp\/v2\/pages"}],"about":[{"href":"https:\/\/wp.ufpel.edu.br\/emadjr\/wp-json\/wp\/v2\/types\/page"}],"author":[{"embeddable":true,"href":"https:\/\/wp.ufpel.edu.br\/emadjr\/wp-json\/wp\/v2\/users\/208"}],"replies":[{"embeddable":true,"href":"https:\/\/wp.ufpel.edu.br\/emadjr\/wp-json\/wp\/v2\/comments?post=47"}],"version-history":[{"count":50,"href":"https:\/\/wp.ufpel.edu.br\/emadjr\/wp-json\/wp\/v2\/pages\/47\/revisions"}],"predecessor-version":[{"id":2121,"href":"https:\/\/wp.ufpel.edu.br\/emadjr\/wp-json\/wp\/v2\/pages\/47\/revisions\/2121"}],"wp:attachment":[{"href":"https:\/\/wp.ufpel.edu.br\/emadjr\/wp-json\/wp\/v2\/media?parent=47"}],"curies":[{"name":"wp","href":"https:\/\/api.w.org\/{rel}","templated":true}]}}