{"id":409,"date":"2021-07-03T02:57:18","date_gmt":"2021-07-03T05:57:18","guid":{"rendered":"https:\/\/wp.ufpel.edu.br\/eleeko\/?page_id=409"},"modified":"2021-07-03T03:09:27","modified_gmt":"2021-07-03T06:09:27","slug":"pesquisa","status":"publish","type":"page","link":"https:\/\/wp.ufpel.edu.br\/eleeko\/pesquisa\/","title":{"rendered":"Pesquisa: Necropol\u00edtica"},"content":{"rendered":"<h1>Necropol\u00edtica e Popula\u00e7\u00e3o Negra: problematiza\u00e7\u00f5es sobre racismo e antirracismo e seus desdobramentos em tempos de pandemia e p\u00f3s-pandemia da Covid-19<\/h1>\n<p>O presente projeto de pesquisa est\u00e1 inserido na grande \u00e1rea das Ci\u00eancias Humanas, com interfaces no campo da sa\u00fade, e comp\u00f5e as atividades do \u201cN\u00facleo de Estudos e Pesquisas E\u2019L\u00c9\u00c9K\u00d2\u201d, vinculado ao curso de Psicologia da UFPel e ao Programa de P\u00f3s-Gradua\u00e7\u00e3o em Psicologia Social e Institucional da UFRGS. Em tempos de pandemia da COVID-19, a morte concreta e a mortifica\u00e7\u00e3o em vida de corpos pretos \u00e9 exacerbada ao considerarmos a hist\u00f3rica situa\u00e7\u00e3o de vunerabiliza\u00e7\u00e3o social e racial a qual a popula\u00e7\u00e3o negra est\u00e1 submetida h\u00e1 mais de 500 anos.<\/p>\n<p>A pesquisa objetiva compreender e problematizar os efeitos do racismo e da luta antirracismo na vida de homens e mulheres negras antes, durante e p\u00f3s-pandemia da Covid-19. As discuss\u00f5es te\u00f3rico-metodol\u00f3gica partir\u00e3o de produ\u00e7\u00f5es de conhecimentos contra hegem\u00f4nicos, cuja perspectiva epistemol\u00f3gica de Ci\u00eancia \u00e9 tomada como uma forma de produzir questionamentos, reflex\u00f5es e interven\u00e7\u00f5es com sujeitos, grupos, comunidades numa rela\u00e7\u00e3o sujeito-sujeito.<\/p>\n<p>A escolha dos m\u00e9todos e t\u00e9cnicas de pesquisa partir\u00e3o da necessidade de potencializar a rela\u00e7\u00e3o dial\u00f3gica entre pesquisadora e participantes. Ser\u00e3o participantes pessoas adultas, maiores de 18 anos, autodeclaradas pretas e pardas, que se dispuserem a contribuir com as discuss\u00f5es propostas pelo projeto. S\u00e3o utilizadas diferentes perspectivas te\u00f3ricas e pol\u00edticas em torno de um eixo, o antirracismo, cujos deslocamentos, desdobramentos e agenciamentos epist\u00eamicos est\u00e3o subsidiando a compreens\u00e3o sobre o fen\u00f4meno estudado. A constru\u00e7\u00e3o te\u00f3rica do estudo tem a pot\u00eancia de estimular reflex\u00f5es sobre usos e interpreta\u00e7\u00f5es de matrizes do pensamento negro e produzir, qui\u00e7\u00e1, o que aqui chamamos de uma ci\u00eancia preta desde o lugar \u00e9tico, est\u00e1tico, ontol\u00f3gico e epistemol\u00f3gico ladinoamefricanos, fazendo alus\u00e3o a L\u00e9lia Gonzalez.<\/p>\n<p>A pesquisa foi aprovada pelo Comit\u00ea de \u00c9tica em Pesquisa da Faculdade de Medicina, da UFPel, por meio do parecer n\u00famero 4.127.275.<\/p>\n<p>Mais informa\u00e7\u00f5es pela e-mail: grupoeleeko@gmail.com<\/p>\n<p>&nbsp;<\/p>\n<p><img class=\"wp-image-411 alignleft\" src=\"https:\/\/wp.ufpel.edu.br\/eleeko\/files\/2021\/07\/arte-necropolitica-e-populacao-negra-com-titulo-400x400.jpeg\" alt=\"\" width=\"521\" height=\"521\" srcset=\"https:\/\/wp.ufpel.edu.br\/eleeko\/files\/2021\/07\/arte-necropolitica-e-populacao-negra-com-titulo-400x400.jpeg 400w, https:\/\/wp.ufpel.edu.br\/eleeko\/files\/2021\/07\/arte-necropolitica-e-populacao-negra-com-titulo-1024x1024.jpeg 1024w, https:\/\/wp.ufpel.edu.br\/eleeko\/files\/2021\/07\/arte-necropolitica-e-populacao-negra-com-titulo-200x200.jpeg 200w, https:\/\/wp.ufpel.edu.br\/eleeko\/files\/2021\/07\/arte-necropolitica-e-populacao-negra-com-titulo-768x768.jpeg 768w, https:\/\/wp.ufpel.edu.br\/eleeko\/files\/2021\/07\/arte-necropolitica-e-populacao-negra-com-titulo.jpeg 1080w\" sizes=\"(max-width: 521px) 100vw, 521px\" \/><\/p>\n","protected":false},"excerpt":{"rendered":"<p>Necropol\u00edtica e Popula\u00e7\u00e3o Negra: problematiza\u00e7\u00f5es sobre racismo e antirracismo e seus desdobramentos em tempos de pandemia e p\u00f3s-pandemia da Covid-19 O presente projeto de pesquisa est\u00e1 inserido na grande \u00e1rea das Ci\u00eancias Humanas, com interfaces no campo da sa\u00fade, e comp\u00f5e as atividades do \u201cN\u00facleo de Estudos e Pesquisas E\u2019L\u00c9\u00c9K\u00d2\u201d, vinculado ao curso de Psicologia [&hellip;]<\/p>\n","protected":false},"author":1018,"featured_media":0,"parent":0,"menu_order":4,"comment_status":"closed","ping_status":"closed","template":"","meta":{"footnotes":""},"class_list":["post-409","page","type-page","status-publish","hentry"],"_links":{"self":[{"href":"https:\/\/wp.ufpel.edu.br\/eleeko\/wp-json\/wp\/v2\/pages\/409","targetHints":{"allow":["GET"]}}],"collection":[{"href":"https:\/\/wp.ufpel.edu.br\/eleeko\/wp-json\/wp\/v2\/pages"}],"about":[{"href":"https:\/\/wp.ufpel.edu.br\/eleeko\/wp-json\/wp\/v2\/types\/page"}],"author":[{"embeddable":true,"href":"https:\/\/wp.ufpel.edu.br\/eleeko\/wp-json\/wp\/v2\/users\/1018"}],"replies":[{"embeddable":true,"href":"https:\/\/wp.ufpel.edu.br\/eleeko\/wp-json\/wp\/v2\/comments?post=409"}],"version-history":[{"count":3,"href":"https:\/\/wp.ufpel.edu.br\/eleeko\/wp-json\/wp\/v2\/pages\/409\/revisions"}],"predecessor-version":[{"id":415,"href":"https:\/\/wp.ufpel.edu.br\/eleeko\/wp-json\/wp\/v2\/pages\/409\/revisions\/415"}],"wp:attachment":[{"href":"https:\/\/wp.ufpel.edu.br\/eleeko\/wp-json\/wp\/v2\/media?parent=409"}],"curies":[{"name":"wp","href":"https:\/\/api.w.org\/{rel}","templated":true}]}}