{"id":2,"date":"2021-06-26T06:13:12","date_gmt":"2021-06-26T09:13:12","guid":{"rendered":"https:\/\/wp.ufpel.edu.br\/eifionline\/?page_id=2"},"modified":"2021-11-08T22:40:18","modified_gmt":"2021-11-09T01:40:18","slug":"pagina-exemplo","status":"publish","type":"page","link":"https:\/\/wp.ufpel.edu.br\/eifionline\/","title":{"rendered":"APRESENTA\u00c7\u00c3O"},"content":{"rendered":"<p class=\"p1\" style=\"text-align: justify\">O Encontro Internacional Fronteiras e Identidades chega a sua quinta edi\u00e7\u00e3o de uma forma diferente, totalmente <i>online<\/i>. A pandemia de COVID-19 adiou os planos de realiza\u00e7\u00e3o do V EIFI no tempo previsto \u2013 realizado bienalmente, em anos pares. No entanto, o evento foi adaptado do presencial para o virtual e ser\u00e1 realizado entre os dias 14 e 17 de setembro de 2021. Nesta edi\u00e7\u00e3o est\u00e3o previstas duas confer\u00eancias e quatro mesas-redondas, transmitidas no canal do PPGH\/UFPEL no <i>Youtube<\/i>, al\u00e9m de 12 Simp\u00f3sios Tem\u00e1ticos que ser\u00e3o realizados na plataforma <i>Google Meet<\/i>. O V EIFI abordar\u00e1 temas da atualidade do trabalho dos\/das historiadores\/historiadoras, como Hist\u00f3ria Digital, Hist\u00f3ria P\u00fablica e as atividades acad\u00eamicas em tempos de pandemia. As tem\u00e1ticas das Fronteiras e das Identidades, no entanto, tamb\u00e9m ser\u00e3o discutidas a partir das mesas e dos Simp\u00f3sios Tem\u00e1ticos, atividades que est\u00e3o sendo preparadas pelos professores e professoras das linhas de pesquisa do PPGH\/UFPEL.<\/p>\n<p class=\"p1\" style=\"text-align: justify\">Nossa inten\u00e7\u00e3o com a realiza\u00e7\u00e3o da edi\u00e7\u00e3o <i>online<\/i> do V EIFI segue a mesma proposta dos encontros anteriores (2012, 2014, 2016 e 2018) buscando a integra\u00e7\u00e3o entre os\/as participantes, apresentadores\/as e ouvintes, discentes de gradua\u00e7\u00e3o e p\u00f3s-gradua\u00e7\u00e3o, mestres\/as, doutores\/as, professores\/as de todos os n\u00edveis de ensino, profissionais e demais pesquisadores\/as, sobretudo daqueles\/as da \u00e1rea das Ci\u00eancias Humanas e, especialmente, da Hist\u00f3ria.<span class=\"Apple-converted-space\">\u00a0<\/span><\/p>\n<p class=\"p1\" style=\"text-align: justify\">Esperamos por voc\u00eas, remotamente, entre os dias 14 e 17 de setembro de 2021 e desejamos que a edi\u00e7\u00e3o seguinte, do VI EIFI, em 2023, aconte\u00e7a nas depend\u00eancias da UFPEL, presencialmente. At\u00e9 l\u00e1 vamos continuar defendendo a democracia, a valoriza\u00e7\u00e3o da vida, o conhecimento cient\u00edfico e a imuniza\u00e7\u00e3o por meio de vacinas para toda popula\u00e7\u00e3o brasileira<\/p>\n","protected":false},"excerpt":{"rendered":"<p>O Encontro Internacional Fronteiras e Identidades chega a sua quinta edi\u00e7\u00e3o de uma forma diferente, totalmente online. A pandemia de COVID-19 adiou os planos de realiza\u00e7\u00e3o do V EIFI no tempo previsto \u2013 realizado bienalmente, em anos pares. No entanto, o evento foi adaptado do presencial para o virtual e ser\u00e1 realizado entre os dias &hellip; <\/p>\n<p class=\"link-more\"><a href=\"https:\/\/wp.ufpel.edu.br\/eifionline\/\" class=\"more-link\">Continue lendo<span class=\"screen-reader-text\"> &#8220;APRESENTA\u00c7\u00c3O&#8221;<\/span><\/a><\/p>\n","protected":false},"author":1007,"featured_media":0,"parent":0,"menu_order":0,"comment_status":"closed","ping_status":"closed","template":"","meta":{"footnotes":""},"class_list":["post-2","page","type-page","status-publish","hentry"],"_links":{"self":[{"href":"https:\/\/wp.ufpel.edu.br\/eifionline\/wp-json\/wp\/v2\/pages\/2","targetHints":{"allow":["GET"]}}],"collection":[{"href":"https:\/\/wp.ufpel.edu.br\/eifionline\/wp-json\/wp\/v2\/pages"}],"about":[{"href":"https:\/\/wp.ufpel.edu.br\/eifionline\/wp-json\/wp\/v2\/types\/page"}],"author":[{"embeddable":true,"href":"https:\/\/wp.ufpel.edu.br\/eifionline\/wp-json\/wp\/v2\/users\/1007"}],"replies":[{"embeddable":true,"href":"https:\/\/wp.ufpel.edu.br\/eifionline\/wp-json\/wp\/v2\/comments?post=2"}],"version-history":[{"count":15,"href":"https:\/\/wp.ufpel.edu.br\/eifionline\/wp-json\/wp\/v2\/pages\/2\/revisions"}],"predecessor-version":[{"id":325,"href":"https:\/\/wp.ufpel.edu.br\/eifionline\/wp-json\/wp\/v2\/pages\/2\/revisions\/325"}],"wp:attachment":[{"href":"https:\/\/wp.ufpel.edu.br\/eifionline\/wp-json\/wp\/v2\/media?parent=2"}],"curies":[{"name":"wp","href":"https:\/\/api.w.org\/{rel}","templated":true}]}}

APRESENTAÇÃO

<p class="p1" style="text-align: justify">O Encontro Internacional Fronteiras e Identidades chega a sua quinta edição de uma forma diferente, totalmente <i>online</i>. A pandemia de COVID-19 adiou os planos de realização do V EIFI no tempo previsto – realizado bienalmente, em anos pares. No entanto, o evento foi adaptado do presencial para o virtual e será realizado entre os dias 14 e 17 de setembro de 2021. Nesta edição estão previstas duas conferências e quatro mesas-redondas, transmitidas no canal do PPGH/UFPEL no <i>Youtube</i>, além de 12 Simpósios Temáticos que serão realizados na plataforma <i>Google Meet</i>. O V EIFI abordará temas da atualidade do trabalho dos/das historiadores/historiadoras, como História Digital, História Pública e as atividades acadêmicas em tempos de pandemia. As temáticas das Fronteiras e das Identidades, no entanto, também serão discutidas a partir das mesas e dos Simpósios Temáticos, atividades que estão sendo preparadas pelos professores e professoras das linhas de pesquisa do PPGH/UFPEL.</p>
<p class="p1" style="text-align: justify">Nossa intenção com a realização da edição <i>online</i> do V EIFI segue a mesma proposta dos encontros anteriores (2012, 2014, 2016 e 2018) buscando a integração entre os/as participantes, apresentadores/as e ouvintes, discentes de graduação e pós-graduação, mestres/as, doutores/as, professores/as de todos os níveis de ensino, profissionais e demais pesquisadores/as, sobretudo daqueles/as da área das Ciências Humanas e, especialmente, da História.<span class="Apple-converted-space"> </span></p>
<p class="p1" style="text-align: justify">Esperamos por vocês, remotamente, entre os dias 14 e 17 de setembro de 2021 e desejamos que a edição seguinte, do VI EIFI, em 2023, aconteça nas dependências da UFPEL, presencialmente. Até lá vamos continuar defendendo a democracia, a valorização da vida, o conhecimento científico e a imunização por meio de vacinas para toda população brasileira</p>

<p>O Encontro Internacional Fronteiras e Identidades chega a sua quinta edição de uma forma diferente, totalmente online. A pandemia de COVID-19 adiou os planos de realização do V EIFI no tempo previsto – realizado bienalmente, em anos pares. No entanto, o evento foi adaptado do presencial para o virtual e será realizado entre os dias &hellip; </p>
<p class="link-more"><a href="https://wp.ufpel.edu.br/eifionline/" class="more-link">Continue lendo<span class="screen-reader-text"> &#8220;APRESENTAÇÃO&#8221;</span></a></p>
