{"id":273,"date":"2018-05-24T15:48:40","date_gmt":"2018-05-24T18:48:40","guid":{"rendered":"https:\/\/wp.ufpel.edu.br\/eifi\/?page_id=273"},"modified":"2018-08-31T16:23:10","modified_gmt":"2018-08-31T19:23:10","slug":"relacoes-internacionais-diplomacia","status":"publish","type":"page","link":"https:\/\/wp.ufpel.edu.br\/eifi\/relacoes-internacionais-diplomacia\/","title":{"rendered":"Rela\u00e7\u00f5es Internacionais, Diplomacia"},"content":{"rendered":"<p style=\"text-align: right\"><strong>Prof. Dr. Fernando da Silva Camargo<\/strong> (UFPel) |\u00a0<strong>Prof. Dr. Fernando Comiran<\/strong> (FURG) |\u00a0<strong>Profa. Dra. Helenize Soares Serres<\/strong><\/p>\n<p style=\"text-align: justify\">O simp\u00f3sio tem\u00e1tico objetiva agregar exposi\u00e7\u00f5es de pesquisas acad\u00eamicas sob diversas\u00a0perspectivas te\u00f3rico-metodol\u00f3gicas, sobre temas gerais de Hist\u00f3ria das Rela\u00e7\u00f5es\u00a0Internacionais, com aten\u00e7\u00e3o especial em t\u00f3picos de diplomacia, pol\u00edtica exterior, guerra e paz,\u00a0fronteiras pol\u00edticas, contrabando e com\u00e9rcio formal, geopol\u00edtica, cartografia e pol\u00edticas de\u00a0territ\u00f3rio ou outros que se mostrem pr\u00f3ximos.<\/p>\n<p>&nbsp;<\/p>\n<h3 style=\"text-align: center\">Trabalhos Selecionados<\/h3>\n<p><strong>Sess\u00e3o 1 (26\/10\/2018)<\/strong><\/p>\n<p>QUADROS, Mariana Felix. UFPEL.\u00a0<em>A categoria de ra\u00e7a ou de etnicidade na teoria das Rela\u00e7\u00f5es Internacionais.<\/em><\/p>\n<p>SERRES, Helenize Soares. SEDUC-RS.\u00a0<em>A territorialidade das miss\u00f5es jesu\u00edticas: est\u00e2ncias missioneiras.<\/em><\/p>\n<p>CAMARGO, Fernando da Silva. UFPEL.\u00a0<em>A narrativa diplom\u00e1tica como mapa: proposta de abordagem.<\/em><\/p>\n<p>PINHEIRO,\u00a0Ivan Cesar S. UFSM\/SEDUC-RS.\u00a0<em>Espanh\u00f3is na fronteira sudoeste do Rio Grande do Sul: a est\u00e2ncia e o forte de santa tecla.<\/em><\/p>\n<p>COMIRAN,\u00a0Fernando. UFPEL.\u00a0<em>O Congresso de Viena e suas territorialidades: a conex\u00e3o entre a Banda Oriental do Uruguai, a pra\u00e7a de Oliven\u00e7a e os territ\u00f3rios italianos pela diplomacia portuguesa.<\/em><\/p>\n<p>LOPES, Sim\u00e9ia de Nazar\u00e9. UFPA.\u00a0<em>Pol\u00edticas econ\u00f4micas para o Vale do Rio Amazonas: Com\u00e9rcio e projetos de navega\u00e7\u00e3o fluvial (1840-1850).<\/em><\/p>\n<p>NUNES, Nykollas Gabryel Oroczo. PUC-RS.\u00a0<em>A Pen\u00ednsula de Kamtchatka: uma regi\u00e3o articuladora no s\u00e9culo XIX, pelos olhos de um explorador.<\/em><\/p>\n<p>MACIEL, Renata Baldin. UFSM.\u00a0<em>Pan-americanismo e Doutrina Monroe: implica\u00e7\u00f5es nos debates da gera\u00e7\u00e3o Fin-de-si\u00e8cle brasileira sobre a ideia de autonomia nacional.<\/em><\/p>\n<p>BOTEGA, Leonardo da Rocha. UFSM.\u00a0<em>A pol\u00edtica externa nos discursos desenvolvimentistas de JK e Frondizi: o papel dos pa\u00edses desenvolvidos.<\/em><\/p>\n<p>ESLAB\u00c3O,\u00a0Daniel da Rosa. UFPEL.\u00a0<em>As a\u00e7\u00f5es de governa\u00e7\u00e3o (governance) para a livre circula\u00e7\u00e3o de engenheiros civis no espa\u00e7o da CPLP: efeitos da crise de 2008 em Portugal.<\/em><\/p>\n<h6 style=\"text-align: right\"><em><strong>Para Inscrever-se enviar o resumo, conforme orienta\u00e7\u00f5es<br \/>\n<\/strong><\/em><em><strong>constantes na \u201caba orienta\u00e7\u00f5es\u201d,\u00a0para o e-mail<br \/>\nfscam@hotmail.com<br \/>\n<\/strong><\/em><\/h6>\n<h2 style=\"text-align: right\">Rela\u00e7\u00f5es Internacionais, Diplomacia, Geopol\u00edtica e Territorialidade na Hist\u00f3ria<\/h2>\n","protected":false},"excerpt":{"rendered":"<p>Prof. Dr. Fernando da Silva Camargo (UFPel) |\u00a0Prof. Dr. Fernando Comiran (FURG) |\u00a0Profa. Dra. Helenize Soares Serres O simp\u00f3sio tem\u00e1tico objetiva agregar exposi\u00e7\u00f5es de pesquisas acad\u00eamicas sob diversas\u00a0perspectivas te\u00f3rico-metodol\u00f3gicas, sobre temas gerais de Hist\u00f3ria das Rela\u00e7\u00f5es\u00a0Internacionais, com aten\u00e7\u00e3o especial em t\u00f3picos de diplomacia, pol\u00edtica exterior, guerra e paz,\u00a0fronteiras pol\u00edticas, contrabando e com\u00e9rcio formal, geopol\u00edtica, cartografia [&hellip;]<\/p>\n","protected":false},"author":784,"featured_media":0,"parent":0,"menu_order":0,"comment_status":"closed","ping_status":"closed","template":"","meta":{"footnotes":""},"class_list":["post-273","page","type-page","status-publish","hentry"],"_links":{"self":[{"href":"https:\/\/wp.ufpel.edu.br\/eifi\/wp-json\/wp\/v2\/pages\/273","targetHints":{"allow":["GET"]}}],"collection":[{"href":"https:\/\/wp.ufpel.edu.br\/eifi\/wp-json\/wp\/v2\/pages"}],"about":[{"href":"https:\/\/wp.ufpel.edu.br\/eifi\/wp-json\/wp\/v2\/types\/page"}],"author":[{"embeddable":true,"href":"https:\/\/wp.ufpel.edu.br\/eifi\/wp-json\/wp\/v2\/users\/784"}],"replies":[{"embeddable":true,"href":"https:\/\/wp.ufpel.edu.br\/eifi\/wp-json\/wp\/v2\/comments?post=273"}],"version-history":[{"count":7,"href":"https:\/\/wp.ufpel.edu.br\/eifi\/wp-json\/wp\/v2\/pages\/273\/revisions"}],"predecessor-version":[{"id":372,"href":"https:\/\/wp.ufpel.edu.br\/eifi\/wp-json\/wp\/v2\/pages\/273\/revisions\/372"}],"wp:attachment":[{"href":"https:\/\/wp.ufpel.edu.br\/eifi\/wp-json\/wp\/v2\/media?parent=273"}],"curies":[{"name":"wp","href":"https:\/\/api.w.org\/{rel}","templated":true}]}}