{"id":254,"date":"2018-05-22T16:57:49","date_gmt":"2018-05-22T19:57:49","guid":{"rendered":"https:\/\/wp.ufpel.edu.br\/eifi\/?page_id=254"},"modified":"2018-08-31T15:53:17","modified_gmt":"2018-08-31T18:53:17","slug":"historia-saude-doencas","status":"publish","type":"page","link":"https:\/\/wp.ufpel.edu.br\/eifi\/historia-saude-doencas\/","title":{"rendered":"Hist\u00f3ria, Sa\u00fade, Doen\u00e7as"},"content":{"rendered":"<p style=\"text-align: right\"><strong>Juliane C P Serres (UFPel) | Lorena Almeida Gill\u00a0(UFPel)<\/strong><\/p>\n<p style=\"text-align: justify\">A pesquisa na \u00e1rea da sa\u00fade e doen\u00e7as h\u00e1 muito ultrapassou o universo\u00a0disciplinar das \u00e1reas da Sa\u00fade e despertou um especial interesse das Ci\u00eancias\u00a0Sociais e Humanas, sobretudo da Hist\u00f3ria. Contribui\u00e7\u00f5es de diversos autores\u00a0como Michel Foucault, Jacques Le Goff, entre outros, trouxeram uma\u00a0importante reflex\u00e3o sobre essa \u00e1rea. O adoecimento, as pol\u00edticas sanit\u00e1rias, os\u00a0saberes, as institui\u00e7\u00f5es, os diversos mecanismos de controle da vida e suas\u00a0implica\u00e7\u00f5es na sociedade, seja em suas pr\u00e1ticas ou representa\u00e7\u00f5es, vem\u00a0sendo problematizados e permitem importantes an\u00e1lises do social. Este\u00a0Simp\u00f3sio Tem\u00e1tico pretende reunir pesquisadores e trabalhos que\u00a0problematizem essas quest\u00f5es, algumas com abordagens mais consolidadas,\u00a0como as pol\u00edticas de sa\u00fade ou hist\u00f3ria das doen\u00e7as, outras emergentes, como\u00a0acervos e patrim\u00f4nio voltados a esse campo.<\/p>\n<p>&nbsp;<\/p>\n<h3>Trabalhos Selecionados<\/h3>\n<p><strong>Sess\u00e3o 1 (26\/10\/2018)<\/strong><\/p>\n<p>SILVA, Eduarda Borges da. UFRGS &#8211; CAPES.\u00a0<em>Impasses biogr\u00e1ficos: \u201cZild\u00edssima\u201d ou a \u201ccarola mission\u00e1ria\u201d?<\/em><\/p>\n<p>QUEVEDO, \u00c9verton Reis. Mem\u00f3ria e Cultura Unimed\/RS.\u00a0<em>Hist\u00f3ria da medicina, da sa\u00fade p\u00fablica e do cooperativismo m\u00e9dico atrav\u00e9s do acervo do Mem\u00f3ria e Cultura Unimed\/RS: Perspectivas e possibilidades.<\/em><\/p>\n<p>BEZERRA, Daniele Borges. Universidade Federal de Pelotas &#8211; Capes.\u00a0SERRES, Juliane Concei\u00e7\u00e3o Primon. Universidade Federal de Pelotas.\u00a0<em>Dificuldades de pesquisa no campo da sa\u00fade: Quando falamos de &#8220;\u00e9tica&#8221;.<\/em><\/p>\n<p>SCHWARTSMANN, Leonor Baptista.\u00a0Funda\u00e7\u00e3o SOAD de Pesquisa.\u00a0<em>J\u00e1 que n\u00e3o soubemos evitar a sua entrada, cumpre-nos cercear com urg\u00eancia a sua dissemina\u00e7\u00e3o: de \u201cpa\u00eds da febre amarela\u201d para \u201cpa\u00eds do tracoma\u201d.<\/em><\/p>\n<p>CRUZ, Lisiane Ribas.\u00a0Universidade do Vale do Rio dos Sinos &#8211;\u00a0CNPq.\u00a0<em>Trajet\u00f3ria de \u2018menores\u2019 no Hospital S\u00e3o Pedro (1925 &#8211; 1945).<\/em><\/p>\n<p>BARROS, Carla. Universidade Federal da Fronteira Sul (UFFS) &#8211; Campus Erechim &#8211; CAPES\/FAPERGS. <em>A patologiza\u00e7\u00e3o do horror: Considera\u00e7\u00f5es acerca de abuso familiar, debilidade e o sistema judici\u00e1rio<\/em>.<\/p>\n<p>MEDEIROS, Helena Thomassim.\u00a0Universidade Federal de Pelotas.\u00a0SERRES, Juliane Concei\u00e7\u00e3o Primon.\u00a0Universidade Federal de Pelotas.\u00a0<em>Memorial HCI.\u00a0<\/em><em>A Exposi\u00e7\u00e3o como Construtora de um Discurso Oficial.\u00a0<\/em><\/p>\n<p>GILL, Lorena Almeida. UFPel.\u00a0<em>Enfermidades e demandas dos trabalhadores de Pelotas, \u00a0RS (1941-1951).\u00a0<\/em><\/p>\n<p>&nbsp;<\/p>\n<h6 style=\"text-align: right\"><em><strong>Para Inscrever-se enviar o resumo, conforme orienta\u00e7\u00f5es<br \/>\n<\/strong><\/em><em><strong>constantes na \u201caba orienta\u00e7\u00f5es\u201d,\u00a0para o e-mail<br \/>\njulianeserres@gmail.com<br \/>\nlorenaalmeidagill@gmail.com<\/strong><\/em><\/h6>\n<h2 style=\"text-align: right\">Hist\u00f3ria, Sa\u00fade, Doen\u00e7as e Institui\u00e7\u00f5es<\/h2>\n","protected":false},"excerpt":{"rendered":"<p>Juliane C P Serres (UFPel) | Lorena Almeida Gill\u00a0(UFPel) A pesquisa na \u00e1rea da sa\u00fade e doen\u00e7as h\u00e1 muito ultrapassou o universo\u00a0disciplinar das \u00e1reas da Sa\u00fade e despertou um especial interesse das Ci\u00eancias\u00a0Sociais e Humanas, sobretudo da Hist\u00f3ria. Contribui\u00e7\u00f5es de diversos autores\u00a0como Michel Foucault, Jacques Le Goff, entre outros, trouxeram uma\u00a0importante reflex\u00e3o sobre essa \u00e1rea. [&hellip;]<\/p>\n","protected":false},"author":784,"featured_media":0,"parent":0,"menu_order":0,"comment_status":"closed","ping_status":"closed","template":"","meta":{"footnotes":""},"class_list":["post-254","page","type-page","status-publish","hentry"],"_links":{"self":[{"href":"https:\/\/wp.ufpel.edu.br\/eifi\/wp-json\/wp\/v2\/pages\/254","targetHints":{"allow":["GET"]}}],"collection":[{"href":"https:\/\/wp.ufpel.edu.br\/eifi\/wp-json\/wp\/v2\/pages"}],"about":[{"href":"https:\/\/wp.ufpel.edu.br\/eifi\/wp-json\/wp\/v2\/types\/page"}],"author":[{"embeddable":true,"href":"https:\/\/wp.ufpel.edu.br\/eifi\/wp-json\/wp\/v2\/users\/784"}],"replies":[{"embeddable":true,"href":"https:\/\/wp.ufpel.edu.br\/eifi\/wp-json\/wp\/v2\/comments?post=254"}],"version-history":[{"count":5,"href":"https:\/\/wp.ufpel.edu.br\/eifi\/wp-json\/wp\/v2\/pages\/254\/revisions"}],"predecessor-version":[{"id":369,"href":"https:\/\/wp.ufpel.edu.br\/eifi\/wp-json\/wp\/v2\/pages\/254\/revisions\/369"}],"wp:attachment":[{"href":"https:\/\/wp.ufpel.edu.br\/eifi\/wp-json\/wp\/v2\/media?parent=254"}],"curies":[{"name":"wp","href":"https:\/\/api.w.org\/{rel}","templated":true}]}}