{"id":63,"date":"2018-04-18T09:15:11","date_gmt":"2018-04-18T12:15:11","guid":{"rendered":"https:\/\/wp.ufpel.edu.br\/eiccmu\/?page_id=63"},"modified":"2018-09-26T09:16:14","modified_gmt":"2018-09-26T12:16:14","slug":"normas","status":"publish","type":"page","link":"https:\/\/wp.ufpel.edu.br\/eiccmu\/normas\/","title":{"rendered":"normas"},"content":{"rendered":"<p>Anualmente ser\u00e3o publicadas chamadas para submeter resumos expandidos\u00a0\u00e0 an\u00e1lise dos Membros do Corpo editorial de acordo com o assunto abordado e ap\u00f3s dever\u00e3o ser enviados para revis\u00e3o do Coordenador.<\/p>\n<p>As revis\u00f5es ser\u00e3o encaminhadas aos autores para corre\u00e7\u00f5es e ap\u00f3s corre\u00e7\u00e3o o trabalho \u00e9 encaminhado para revis\u00e3o de refer\u00eancias e formata\u00e7\u00e3o final. Ap\u00f3s diagrama\u00e7\u00e3o, o texto \u00e9 submetido a corre\u00e7\u00f5es finais pelos autores e pelo coordenador editorial, sendo em seguida disponibilizado na p\u00e1gina Publica\u00e7\u00e3o On-line.<\/p>\n<p>O modelo do artigo encontra-se no site:\u00a0https:\/\/www.even3.com.br\/7eiccmu na aba Submiss\u00f5es&gt;Modalidade&gt;Artigo<\/p>\n<p>O corpo do texto do resumo deve estar em fonte Arial tamanho 12 e conter de 5.000 a 8.000 palavras considerando o Resumo, <em>Abstract<\/em>, corpo do texto (com imagens e gr\u00e1ficos) e Refer\u00eancias. Os t\u00edtulos de se\u00e7\u00f5es devem estar centralizados, com letra mai\u00fascula, em negrito e em fonte Arial tamanho 12.<\/p>\n<p><span style=\"font-size: 13px\">Estrutura da publica\u00e7\u00e3o<\/span><\/p>\n<p>1.T\u00edtulo; Autor (es).<\/p>\n<p>2.Introdu\u00e7\u00e3o<\/p>\n<p>Este espa\u00e7o se destina a apresenta\u00e7\u00e3o do tema do trabalho. O autor dever\u00e1 deixar evidente o assunto que ser\u00e1 tratado, a \u00e1rea do conhecimento na qual o trabalho \u00e9 realizado e apresentar a problematiza\u00e7\u00e3o que especifica o seu estudo. Na introdu\u00e7\u00e3o, o autor deve expor os objetivos do trabalho.<\/p>\n<p><span style=\"font-size: 13px\">3.Materiais e M\u00e9todos\/Desenvolvimento<\/span><\/p>\n<p>Aqui o autor dever\u00e1 explicar como o trabalho foi realizado, expondo os procedimentos que foram adotados para a realiza\u00e7\u00e3o do estudo e gera\u00e7\u00e3o dos resultados.<\/p>\n<p>4.Resultados e Discuss\u00e3o<\/p>\n<p><span style=\"font-size: 13px\">A preocupa\u00e7\u00e3o nesta parte do resumo deve ser a de expor o que j\u00e1 foi feito at\u00e9 o momento, quais os resultados encontrados e o estado em que se encontra o trabalho. Esta parte serve tamb\u00e9m para que o autor evidencie o desenvolvimento do trabalho, ou seja, a an\u00e1lise do trabalho de campo e do objeto de estudo propriamente dito. Se forem usadas tabelas e figuras, seus t\u00edtulos dever\u00e3o ser centralizados, com as letras iniciais mai\u00fasculas e fonte Arial, corpo 12.<\/span><\/p>\n<p><span style=\"font-size: 13px\">5. Conclus\u00f5es ou Considera\u00e7\u00f5es finais.\u00a0<\/span>Nas conclus\u00f5es o autor deve apresentar objetivamente qual a inova\u00e7\u00e3o obtida com o trabalho, evitando apresentar resultados neste espa\u00e7o.<\/p>\n<p>6.Agradecimentos (opcional)<\/p>\n<p>7.Refer\u00eancias<\/p>\n<p><u>Livro<\/u><\/p>\n<p>SOBRENOME, Letras Iniciais dos Nomes. <strong>T<\/strong><strong>\u00edtulo do Livro<\/strong>. Local de Edi\u00e7\u00e3o: Editora, ano da publica\u00e7\u00e3o.<\/p>\n<p>Ex.: JENNINGS, P.B.\u00a0<strong>The practice of large animal surgery<\/strong>. Philadelphia: Saunders, 1985. 2v.<\/p>\n<p><u>Cap<\/u><u>\u00edtulo de livro<\/u><\/p>\n<p>SOBRENOME, Letras Iniciais dos Nomes (do autor do cap\u00edtulo). T\u00edtulo do cap\u00edtulo. In: SOBRENOME, Letras Iniciais dos Nomes (Ed., Org., Comp.) <strong>T<\/strong><strong>\u00edtulo do Livro<\/strong>. Local de Edi\u00e7\u00e3o: Editora, ano de publica\u00e7\u00e3o. N\u00famero do Cap\u00edtulo, p. p\u00e1gina inicial \u2013 p\u00e1gina final do cap\u00edtulo.<\/p>\n<p>Ex.: GORBAMAN, A.A. comparative pathology of thyroid. In: HAZARD, J.B.; SMITH, D.E.\u00a0<strong>The thyroid<\/strong>. Baltimore: Williams &amp; Wilkins, 1964. Cap.2, p.32-48.<\/p>\n<p><u>Artigo<\/u><\/p>\n<p>SOBRENOME, Letras Iniciais dos Nomes. T\u00edtulo do Artigo. <strong>Nome da Revista<\/strong>, Local de Edi\u00e7\u00e3o, v.?, n.?, p. p\u00e1gina inicial &#8211; p\u00e1gina final, ano da publica\u00e7\u00e3o.<\/p>\n<p>Ex.: MEWIS, I.; ULRICHS, C.H. Action of amorphous diatomaceous earth against different stages of the stored product pests\u00a0<em>Tribolium confusum<\/em>(Coleoptera: Tenebrionidae),\u00a0<em>Tenebrio molitor<\/em>\u00a0(Coleoptera:Tenebrionidae),\u00a0<em>Sitophilus granarius<\/em>\u00a0(Coleoptera: Curculionidae) and\u00a0<em>Plodia interpunctella<\/em>\u00a0(Lepidoptera: Pyralidae).\u00a0<strong>Journal of Stored Product Research<\/strong>, Amsterdam, v.37, n.1, p.153-164, 2001.<\/p>\n<p><u>Tese\/Disserta\u00e7\u00e3o\/Monografia<\/u><\/p>\n<p>SOBRENOME, Letras Iniciais dos Nomes. <strong>T<\/strong><strong>\u00edtulo da tese\/disserta\u00e7\u00e3<\/strong><strong>o\/monografia<\/strong>. Data de publica\u00e7\u00e3o. Tese\/Disserta\u00e7\u00e3o\/monografia (Doutorado\/Mestrado\/Especializa\u00e7\u00e3o em &#8230;) &#8211; Programa, Universidade.<\/p>\n<p>Ex.: KLEINOWSKI, A.M. <strong>Produ<\/strong><strong>\u00e7\u00e3o de betacianina, crescimento e potencial bioativo de plantas do g\u00ea<\/strong><strong>nero <\/strong><strong><em>Alternanthera<\/em><\/strong>.\u00a02011. 71f. Disserta\u00e7\u00e3o (Mestrado em Fisiologia Vegetal) &#8211; Curso de P\u00f3s-gradua\u00e7\u00e3o em Fisiologia Vegetal, Universidade Federal de Pelotas.<\/p>\n<p><u>Resumo de Evento<\/u><\/p>\n<p>SOBRENOME, Letras Iniciais dos Nomes. T\u00edtulo do trabalho. In: <strong>NOME DO EVENTO EM CAIXA ALTA<\/strong>, 5., Cidade, ano. T\u00edtulo Anais, Proceedings&#8230; Local de edi\u00e7\u00e3o: Editora, ano. p\u00e1gina do trabalho.<\/p>\n<p>Ex.: RIZZARDI, M.A.; MILGIORAN\u00c7A, M.E. Avalia\u00e7\u00e3o de cultivares do ensaio nacional de girassol. In: <strong>JORNADA DE PESQUISA DA UFSM,<\/strong> 1., Santa Maria, 1992, <strong>Anais&#8230;<\/strong>\u00a0Santa Maria: Pr\u00f3-reitoria de P\u00f3s-gradua\u00e7\u00e3o e Pesquisa, 1992. v.1. p.420.<\/p>\n<p><u>Documentos eletr\u00f4nicos<\/u><\/p>\n<p>UFRGS.\u00a0<strong>Transg<\/strong><strong>\u00eanicos<\/strong>. Zero Hora Digital, Porto Alegre, 23 mar. 2000. Especiais. Acessado em 23 mar. 2000. Online. Dispon\u00edvel em: http:\/\/www.zh.com.br\/especial\/index.htm<\/p>\n","protected":false},"excerpt":{"rendered":"<p>Anualmente ser\u00e3o publicadas chamadas para submeter resumos expandidos\u00a0\u00e0 an\u00e1lise dos Membros do Corpo editorial de acordo com o assunto abordado e ap\u00f3s dever\u00e3o ser enviados para revis\u00e3o do Coordenador. As revis\u00f5es ser\u00e3o encaminhadas aos autores para corre\u00e7\u00f5es e ap\u00f3s corre\u00e7\u00e3o o trabalho \u00e9 encaminhado para revis\u00e3o de refer\u00eancias e formata\u00e7\u00e3o final. Ap\u00f3s diagrama\u00e7\u00e3o, o texto&hellip;<\/p>\n","protected":false},"author":716,"featured_media":0,"parent":0,"menu_order":0,"comment_status":"closed","ping_status":"closed","template":"","meta":{"footnotes":""},"class_list":["post-63","page","type-page","status-publish","hentry"],"_links":{"self":[{"href":"https:\/\/wp.ufpel.edu.br\/eiccmu\/wp-json\/wp\/v2\/pages\/63","targetHints":{"allow":["GET"]}}],"collection":[{"href":"https:\/\/wp.ufpel.edu.br\/eiccmu\/wp-json\/wp\/v2\/pages"}],"about":[{"href":"https:\/\/wp.ufpel.edu.br\/eiccmu\/wp-json\/wp\/v2\/types\/page"}],"author":[{"embeddable":true,"href":"https:\/\/wp.ufpel.edu.br\/eiccmu\/wp-json\/wp\/v2\/users\/716"}],"replies":[{"embeddable":true,"href":"https:\/\/wp.ufpel.edu.br\/eiccmu\/wp-json\/wp\/v2\/comments?post=63"}],"version-history":[{"count":9,"href":"https:\/\/wp.ufpel.edu.br\/eiccmu\/wp-json\/wp\/v2\/pages\/63\/revisions"}],"predecessor-version":[{"id":179,"href":"https:\/\/wp.ufpel.edu.br\/eiccmu\/wp-json\/wp\/v2\/pages\/63\/revisions\/179"}],"wp:attachment":[{"href":"https:\/\/wp.ufpel.edu.br\/eiccmu\/wp-json\/wp\/v2\/media?parent=63"}],"curies":[{"name":"wp","href":"https:\/\/api.w.org\/{rel}","templated":true}]}}