{"id":106,"date":"2019-03-18T03:07:16","date_gmt":"2019-03-18T06:07:16","guid":{"rendered":"https:\/\/wp.ufpel.edu.br\/egsc\/?page_id=106"},"modified":"2019-03-31T01:54:13","modified_gmt":"2019-03-31T04:54:13","slug":"programacao-do-egsc","status":"publish","type":"page","link":"https:\/\/wp.ufpel.edu.br\/egsc\/programacao-do-egsc\/","title":{"rendered":"Programa\u00e7\u00e3o do EGSC"},"content":{"rendered":"<p style=\"text-align: justify\"><strong>Eventos da \u00e1rea em 2019:<\/strong><\/p>\n<p style=\"text-align: justify\"><strong>De 27 e 31 de maio:<\/strong> Jornada \u201cIdentidades, G\u00eaneros, Corpos e Sexualidades\u201d, promovida pelo Laborat\u00f3rio de Comunica\u00e7\u00e3o, Cidade e Consumo (LACON), da Universidade do Estado do Rio de Janeiro. Como parte da programa\u00e7\u00e3o do BERRO! Express\u00e3o e Comunica\u00e7\u00e3o LGBT, o objetivo do evento \u00e9 oferecer ao p\u00fablico palestras, rodas de conversa, mostra de fotografia, exibi\u00e7\u00e3o de filmes e document\u00e1rios e debate de pautas concernentes ao movimento LGBT+.<\/p>\n<p style=\"text-align: justify\"><strong>Data de submiss\u00e3o de trabalhos:<\/strong> de 15 de fevereiro at\u00e9 o dia 21 de abril.<\/p>\n<p style=\"text-align: justify\">Mais informa\u00e7\u00f5es: <a href=\"https:\/\/bit.ly\/2TGQ17w\">https:\/\/bit.ly\/2TGQ17w\u00a0<\/a><\/p>\n<p>&nbsp;<\/p>\n<p style=\"text-align: justify\"><strong>De 19 a 21 de junho<\/strong>: XII Encontro Nacional de Hist\u00f3ria da M\u00eddia, promovido pela Associa\u00e7\u00e3o Brasileira de Pesquisadores de Hist\u00f3ria da M\u00eddia (ALCAR) e realizado pela Universidade Federal do Rio Grande do Norte. Possui como objetivo prec\u00edpuo reunir investigadores que realizam pesquisas que interligam os campos da Hist\u00f3ria e da Comunica\u00e7\u00e3o e que procuram sanar lacunas existentes na historiografia do campo por todo o pa\u00eds.<\/p>\n<p style=\"text-align: justify\"><strong>Data de submiss\u00e3o de trabalhos:<\/strong> de 04 de fevereiro at\u00e9 o dia 26 de abril.<\/p>\n<p style=\"text-align: justify\">Mais informa\u00e7\u00f5es: <a href=\"https:\/\/bit.ly\/2TL8Er0\">https:\/\/bit.ly\/2TL8Er0<\/a><\/p>\n<p>&nbsp;<\/p>\n<p style=\"text-align: justify\"><strong>De 20 a 22 de junho<\/strong>: XX Congresso de Ci\u00eancias da Comunica\u00e7\u00e3o na Regi\u00e3o Sul realizado pela Intercom \u2013 Sociedade Brasileira de Estudos Interdisciplinares da Comunica\u00e7\u00e3o \u2013, reunindo pesquisadores, alunos e profissionais de Jornalismo, Publicidade e Propaganda, Rela\u00e7\u00f5es P\u00fablicas, Cinema e Produ\u00e7\u00e3o Audiovisual no Centro Universit\u00e1rio Ritter dos Reis, em Porto Alegre\/RS.<\/p>\n<p style=\"text-align: justify\">O tema central dos congressos regionais e nacional de 2019 \u00e9 \u201cFluxos Comunicacionais e Crise da Democracia\u201d. Assim, as discuss\u00f5es girar\u00e3o em torno da rela\u00e7\u00e3o entre os fluxos comunicacionais \u2013 os processos interacionais cada vez mais velozes, din\u00e2micos e complexos entre os sujeitos sociais \u2013 e a democracia \u2013 partindo da m\u00e1xima de que \u201cn\u00e3o h\u00e1 democracia sem comunica\u00e7\u00e3o\u201d (WOLTON, 2005).<\/p>\n<p style=\"text-align: justify\"><strong>Data de submiss\u00e3o de trabalhos:<\/strong> de 01 de mar\u00e7o at\u00e9 o dia 08 de maio, data limite para pagamento at\u00e9 o dia 03 de maio.<\/p>\n<p style=\"text-align: justify\">Mais informa\u00e7\u00f5es: <a href=\"https:\/\/bit.ly\/2CoiF2H\">https:\/\/bit.ly\/2CoiF2H<\/a><\/p>\n<p style=\"text-align: justify\">\n","protected":false},"excerpt":{"rendered":"<p>Eventos da \u00e1rea em 2019: De 27 e 31 de maio: Jornada \u201cIdentidades, G\u00eaneros, Corpos e Sexualidades\u201d, promovida pelo Laborat\u00f3rio de Comunica\u00e7\u00e3o, Cidade e Consumo (LACON), da Universidade do Estado do Rio de Janeiro. Como parte da programa\u00e7\u00e3o do BERRO! Express\u00e3o e Comunica\u00e7\u00e3o LGBT, o objetivo do evento \u00e9 oferecer ao p\u00fablico palestras, rodas de &hellip; <\/p>\n<p><a class=\"more-link btn\" href=\"https:\/\/wp.ufpel.edu.br\/egsc\/programacao-do-egsc\/\">Continue lendo<\/a><\/p>\n","protected":false},"author":875,"featured_media":0,"parent":0,"menu_order":0,"comment_status":"closed","ping_status":"closed","template":"","meta":{"footnotes":""},"class_list":["post-106","page","type-page","status-publish","hentry","nodate","item-wrap"],"_links":{"self":[{"href":"https:\/\/wp.ufpel.edu.br\/egsc\/wp-json\/wp\/v2\/pages\/106","targetHints":{"allow":["GET"]}}],"collection":[{"href":"https:\/\/wp.ufpel.edu.br\/egsc\/wp-json\/wp\/v2\/pages"}],"about":[{"href":"https:\/\/wp.ufpel.edu.br\/egsc\/wp-json\/wp\/v2\/types\/page"}],"author":[{"embeddable":true,"href":"https:\/\/wp.ufpel.edu.br\/egsc\/wp-json\/wp\/v2\/users\/875"}],"replies":[{"embeddable":true,"href":"https:\/\/wp.ufpel.edu.br\/egsc\/wp-json\/wp\/v2\/comments?post=106"}],"version-history":[{"count":3,"href":"https:\/\/wp.ufpel.edu.br\/egsc\/wp-json\/wp\/v2\/pages\/106\/revisions"}],"predecessor-version":[{"id":158,"href":"https:\/\/wp.ufpel.edu.br\/egsc\/wp-json\/wp\/v2\/pages\/106\/revisions\/158"}],"wp:attachment":[{"href":"https:\/\/wp.ufpel.edu.br\/egsc\/wp-json\/wp\/v2\/media?parent=106"}],"curies":[{"name":"wp","href":"https:\/\/api.w.org\/{rel}","templated":true}]}}