{"id":112,"date":"2016-10-10T14:44:33","date_gmt":"2016-10-10T17:44:33","guid":{"rendered":"https:\/\/wp.ufpel.edu.br\/egresso\/?page_id=112"},"modified":"2017-07-20T09:32:29","modified_gmt":"2017-07-20T12:32:29","slug":"inicio","status":"publish","type":"page","link":"https:\/\/wp.ufpel.edu.br\/egresso\/","title":{"rendered":"In\u00edcio"},"content":{"rendered":"<p>&nbsp;<\/p>\n<p><span style=\"font-family: arial, helvetica, sans-serif\">Seja bem-vindo ao Portal do Egresso da Universidade Federal de Pelotas. O objetivo deste espa\u00e7o \u00e9 acompanhar os profissionais formados pela UFPel e, atrav\u00e9s das informa\u00e7\u00f5es registradas por nossos ex-alunos, identificar o \u00edndice de sucesso da institui\u00e7\u00e3o com base na inser\u00e7\u00e3o de seus egressos no mercado de trabalho. A &#8220;pesquisa do egresso&#8221; ir\u00e1 proporcionar um diagn\u00f3stico que ir\u00e1 auxiliar na identifica\u00e7\u00e3o de potenciais melhorias em nossos cursos de gradua\u00e7\u00e3o e p\u00f3s-gradua\u00e7\u00e3o. A partir do diagn\u00f3stico a ser extra\u00eddo da Pesquisa do Egresso ser\u00e1 poss\u00edvel planejar e promover a oferta de cursos de forma\u00e7\u00e3o continuada adequada \u00e0s necessidades profissionais de cada \u00e1rea de atua\u00e7\u00e3o. Realize seu cadastro e ajude-nos a conhecer a contribui\u00e7\u00e3o da forma\u00e7\u00e3o oferecida pela Universidade no desempenho da sua vida profissional!<\/span><\/p>\n<p>&nbsp;<\/p>\n<div><\/div>\n","protected":false},"excerpt":{"rendered":"<p>&nbsp; Seja bem-vindo ao Portal do Egresso da Universidade Federal de Pelotas. O objetivo deste espa\u00e7o \u00e9 acompanhar os profissionais formados pela UFPel e, atrav\u00e9s das informa\u00e7\u00f5es registradas por nossos ex-alunos, identificar o \u00edndice de sucesso da institui\u00e7\u00e3o com base na inser\u00e7\u00e3o de seus egressos no mercado de trabalho. A &#8220;pesquisa do egresso&#8221; ir\u00e1 proporcionar [&hellip;]<\/p>\n","protected":false},"author":704,"featured_media":0,"parent":0,"menu_order":0,"comment_status":"closed","ping_status":"closed","template":"","meta":{"jetpack_post_was_ever_published":false,"footnotes":""},"class_list":["post-112","page","type-page","status-publish","hentry"],"jetpack_sharing_enabled":true,"jetpack_shortlink":"https:\/\/wp.me\/P7YTr9-1O","_links":{"self":[{"href":"https:\/\/wp.ufpel.edu.br\/egresso\/wp-json\/wp\/v2\/pages\/112","targetHints":{"allow":["GET"]}}],"collection":[{"href":"https:\/\/wp.ufpel.edu.br\/egresso\/wp-json\/wp\/v2\/pages"}],"about":[{"href":"https:\/\/wp.ufpel.edu.br\/egresso\/wp-json\/wp\/v2\/types\/page"}],"author":[{"embeddable":true,"href":"https:\/\/wp.ufpel.edu.br\/egresso\/wp-json\/wp\/v2\/users\/704"}],"replies":[{"embeddable":true,"href":"https:\/\/wp.ufpel.edu.br\/egresso\/wp-json\/wp\/v2\/comments?post=112"}],"version-history":[{"count":12,"href":"https:\/\/wp.ufpel.edu.br\/egresso\/wp-json\/wp\/v2\/pages\/112\/revisions"}],"predecessor-version":[{"id":706,"href":"https:\/\/wp.ufpel.edu.br\/egresso\/wp-json\/wp\/v2\/pages\/112\/revisions\/706"}],"wp:attachment":[{"href":"https:\/\/wp.ufpel.edu.br\/egresso\/wp-json\/wp\/v2\/media?parent=112"}],"curies":[{"name":"wp","href":"https:\/\/api.w.org\/{rel}","templated":true}]}}