{"id":163,"date":"2021-01-25T14:41:01","date_gmt":"2021-01-25T17:41:01","guid":{"rendered":"https:\/\/wp.ufpel.edu.br\/egem2021\/?page_id=163"},"modified":"2021-01-25T14:42:54","modified_gmt":"2021-01-25T17:42:54","slug":"seja-socio-da-sbem","status":"publish","type":"page","link":"https:\/\/wp.ufpel.edu.br\/egem2021\/seja-socio-da-sbem\/","title":{"rendered":"Seja s\u00f3cio da SBEM"},"content":{"rendered":"<p><a href=\"http:\/\/www.sbembrasil.org.br\/sbembrasil\/\"><img class=\"alignnone size-full wp-image-164 aligncenter\" src=\"https:\/\/wp.ufpel.edu.br\/egem2021\/files\/2021\/01\/Logo-SBEM.jpg\" alt=\"\" width=\"355\" height=\"80\" \/><\/a><\/p>\n<p style=\"text-align: center\"><span style=\"font-size: 18pt;color: #000000\">Seja s\u00f3cio da Sociedade Brasileira de Educa\u00e7\u00e3o Matem\u00e1tica &#8211; SBEM<\/span><\/p>\n<p>&nbsp;<\/p>\n<p><span style=\"font-size: 14pt;color: #000000\">Entre no <a href=\"http:\/\/www.sbembrasil.org.br\/sbembrasil\/\"><span style=\"color: #333399\">site da SBEM<\/span><\/a> e veja como se associar.\u00a0<\/span><\/p>\n<p><span style=\"font-size: 14pt;color: #000000\">Em caso de d\u00favidas, preparamos um tutorial para ajud\u00e1-lo: clique <span style=\"color: #333399\"><a style=\"color: #333399\" href=\"https:\/\/wp.ufpel.edu.br\/egem2021\/files\/2021\/01\/Como-se-tornar-socio-da-SBEM-versao-FINAL.pdf\">aqui<\/a><\/span>.<\/span><\/p>\n<p>&nbsp;<\/p>\n","protected":false},"excerpt":{"rendered":"<p>Seja s\u00f3cio da Sociedade Brasileira de Educa\u00e7\u00e3o Matem\u00e1tica &#8211; SBEM &nbsp; Entre no site da SBEM e veja como se associar.\u00a0 Em caso de d\u00favidas, preparamos um tutorial para ajud\u00e1-lo: clique aqui. &nbsp;<\/p>\n","protected":false},"author":1106,"featured_media":0,"parent":0,"menu_order":0,"comment_status":"closed","ping_status":"closed","template":"","meta":{"footnotes":""},"class_list":["post-163","page","type-page","status-publish","hentry"],"_links":{"self":[{"href":"https:\/\/wp.ufpel.edu.br\/egem2021\/wp-json\/wp\/v2\/pages\/163","targetHints":{"allow":["GET"]}}],"collection":[{"href":"https:\/\/wp.ufpel.edu.br\/egem2021\/wp-json\/wp\/v2\/pages"}],"about":[{"href":"https:\/\/wp.ufpel.edu.br\/egem2021\/wp-json\/wp\/v2\/types\/page"}],"author":[{"embeddable":true,"href":"https:\/\/wp.ufpel.edu.br\/egem2021\/wp-json\/wp\/v2\/users\/1106"}],"replies":[{"embeddable":true,"href":"https:\/\/wp.ufpel.edu.br\/egem2021\/wp-json\/wp\/v2\/comments?post=163"}],"version-history":[{"count":4,"href":"https:\/\/wp.ufpel.edu.br\/egem2021\/wp-json\/wp\/v2\/pages\/163\/revisions"}],"predecessor-version":[{"id":168,"href":"https:\/\/wp.ufpel.edu.br\/egem2021\/wp-json\/wp\/v2\/pages\/163\/revisions\/168"}],"wp:attachment":[{"href":"https:\/\/wp.ufpel.edu.br\/egem2021\/wp-json\/wp\/v2\/media?parent=163"}],"curies":[{"name":"wp","href":"https:\/\/api.w.org\/{rel}","templated":true}]}}