{"id":138,"date":"2021-01-13T17:00:13","date_gmt":"2021-01-13T20:00:13","guid":{"rendered":"https:\/\/wp.ufpel.edu.br\/egem2021\/?page_id=138"},"modified":"2021-04-05T08:05:24","modified_gmt":"2021-04-05T11:05:24","slug":"submissao","status":"publish","type":"page","link":"https:\/\/wp.ufpel.edu.br\/egem2021\/submissao\/","title":{"rendered":"Submiss\u00e3o"},"content":{"rendered":"<p style=\"text-align: center\"><span style=\"color: #333399;font-size: 18pt;font-family: georgia, palatino, serif\"><strong>A submiss\u00e3o de trabalhos para o XIV EGEM seguir\u00e1 o seguinte cronograma:<\/strong><\/span><\/p>\n<p><span style=\"font-size: 14pt;font-family: georgia, palatino, serif\"><span style=\"color: #000000\"><strong>Prazo de submiss\u00e3o<\/strong>:<\/span> <span style=\"color: #333399;background-color: #ccffff\"><strong>01\/mar\u00e7o a <del>04\/abril de 2021<\/del>\u00a0 <span style=\"color: #ff0000\">a 11\/abril de 2021 (Prorrogado!)<\/span><\/strong><\/span><\/span><\/p>\n<p><span style=\"font-family: georgia, palatino, serif\"><span style=\"color: #000000\"><strong>Per\u00edodo de avalia\u00e7\u00e3o<\/strong>:<\/span> <span style=\"color: #333399\"><strong>05\/abril a 23\/maio de 2021<\/strong>.<\/span><\/span><\/p>\n<p style=\"text-align: justify\"><span style=\"font-family: georgia, palatino, serif\"><span style=\"color: #000000\"><strong>Resultado dos trabalhos aprovados<\/strong>:<\/span> <strong><span style=\"color: #333399\">31\/maio de 2021<\/span><\/strong>. <span style=\"color: #000000\"><em>Salientamos que todos os trabalhos aprovados estar\u00e3o nos anais e receber\u00e3o certificado de apresenta\u00e7\u00e3o, por\u00e9m para a discuss\u00e3o s\u00edncrona ser\u00e3o limitados a capacidade t\u00e9cnica das salas, de acordo com a indica\u00e7\u00e3o dos avaliadores<\/em>.<\/span><\/span><\/p>\n<p><span style=\"color: #000000;font-family: georgia, palatino, serif\"><strong>Resultado dos trabalhos selecionados para discuss\u00e3o s\u00edncrona<\/strong>: <strong><span style=\"color: #333399\">30\/junho de 2021<\/span><\/strong>.<\/span><\/p>\n<p><span style=\"color: #000000;font-family: georgia, palatino, serif\"><strong>Programa\u00e7\u00e3o dos eixos<\/strong>: at\u00e9 <strong><span style=\"color: #333399\">19\/julho de 2021<\/span><\/strong>.<\/span><\/p>\n<p>&nbsp;<\/p>\n<p><span style=\"color: #333399;font-size: 18pt;font-family: georgia, palatino, serif\"><strong>Regras iniciais<\/strong><\/span><\/p>\n<ul>\n<li><span style=\"color: #000000\">Modelo do<\/span> <span style=\"color: #333399\"><a style=\"color: #333399\" href=\"https:\/\/wp.ufpel.edu.br\/egem2021\/files\/2021\/01\/Template-EGEM2021-FINAL.doc\">template<\/a><\/span>;<\/li>\n<li style=\"text-align: justify\"><span style=\"color: #000000;font-size: 12pt;font-family: georgia, palatino, serif\">Para submeter o trabalho todos os autores dever\u00e3o ser s\u00f3cios da <span style=\"color: #333399\"><a style=\"color: #333399\" href=\"http:\/\/www.sbembrasil.org.br\/sbembrasil\/\">SBEM<\/a><\/span> no ato da submiss\u00e3o, comprovando o pagamento da anuidade de 2021;<\/span><\/li>\n<li style=\"text-align: justify\"><span style=\"color: #000000;font-size: 12pt;font-family: georgia, palatino, serif\">Ser\u00e1 aceito um \u00fanico trabalho por pessoa como autor principal (primeiro autor);<\/span><\/li>\n<li style=\"text-align: justify\"><span style=\"color: #000000;font-size: 12pt;font-family: georgia, palatino, serif\">O limite de trabalhos como coautor \u00e9 cinco (5);<\/span><\/li>\n<li style=\"text-align: justify\"><span style=\"color: #000000;font-size: 12pt;font-family: georgia, palatino, serif\">Cada trabalho poder\u00e1 ter no m\u00e1ximo at\u00e9 quatro (4) autores;<\/span><\/li>\n<li style=\"text-align: justify\"><span style=\"color: #000000;font-family: georgia, palatino, serif\">Cada trabalho \u00e9 composto de um <em><strong>artigo<\/strong>\u00a0<\/em>e de um <strong><em>v\u00eddeo de apresenta\u00e7\u00e3o<\/em><\/strong>;<\/span><\/li>\n<li><span style=\"color: #000000\">No artigo ser\u00e1 necess\u00e1rio informar: o\u00a0<span style=\"color: #333399\"><a style=\"color: #333399\" href=\"https:\/\/wp.ufpel.edu.br\/egem2021\/eixos-tematicos-2\/\"><strong>eixo tem\u00e1tico<\/strong><\/a><\/span>, a\u00a0<strong>modalidade<\/strong>\u00a0e a <strong>categoria<\/strong>, conforme o <span style=\"color: #333399\"><a style=\"color: #333399\" href=\"https:\/\/wp.ufpel.edu.br\/egem2021\/files\/2021\/01\/Template-EGEM2021-FINAL.doc\">template<\/a><\/span>.<\/span><\/li>\n<li><span style=\"color: #000000;font-size: 12pt;font-family: georgia, palatino, serif\">Trabalhos que n\u00e3o cumprirem todas as regras ser\u00e3o desconsiderados;<\/span><\/li>\n<li style=\"text-align: justify\"><span style=\"color: #000000;font-size: 12pt;font-family: georgia, palatino, serif\">\u00c9 de total responsabilidade dos autores o artigo e o v\u00eddeo enviados no que se refere ao seu conte\u00fado e \u00e0s normas da escrita padr\u00e3o (coes\u00e3o, coer\u00eancia, ortografia, pontua\u00e7\u00e3o,&#8230;), bem como o cumprimento das regras de diagrama\u00e7\u00e3o conforme o <span style=\"color: #333399\"><a style=\"color: #333399\" href=\"https:\/\/wp.ufpel.edu.br\/egem2021\/files\/2021\/01\/Template-EGEM2021-FINAL.doc\">template<\/a><\/span> do evento.<\/span><\/li>\n<li style=\"text-align: justify\"><span style=\"color: #000000;font-size: 12pt;font-family: georgia, palatino, serif\">Salienta-se, ainda, que Pl\u00e1gio \u00e9 crime!<\/span><\/li>\n<\/ul>\n<p>&nbsp;<\/p>\n<p><span style=\"font-size: 18pt;color: #333399;font-family: georgia, palatino, serif\"><strong>Modalidades de Trabalhos<\/strong><\/span><\/p>\n<p style=\"padding-left: 40px;text-align: justify\"><span style=\"color: #000000;font-family: georgia, palatino, serif\">Para o XIV EGEM os trabalhos poder\u00e3o ser apresentados nas modalidades de Comunica\u00e7\u00e3o Cient\u00edfica (CC) ou Relato de Experi\u00eancia (RE) e dever\u00e3o estar claramente dentro da perspectiva da Educa\u00e7\u00e3o Matem\u00e1tica, relacionado com algum <span style=\"color: #333399\"><a style=\"color: #333399\" href=\"https:\/\/wp.ufpel.edu.br\/egem2021\/eixos-tematicos-2\/\">eixo tem\u00e1tico<\/a><\/span>\u00a0do evento.<\/span><\/p>\n<p style=\"padding-left: 40px\"><span style=\"color: #000000;font-family: georgia, palatino, serif\"><strong>Tamanho do artigo<\/strong>: de 8 a 10 p\u00e1ginas, seguindo o <span style=\"color: #333399\"><a style=\"color: #333399\" href=\"https:\/\/wp.ufpel.edu.br\/egem2021\/files\/2021\/01\/Template-EGEM2021-FINAL.doc\">template<\/a><\/span> do evento.<\/span><\/p>\n<p style=\"padding-left: 40px\"><span style=\"color: #000000;font-family: georgia, palatino, serif\"><strong>Tamanho do v\u00eddeo<\/strong>: de 3 a 5 minutos, com legenda.<\/span><\/p>\n<p style=\"padding-left: 40px;text-align: justify\"><span style=\"color: #000000;font-family: georgia, palatino, serif\"><strong>(CC)\u00a0Comunica\u00e7\u00e3o Cient\u00edfica:<\/strong>\u00a0nesta modalidade poder\u00e3o ser apresentadas pesquisas em n\u00edvel de gradua\u00e7\u00e3o ou p\u00f3s-gradua\u00e7\u00e3o, em andamento ou conclu\u00eddas.<\/span><\/p>\n<p style=\"padding-left: 40px;text-align: justify\"><span style=\"color: #000000;font-family: georgia, palatino, serif\"><strong>(RE)\u00a0Relato de Experi\u00eancia:\u00a0<\/strong>nesta modalidade poder\u00e3o ser apresentadas experi\u00eancias de sala de aula, de projetos ou experi\u00eancias vivenciadas durante a gradua\u00e7\u00e3o ou p\u00f3s-gradua\u00e7\u00e3o.<\/span><\/p>\n<p>&nbsp;<\/p>\n<p><span style=\"font-size: 18pt;color: #333399;font-family: georgia, palatino, serif\"><strong>Categorias\u00a0<\/strong><\/span><\/p>\n<p style=\"padding-left: 40px\"><span style=\"font-family: georgia, palatino, serif;font-size: 12pt;color: #000000\">As <strong>categorias<\/strong>, definidas de acordo com a <a href=\"http:\/\/www.sbembrasil.org.br\/sbembrasil\/index.php\/filiacoes\">SBEM<\/a>, s\u00e3o as seguintes e se referem ao PRIMEIRO AUTOR (autor principal):\u00a0\u00a0<\/span><\/p>\n<ul>\n<li style=\"list-style-type: none\">\n<ul>\n<li style=\"list-style-type: none\">\n<ul>\n<li><span style=\"color: #000000\">Alunos de Gradua\u00e7\u00e3o;<\/span><\/li>\n<li><span style=\"color: #000000\">Professores da Educa\u00e7\u00e3o B\u00e1sica Anos Iniciais e Educa\u00e7\u00e3o Infantil;<\/span><\/li>\n<li><span style=\"color: #000000\">Professores da Educa\u00e7\u00e3o B\u00e1sica Anos Finais e Ensino M\u00e9dio;<\/span><\/li>\n<li><span style=\"color: #000000\">Alunos de P\u00f3s-Gradua\u00e7\u00e3o;<\/span><\/li>\n<li><span style=\"color: #000000\">Professores Educa\u00e7\u00e3o T\u00e9cnica e Tecnol\u00f3gica, Institutos Federais, Col\u00e9gios de Aplica\u00e7\u00e3o, Col\u00e9gios Militares, Col\u00e9gio Pedro II, etc.;<\/span><\/li>\n<li><span style=\"color: #000000\">Professores do Ensino Superior.<\/span><\/li>\n<\/ul>\n<\/li>\n<\/ul>\n<\/li>\n<\/ul>\n<h3><\/h3>\n<h3><span style=\"color: #333399;font-size: 18pt;font-family: georgia, palatino, serif\">Avalia\u00e7\u00e3o dos trabalhos<\/span><\/h3>\n<p><span style=\"color: #000000;font-family: georgia, palatino, serif\">Os trabalhos (artigo e v\u00eddeo) ser\u00e3o avaliados por dois pareceristas em rela\u00e7\u00e3o aos seguintes itens:<\/span><\/p>\n<p><span style=\"color: #000000;font-size: 14pt;font-family: georgia, palatino, serif\"><strong>ARTIGO<\/strong>:<\/span><\/p>\n<ul>\n<li style=\"text-align: justify\"><span style=\"color: #000000;font-family: georgia, palatino, serif\">\u00c1rea de Educa\u00e7\u00e3o Matem\u00e1tica e Eixo: o artigo est\u00e1 de acordo com a \u00e1rea de Educa\u00e7\u00e3o Matem\u00e1tica e o Eixo submetido?<\/span><\/li>\n<li style=\"text-align: justify\"><span style=\"color: #000000;font-family: georgia, palatino, serif\">Com rela\u00e7\u00e3o ao t\u00edtulo: o t\u00edtulo atende a tem\u00e1tica discutida no texto?\u00a0<\/span><\/li>\n<li style=\"text-align: justify\"><span style=\"color: #000000;font-family: georgia, palatino, serif\">Com rela\u00e7\u00e3o ao resumo: o resumo est\u00e1 de acordo com o conte\u00fado do trabalho, incluindo objetivos, metodologia, resultados e conclus\u00f5es?<\/span><\/li>\n<li><span style=\"color: #000000;font-family: georgia, palatino, serif\">Com rela\u00e7\u00e3o ao corpo do artigo:<\/span>\n<ul>\n<li style=\"text-align: justify\"><span style=\"color: #000000;font-family: georgia, palatino, serif\">Introdu\u00e7\u00e3o: a introdu\u00e7\u00e3o est\u00e1 corretamente formulada?<\/span><\/li>\n<li style=\"text-align: justify\"><span style=\"color: #000000;font-family: georgia, palatino, serif\">O(s) objetivo(s) est\u00e1(\u00e3o) enunciado(s) e refere(m)-se ao presente artigo?<\/span><\/li>\n<li style=\"text-align: justify\"><span style=\"color: #000000;font-family: georgia, palatino, serif\">Metodologia: o artigo apresenta uma metodologia clara, descrevendo os materiais que ser\u00e3o analisados e como? Em pesquisa com perspectiva te\u00f3rica, descreve os procedimentos de an\u00e1lise?<\/span><\/li>\n<li style=\"text-align: justify\"><span style=\"color: #000000;font-family: georgia, palatino, serif\">An\u00e1lises: o artigo apresenta algumas an\u00e1lises, com base em referenciais te\u00f3ricos?<\/span><\/li>\n<li style=\"text-align: justify\"><span style=\"color: #000000;font-family: georgia, palatino, serif\">Resultados, conclus\u00f5es ou considera\u00e7\u00f5es finais: o artigo apresenta resultados, conclus\u00f5es ou considera\u00e7\u00f5es finais?<\/span><\/li>\n<\/ul>\n<\/li>\n<\/ul>\n<ul>\n<li><span style=\"color: #000000;font-family: georgia, palatino, serif\">Com rela\u00e7\u00e3o \u00e0s refer\u00eancias: as refer\u00eancias est\u00e3o de acordo com as normas da ABNT?<\/span><\/li>\n<li><span style=\"color: #000000;font-family: georgia, palatino, serif\">Com rela\u00e7\u00e3o \u00e0 reda\u00e7\u00e3o do artigo:<\/span>\n<ul>\n<li><span style=\"color: #000000;font-family: georgia, palatino, serif\">Est\u00e1 de acordo com as normas da ABNT?<\/span><\/li>\n<li><span style=\"color: #000000;font-family: georgia, palatino, serif\">Est\u00e1 de acordo com as normas da escrita padr\u00e3o (coes\u00e3o, coer\u00eancia, ortografia, pontua\u00e7\u00e3o, &#8230;)?<\/span><\/li>\n<\/ul>\n<\/li>\n<\/ul>\n<p>&nbsp;<\/p>\n<p><span style=\"color: #000000;font-size: 14pt;font-family: georgia, palatino, serif\"><strong>V\u00cdDEO<\/strong>:<\/span><\/p>\n<ul>\n<li><span style=\"color: #000000;font-family: georgia, palatino, serif\">O v\u00eddeo apresenta o t\u00edtulo do trabalho e o nome do seu autor\/autores?<\/span><\/li>\n<li><span style=\"color: #000000;font-family: georgia, palatino, serif\">O v\u00eddeo apresenta as ideias do artigo de forma clara e na sua totalidade?<\/span><\/li>\n<li><span style=\"color: #000000;font-family: georgia, palatino, serif\">O v\u00eddeo est\u00e1 dentro do tempo estipulado, entre 3 e 5 minutos? <em>(v\u00eddeos com menos de 3 minutos ou mais de 5 minutos eliminar\u00e3o o trabalho)<\/em>.<\/span><\/li>\n<li><span style=\"color: #000000;font-family: georgia, palatino, serif\">O v\u00eddeo apresenta legenda, conforme o \u00e1udio do texto? <em>(v\u00eddeos sem legenda ou com legenda apresentando erros eliminar\u00e3o o trabalho)<\/em>.<\/span><\/li>\n<\/ul>\n<p>&nbsp;<\/p>\n<h3><span style=\"color: #333399;font-family: georgia, palatino, serif\">Procedimento para SUBMISS\u00c3O (envio) do trabalho:\u00a0<\/span><\/h3>\n<p style=\"padding-left: 40px\"><span style=\"font-size: 14pt\"><span style=\"color: #ff0000\"><strong>Aten\u00e7\u00e3o<\/strong>:<\/span> <span style=\"color: #000000\">Autor e co-autores devem estar <a href=\"https:\/\/wp.ufpel.edu.br\/egem2021\/inscricoes\/\">inscritos no evento<\/a> para fazer a submiss\u00e3o do trabalho!<\/span><\/span><\/p>\n<p style=\"padding-left: 40px\"><span style=\"font-size: 14pt;color: #000000\">Clique <a style=\"color: #000000\" href=\"https:\/\/forms.gle\/DDEE2Lq2vf2myXdA9\"><strong>aqui<\/strong> <\/a>para a submiss\u00e3o do trabalho!<\/span><\/p>\n","protected":false},"excerpt":{"rendered":"<p>A submiss\u00e3o de trabalhos para o XIV EGEM seguir\u00e1 o seguinte cronograma: Prazo de submiss\u00e3o: 01\/mar\u00e7o a 04\/abril de 2021\u00a0 a 11\/abril de 2021 (Prorrogado!) Per\u00edodo de avalia\u00e7\u00e3o: 05\/abril a 23\/maio de 2021. Resultado dos trabalhos aprovados: 31\/maio de 2021. Salientamos que todos os trabalhos aprovados estar\u00e3o nos anais e receber\u00e3o certificado de apresenta\u00e7\u00e3o, por\u00e9m [&hellip;]<\/p>\n","protected":false},"author":1106,"featured_media":0,"parent":0,"menu_order":0,"comment_status":"closed","ping_status":"closed","template":"","meta":{"footnotes":""},"class_list":["post-138","page","type-page","status-publish","hentry"],"_links":{"self":[{"href":"https:\/\/wp.ufpel.edu.br\/egem2021\/wp-json\/wp\/v2\/pages\/138","targetHints":{"allow":["GET"]}}],"collection":[{"href":"https:\/\/wp.ufpel.edu.br\/egem2021\/wp-json\/wp\/v2\/pages"}],"about":[{"href":"https:\/\/wp.ufpel.edu.br\/egem2021\/wp-json\/wp\/v2\/types\/page"}],"author":[{"embeddable":true,"href":"https:\/\/wp.ufpel.edu.br\/egem2021\/wp-json\/wp\/v2\/users\/1106"}],"replies":[{"embeddable":true,"href":"https:\/\/wp.ufpel.edu.br\/egem2021\/wp-json\/wp\/v2\/comments?post=138"}],"version-history":[{"count":40,"href":"https:\/\/wp.ufpel.edu.br\/egem2021\/wp-json\/wp\/v2\/pages\/138\/revisions"}],"predecessor-version":[{"id":338,"href":"https:\/\/wp.ufpel.edu.br\/egem2021\/wp-json\/wp\/v2\/pages\/138\/revisions\/338"}],"wp:attachment":[{"href":"https:\/\/wp.ufpel.edu.br\/egem2021\/wp-json\/wp\/v2\/media?parent=138"}],"curies":[{"name":"wp","href":"https:\/\/api.w.org\/{rel}","templated":true}]}}