{"id":120,"date":"2021-01-13T11:25:04","date_gmt":"2021-01-13T14:25:04","guid":{"rendered":"https:\/\/wp.ufpel.edu.br\/egem2021\/?page_id=120"},"modified":"2021-01-13T11:31:15","modified_gmt":"2021-01-13T14:31:15","slug":"feiras-de-matematica-no-rs","status":"publish","type":"page","link":"https:\/\/wp.ufpel.edu.br\/egem2021\/feiras-de-matematica-no-rs\/","title":{"rendered":"Feiras de Matem\u00e1tica no RS"},"content":{"rendered":"<p style=\"text-align: center\"><span style=\"font-size: 18pt\"><strong>\u00a0<\/strong><span style=\"color: #000000\"><strong>FEIRAS DE MATEM\u00c1TICA NO\u00a0<\/strong><strong>ESTADO DO RIO GRANDE DO SUL <\/strong><\/span><\/span><\/p>\n<p style=\"text-align: justify\"><span style=\"color: #000000\"><strong>\u00a0<\/strong>O movimento das Feiras de Matem\u00e1tica no Rio Grande do Sul come\u00e7ou em 2016 a partir de um Projeto de Extens\u00e3o da UNIJUI. Em 2017, aconteceu a I Feira de Matem\u00e1tica a partir de v\u00e1rias parcerias, constituindo a Comiss\u00e3o Organizadora Permanente do Rio Grande do Sul.<\/span><\/p>\n<p style=\"text-align: center\"><span style=\"font-size: 14pt;color: #000000\"><strong>I Feira Regional de Matem\u00e1tica do estado<\/strong> <strong>do Rio Grande do Sul<\/strong><\/span><\/p>\n<p><span style=\"color: #000000\"><img class=\"alignnone size-medium wp-image-121 aligncenter\" src=\"https:\/\/wp.ufpel.edu.br\/egem2021\/files\/2021\/01\/feira1-287x400.png\" alt=\"\" width=\"287\" height=\"400\" srcset=\"https:\/\/wp.ufpel.edu.br\/egem2021\/files\/2021\/01\/feira1-287x400.png 287w, https:\/\/wp.ufpel.edu.br\/egem2021\/files\/2021\/01\/feira1.png 391w\" sizes=\"(max-width: 287px) 100vw, 287px\" \/><\/span><\/p>\n<p><span style=\"color: #000000\"><strong>Promotores: <\/strong>UNIJU\u00cd; 36\u00aa CRE; Secretaria Municipal de Educa\u00e7\u00e3o (SMED) de Iju\u00ed; e Centro de Educa\u00e7\u00e3o B\u00e1sica Francisco de Assis (EFA).<\/span><\/p>\n<p><span style=\"color: #000000\"><strong>Tema<\/strong>: A Matem\u00e1tica est\u00e1 onde voc\u00ea nem imagina.<\/span><\/p>\n<p><span style=\"color: #000000\"><strong>Data:<\/strong> 25 de agosto de 2017.<\/span><\/p>\n<p><span style=\"color: #000000\"><strong>Local:<\/strong> Gin\u00e1sio de Esportes da UNIJU\u00cd &#8211; Iju\u00ed\/RS.<\/span><\/p>\n<p><span style=\"color: #000000\"><strong>Trabalhos:<\/strong> 81 trabalhos expostos em todas as categorias.<\/span><\/p>\n<p style=\"text-align: justify\"><span style=\"color: #000000\"><strong>Resultados:<\/strong> participa\u00e7\u00e3o de um grupo de alunos e professores da Educa\u00e7\u00e3o B\u00e1sica e do Ensino Superior da regi\u00e3o, na 6\u00aa edi\u00e7\u00e3o da Feira Nacional de Matem\u00e1tica, que ocorreu no Instituto Federal do Acre, em Rio Branco, onde tr\u00eas professores da UNIJU\u00cd participaram do evento como avaliadores de trabalhos.<\/span><\/p>\n<p><span style=\"color: #000000\"><img class=\"size-medium wp-image-122 aligncenter\" src=\"https:\/\/wp.ufpel.edu.br\/egem2021\/files\/2021\/01\/feira2-400x221.png\" alt=\"\" width=\"400\" height=\"221\" srcset=\"https:\/\/wp.ufpel.edu.br\/egem2021\/files\/2021\/01\/feira2-400x221.png 400w, https:\/\/wp.ufpel.edu.br\/egem2021\/files\/2021\/01\/feira2.png 524w\" sizes=\"(max-width: 400px) 100vw, 400px\" \/><\/span><\/p>\n<p>&nbsp;<\/p>\n<p style=\"text-align: center\"><span style=\"font-size: 14pt;color: #000000\"><strong>II Feira Regional de Matem\u00e1tica do estado do Rio Grande do Sul<\/strong><\/span><\/p>\n<p><img class=\"alignnone size-medium wp-image-123 aligncenter\" src=\"https:\/\/wp.ufpel.edu.br\/egem2021\/files\/2021\/01\/feira3-290x400.png\" alt=\"\" width=\"290\" height=\"400\" srcset=\"https:\/\/wp.ufpel.edu.br\/egem2021\/files\/2021\/01\/feira3-290x400.png 290w, https:\/\/wp.ufpel.edu.br\/egem2021\/files\/2021\/01\/feira3.png 406w\" sizes=\"(max-width: 290px) 100vw, 290px\" \/><\/p>\n<p style=\"text-align: justify\"><span style=\"color: #000000\"><strong>Promotores: <\/strong>UNIJU\u00cd; Instituto Federal Farroupilha (IFFAR \u2013 Campus Panambi); 36\u00aa CRE; Secretaria Municipal de Educa\u00e7\u00e3o (SMED) de Panambi; e Associa\u00e7\u00e3o de Pais e Amigos dos Excepcionais (APAE) Panambi.<\/span><\/p>\n<p><span style=\"color: #000000\"><strong>Tema: <\/strong>A Matem\u00e1tica \u00e9 para todos<\/span><\/p>\n<p><span style=\"color: #000000\"><strong>Data:<\/strong> 24 de agosto de 2018.<\/span><\/p>\n<p><span style=\"color: #000000\"><strong>Local:<\/strong> IFFAR \u2013 Campus Panambi.<\/span><\/p>\n<p><span style=\"color: #000000\"><strong>Trabalhos:<\/strong> 97 trabalhos expostos em todas as categorias<\/span><\/p>\n<p style=\"text-align: justify\"><span style=\"color: #000000\"><strong>Resultados:<\/strong> Participa\u00e7\u00e3o de seis dos trabalhos na Mostra da Feira de Matem\u00e1tica que integrou o XIII Encontro Nacional de Educa\u00e7\u00e3o Matem\u00e1tica, que aconteceu em julho de 2019, em Cuiab\u00e1.<\/span><\/p>\n<p><img class=\"alignnone size-medium wp-image-124 aligncenter\" src=\"https:\/\/wp.ufpel.edu.br\/egem2021\/files\/2021\/01\/feira4-400x210.png\" alt=\"\" width=\"400\" height=\"210\" srcset=\"https:\/\/wp.ufpel.edu.br\/egem2021\/files\/2021\/01\/feira4-400x210.png 400w, https:\/\/wp.ufpel.edu.br\/egem2021\/files\/2021\/01\/feira4.png 486w\" sizes=\"(max-width: 400px) 100vw, 400px\" \/><\/p>\n<p>&nbsp;<\/p>\n<p style=\"text-align: center\"><span style=\"font-size: 14pt;color: #000000\"><strong>III Feira Regional de Matem\u00e1tica no Estado do Rio do Sul (regi\u00e3o da 36\u00aa CRE)<\/strong><\/span><\/p>\n<p><img class=\"alignnone size-medium wp-image-125 aligncenter\" src=\"https:\/\/wp.ufpel.edu.br\/egem2021\/files\/2021\/01\/feira5-400x261.png\" alt=\"\" width=\"400\" height=\"261\" srcset=\"https:\/\/wp.ufpel.edu.br\/egem2021\/files\/2021\/01\/feira5-400x261.png 400w, https:\/\/wp.ufpel.edu.br\/egem2021\/files\/2021\/01\/feira5.png 612w\" sizes=\"(max-width: 400px) 100vw, 400px\" \/><\/p>\n<p><span style=\"color: #000000\"><strong>Promotores: <\/strong>UNIJU\u00cd; 36\u00aa CRE e Secretaria Municipal de Educa\u00e7\u00e3o (SMED) de Iju\u00ed.<\/span><\/p>\n<p><span style=\"color: #000000\"><strong>Tema: <\/strong>Ci\u00eancia Para Todos<\/span><\/p>\n<p><span style=\"color: #000000\"><strong>Data:<\/strong> 25 de outubro de 2019.<\/span><\/p>\n<p><span style=\"color: #000000\"><strong>Local:<\/strong> Unijui- Campus Iju\u00ed<\/span><\/p>\n<p><span style=\"color: #000000\"><strong>Trabalhos: <\/strong>86 trabalhos em todas as categorias<\/span><\/p>\n<p><span style=\"color: #000000\"><strong>Resultado: <\/strong>Participa\u00e7\u00e3o dos trabalhos indicados na I FEIRA ESTADUAL DE MATEM\u00c1TICA DO RS no ano de 2020.<\/span><\/p>\n<p>&nbsp;<\/p>\n<p style=\"text-align: center\"><span style=\"color: #000000;font-size: 14pt\"><strong>I Feira de Matem\u00e1tica da Regi\u00e3o de Santa Rosa (regi\u00e3o da 17\u00aa CRE)<\/strong><\/span><\/p>\n<p><img class=\"alignnone size-full wp-image-126 aligncenter\" src=\"https:\/\/wp.ufpel.edu.br\/egem2021\/files\/2021\/01\/feira6.png\" alt=\"\" width=\"247\" height=\"345\" \/><\/p>\n<p><span style=\"color: #000000\"><strong>Promotores: <\/strong>UNIJUI, 17\u00aa CRE, Secretaria de Desenvolvimento Educacional de Santa Rosa e\u00a0<\/span><span style=\"color: #000000\">IFFar &#8211; Campus Santa Rosa.<\/span><\/p>\n<p><span style=\"color: #000000\"><strong>Tema: <\/strong>O Fant\u00e1stico Mundo da Matem\u00e1tica.<\/span><\/p>\n<p><span style=\"color: #000000\"><strong>Data:<\/strong> 30 de agosto de 2019.<\/span><\/p>\n<p><span style=\"color: #000000\"><strong>Local:<\/strong> Uniju\u00ed- Campus Santa Rosa<\/span><\/p>\n<p><span style=\"color: #000000\"><strong>Trabalhos: <\/strong>47 trabalhos em todas as categorias<\/span><\/p>\n<p><span style=\"color: #000000\"><strong>Resultados: <\/strong>Participa\u00e7\u00e3o dos trabalhos indicados na I FEIRA ESTADUAL DE MATEM\u00c1TICA DO RS no ano de 2020.<\/span><\/p>\n<p>&nbsp;<\/p>\n<p style=\"text-align: center\"><span style=\"color: #000000;font-size: 14pt\"><strong>I Feira Estadual de Matem\u00e1tica do Estado do Rio Grande do Sul &#8211; ONLINE<\/strong><\/span><\/p>\n<p><strong> <img class=\"size-medium wp-image-127 aligncenter\" src=\"https:\/\/wp.ufpel.edu.br\/egem2021\/files\/2021\/01\/feira7-308x400.png\" alt=\"\" width=\"308\" height=\"400\" srcset=\"https:\/\/wp.ufpel.edu.br\/egem2021\/files\/2021\/01\/feira7-308x400.png 308w, https:\/\/wp.ufpel.edu.br\/egem2021\/files\/2021\/01\/feira7-788x1024.png 788w, https:\/\/wp.ufpel.edu.br\/egem2021\/files\/2021\/01\/feira7-768x998.png 768w, https:\/\/wp.ufpel.edu.br\/egem2021\/files\/2021\/01\/feira7-1182x1536.png 1182w, https:\/\/wp.ufpel.edu.br\/egem2021\/files\/2021\/01\/feira7-1576x2048.png 1576w, https:\/\/wp.ufpel.edu.br\/egem2021\/files\/2021\/01\/feira7.png 1924w\" sizes=\"(max-width: 308px) 100vw, 308px\" \/><\/strong><\/p>\n<p><strong>\u00a0<\/strong><span style=\"color: #000000\"><strong>Promotores: <\/strong>UNIJUI.<\/span><\/p>\n<p><span style=\"color: #000000\"><strong>Parceiros:<\/strong> SBEM RS e SEDUC RS.<\/span><\/p>\n<p><span style=\"color: #000000\"><strong>Data:<\/strong> 21 e 22 de outubro de 2020.<\/span><\/p>\n<p><span style=\"color: #000000\"><strong>Local:<\/strong> Youtube da UNIJUI.<\/span><\/p>\n<p><span style=\"color: #000000\"><strong>Trabalhos: <\/strong>29 trabalhos apresentados.<\/span><\/p>\n<p><span style=\"color: #000000\"><strong>Resultados: <\/strong>Indica\u00e7\u00e3o de 13 trabalhos para eventos futuros.<\/span><\/p>\n<p>&nbsp;<\/p>\n<p style=\"text-align: center\"><span style=\"font-size: 14pt;color: #000000\"><strong>Contatos:<\/strong><\/span><\/p>\n<p style=\"text-align: center\"><span style=\"color: #000000\"><strong>Facebook:<\/strong> <a style=\"color: #000000\" href=\"https:\/\/www.facebook.com\/feirasdematematica\/\">https:\/\/www.facebook.com\/feirasdematematica\/<\/a><\/span><\/p>\n<p style=\"text-align: center\"><span style=\"color: #000000\"><strong>Instagram:<\/strong> feiradematematicanors<\/span><\/p>\n<p style=\"text-align: center\"><span style=\"color: #000000\"><strong>E-mail:<\/strong> feiradematematicars@gmail.com<\/span><\/p>\n","protected":false},"excerpt":{"rendered":"<p>\u00a0FEIRAS DE MATEM\u00c1TICA NO\u00a0ESTADO DO RIO GRANDE DO SUL \u00a0O movimento das Feiras de Matem\u00e1tica no Rio Grande do Sul come\u00e7ou em 2016 a partir de um Projeto de Extens\u00e3o da UNIJUI. Em 2017, aconteceu a I Feira de Matem\u00e1tica a partir de v\u00e1rias parcerias, constituindo a Comiss\u00e3o Organizadora Permanente do Rio Grande do Sul. [&hellip;]<\/p>\n","protected":false},"author":1106,"featured_media":0,"parent":0,"menu_order":0,"comment_status":"closed","ping_status":"closed","template":"","meta":{"footnotes":""},"class_list":["post-120","page","type-page","status-publish","hentry"],"_links":{"self":[{"href":"https:\/\/wp.ufpel.edu.br\/egem2021\/wp-json\/wp\/v2\/pages\/120","targetHints":{"allow":["GET"]}}],"collection":[{"href":"https:\/\/wp.ufpel.edu.br\/egem2021\/wp-json\/wp\/v2\/pages"}],"about":[{"href":"https:\/\/wp.ufpel.edu.br\/egem2021\/wp-json\/wp\/v2\/types\/page"}],"author":[{"embeddable":true,"href":"https:\/\/wp.ufpel.edu.br\/egem2021\/wp-json\/wp\/v2\/users\/1106"}],"replies":[{"embeddable":true,"href":"https:\/\/wp.ufpel.edu.br\/egem2021\/wp-json\/wp\/v2\/comments?post=120"}],"version-history":[{"count":4,"href":"https:\/\/wp.ufpel.edu.br\/egem2021\/wp-json\/wp\/v2\/pages\/120\/revisions"}],"predecessor-version":[{"id":131,"href":"https:\/\/wp.ufpel.edu.br\/egem2021\/wp-json\/wp\/v2\/pages\/120\/revisions\/131"}],"wp:attachment":[{"href":"https:\/\/wp.ufpel.edu.br\/egem2021\/wp-json\/wp\/v2\/media?parent=120"}],"curies":[{"name":"wp","href":"https:\/\/api.w.org\/{rel}","templated":true}]}}