{"id":231,"date":"2015-12-01T12:41:04","date_gmt":"2015-12-01T14:41:04","guid":{"rendered":"https:\/\/wp.ufpel.edu.br\/educambiental\/?page_id=231"},"modified":"2024-12-13T13:49:03","modified_gmt":"2024-12-13T16:49:03","slug":"curriculo-do-curso","status":"publish","type":"page","link":"https:\/\/wp.ufpel.edu.br\/educambiental\/curriculo-do-curso\/","title":{"rendered":"Curr\u00edculo do Curso"},"content":{"rendered":"<h2>O curso \u00e9 dividido em 4 m\u00f3dulos, totalizando 10 disciplinas. A carga hor\u00e1ria total do curso \u00e9 de 374 horas, incluindo a escrita do trabalho de conclus\u00e3o.<\/h2>\n<p>Conhe\u00e7a nossas disciplinas por semestre:<\/p>\n<p><span style=\"font-size: 18pt;\"><strong>M\u00f3dulo I (Semestre 1)<\/strong><\/span><\/p>\n<p><strong>1.<\/strong> <strong>Educa\u00e7\u00e3o \u00e0 dist\u00e2ncia e ambiente virtual de aprendizagem<\/strong>: Introdu\u00e7\u00e3o a tecnologias de informa\u00e7\u00e3o e comunica\u00e7\u00e3o e sua rela\u00e7\u00e3o com a educa\u00e7\u00e3o ambiental nos espa\u00e7os formais e n\u00e3o formais.<\/p>\n<p><strong>2.\u00a0<\/strong><strong style=\"font-size: 1.8rem;\">Panorama da educa\u00e7\u00e3o ambiental no Brasil:<\/strong><span style=\"font-size: 1.8rem;\"> Educa\u00e7\u00e3o Ambiental e mudan\u00e7as de paradigma; Legisla\u00e7\u00e3o ambiental e pol\u00edticas p\u00fablicas de Educa\u00e7\u00e3o e de Educa\u00e7\u00e3o Ambiental.<\/span><\/p>\n<p><strong>3.\u00a0 <strong style=\"font-size: 1.8rem;\">Educa\u00e7\u00e3o ambiental, sujeitos e identidades<\/strong><span style=\"font-size: 1.8rem;\">:<\/span><\/strong><span style=\"font-size: 1.8rem;\">Epistemologia, correntes e identidade da educa\u00e7\u00e3o ambiental. Decolonialidade, <\/span><span style=\"font-size: 1.8rem;\">direitos humanos e inclus\u00e3o.<\/span><\/p>\n<p><span style=\"font-size: 18pt;\"><strong>M\u00f3dulo II (Semestre 2)<\/strong><\/span><\/p>\n<p><strong>4. Temas geradores e desafios ambientais globais I:<\/strong> compreens\u00e3o sobre os conceitos de meio ambiente e desenvolvimento econ\u00f4mico, incluindo temas como crise ambiental global, desafios ambientais globais na contemporaneidade e Objetivos do Desenvolvimento Sustent\u00e1vel.<\/p>\n<p><strong>5. Temas geradores e desafios ambientais globais II:\u00a0<\/strong>Compreens\u00e3o dos desafios socioambientais, incluindo temas como mudan\u00e7as clim\u00e1ticas; recursos h\u00eddricos; descaracteriza\u00e7\u00e3o de ecossistemas e desmatamento; produ\u00e7\u00e3o de energia, gera\u00e7\u00e3o de res\u00edduos e efluentes em diferentes escalas nacionais.<\/p>\n<p><strong>6. Instrumenta\u00e7\u00e3o para a educa\u00e7\u00e3o ambiental e a pr\u00e1tica interdisciplinar I: <\/strong>Saberes ambientais e interdisciplinaridade; Percep\u00e7\u00e3o ambiental; Sensibiliza\u00e7\u00e3o ambiental.<\/p>\n<p><span style=\"font-size: 18pt;\"><strong>M\u00f3dulo III (Semestre 3)<\/strong><\/span><\/p>\n<p><strong>7. Instrumenta\u00e7\u00e3o para a educa\u00e7\u00e3o ambiental e a pr\u00e1tica interdisciplinar II:<\/strong> Metodologias did\u00e1ticas para a Educa\u00e7\u00e3o Ambiental nos espa\u00e7os formais e n\u00e3o formais; Articula\u00e7\u00e3o de temas na Educa\u00e7\u00e3o Ambiental; Avalia\u00e7\u00e3o de programas de Educa\u00e7\u00e3o Ambiental; Estudos de caso em Educa\u00e7\u00e3o Ambiental.<\/p>\n<p><strong>8. Escolas e Sociedades:<\/strong> Educa\u00e7\u00e3o ambiental no espa\u00e7o formal; Forma\u00e7\u00e3o, organiza\u00e7\u00e3o e manuten\u00e7\u00e3o de redes de educadores ambientais; Gest\u00e3o escolar, curr\u00edculo e escolas sustent\u00e1veis; Projeto Pol\u00edtico-Pedag\u00f3gico e a Educa\u00e7\u00e3o Ambiental escolar.<\/p>\n<p><span style=\"font-size: 18pt;\"><strong>M\u00f3dulo IV (Semestre 4)<\/strong><\/span><\/p>\n<p><strong>9. Projetos de pesquisa\/interven\u00e7\u00e3o e semin\u00e1rios tem\u00e1ticos:<\/strong> Fundamentos da Pesquisa em Educa\u00e7\u00e3o Ambiental; Elabora\u00e7\u00e3o e desenvolvimento de Projetos de pesquisa\/interven\u00e7\u00e3o; Plano de a\u00e7\u00e3o da proposta de aplica\u00e7\u00e3o no ambiente escolar; Semin\u00e1rios tem\u00e1ticos.<\/p>\n<p><strong>10. Relat\u00f3rio de TCC:<\/strong> Desenvolvimento de TCC (Trabalho de Conclus\u00e3o de Curso), abordando temas locais ou relatando projetos de interven\u00e7\u00e3o a ser apresentado em forma de artigo, projeto de interven\u00e7\u00e3o ou relato de experi\u00eancias.<\/p>\n","protected":false},"excerpt":{"rendered":"<p>O curso \u00e9 dividido em 4 m\u00f3dulos, totalizando 10 disciplinas. A carga hor\u00e1ria total do curso \u00e9 de 374 horas, incluindo a escrita do trabalho de conclus\u00e3o. Conhe\u00e7a nossas disciplinas por semestre: M\u00f3dulo I (Semestre 1) 1. Educa\u00e7\u00e3o \u00e0 dist\u00e2ncia e ambiente virtual de aprendizagem: Introdu\u00e7\u00e3o a tecnologias de informa\u00e7\u00e3o e comunica\u00e7\u00e3o e sua rela\u00e7\u00e3o&#8230; <\/p>\n<div class=\"link-more\"><a href=\"https:\/\/wp.ufpel.edu.br\/educambiental\/curriculo-do-curso\/\">Leia mais<\/a><\/div>\n","protected":false},"author":426,"featured_media":0,"parent":0,"menu_order":1,"comment_status":"closed","ping_status":"closed","template":"","meta":{"footnotes":""},"class_list":["post-231","page","type-page","status-publish","hentry"],"_links":{"self":[{"href":"https:\/\/wp.ufpel.edu.br\/educambiental\/wp-json\/wp\/v2\/pages\/231","targetHints":{"allow":["GET"]}}],"collection":[{"href":"https:\/\/wp.ufpel.edu.br\/educambiental\/wp-json\/wp\/v2\/pages"}],"about":[{"href":"https:\/\/wp.ufpel.edu.br\/educambiental\/wp-json\/wp\/v2\/types\/page"}],"author":[{"embeddable":true,"href":"https:\/\/wp.ufpel.edu.br\/educambiental\/wp-json\/wp\/v2\/users\/426"}],"replies":[{"embeddable":true,"href":"https:\/\/wp.ufpel.edu.br\/educambiental\/wp-json\/wp\/v2\/comments?post=231"}],"version-history":[{"count":13,"href":"https:\/\/wp.ufpel.edu.br\/educambiental\/wp-json\/wp\/v2\/pages\/231\/revisions"}],"predecessor-version":[{"id":240,"href":"https:\/\/wp.ufpel.edu.br\/educambiental\/wp-json\/wp\/v2\/pages\/231\/revisions\/240"}],"wp:attachment":[{"href":"https:\/\/wp.ufpel.edu.br\/educambiental\/wp-json\/wp\/v2\/media?parent=231"}],"curies":[{"name":"wp","href":"https:\/\/api.w.org\/{rel}","templated":true}]}}