{"id":18,"date":"2018-07-27T16:50:49","date_gmt":"2018-07-27T19:50:49","guid":{"rendered":"https:\/\/wp.ufpel.edu.br\/educacaoliberal\/?page_id=18"},"modified":"2019-10-26T11:33:42","modified_gmt":"2019-10-26T14:33:42","slug":"4-videos-palestras","status":"publish","type":"page","link":"https:\/\/wp.ufpel.edu.br\/educacaoliberal\/4-videos-palestras\/","title":{"rendered":"4 &#8211; V\u00eddeos\/palestras"},"content":{"rendered":"<p>.<\/p>\n<ul>\n<li>(05\/10\/2019) <strong>Minicurso &#8211; Introdu\u00e7\u00e3o \u00e0 Hist\u00f3ria da Educa\u00e7\u00e3o Cl\u00e1ssica e das Artes Liberais<\/strong><\/li>\n<\/ul>\n<p style=\"text-align: center\"><span style=\"color: #3366ff\"><a style=\"color: #3366ff\" href=\"https:\/\/youtu.be\/os0-K1wsXck\" target=\"_blank\" rel=\"noopener noreferrer\"><span style=\"color: #3366ff\">V\u00eddeo da apresenta\u00e7\u00e3o<\/span><\/a>\u00a0<\/span> \u00a0\/\u00a0 \u00a0 <span style=\"color: #3366ff\"><a style=\"color: #3366ff\" href=\"https:\/\/wp.ufpel.edu.br\/educacaoliberal\/files\/2019\/10\/MINICURSO-Educacao-Classica.pdf\" target=\"_blank\" rel=\"noopener noreferrer\">Slides da apresenta\u00e7\u00e3o<\/a><\/span><\/p>\n<ul>\n<li>(31\/08\/2019) <strong>Como formamos nossos pedagogos nos \u00faltimos 30 anos? Questionando os &#8220;freirianos&#8221; e a pedagogia de Paulo Freire<\/strong><\/li>\n<\/ul>\n<p style=\"text-align: center\"><span style=\"color: #3366ff\"><a style=\"color: #3366ff\" href=\"https:\/\/www.youtube.com\/watch?v=LY1OIEqo7w0\" target=\"_blank\" rel=\"noopener noreferrer\">V\u00eddeo da apresenta\u00e7\u00e3o<\/a><\/span><br \/>\n.<\/p>\n<p>(Veja mais v\u00eddeos em <a href=\"https:\/\/wp.ufpel.edu.br\/educacaoliberal\/5-eventos\/\" target=\"_blank\" rel=\"noopener noreferrer\">Eventos<\/a>)<\/p>\n","protected":false},"excerpt":{"rendered":"<p>. (05\/10\/2019) Minicurso &#8211; Introdu\u00e7\u00e3o \u00e0 Hist\u00f3ria da Educa\u00e7\u00e3o Cl\u00e1ssica e das Artes Liberais V\u00eddeo da apresenta\u00e7\u00e3o\u00a0 \u00a0\/\u00a0 \u00a0 Slides da apresenta\u00e7\u00e3o (31\/08\/2019) Como formamos nossos pedagogos nos \u00faltimos 30 anos? Questionando os &#8220;freirianos&#8221; e a pedagogia de Paulo Freire V\u00eddeo da apresenta\u00e7\u00e3o . (Veja mais v\u00eddeos em Eventos)<\/p>\n","protected":false},"author":457,"featured_media":0,"parent":0,"menu_order":0,"comment_status":"closed","ping_status":"closed","template":"","meta":{"footnotes":""},"class_list":["post-18","page","type-page","status-publish","hentry"],"_links":{"self":[{"href":"https:\/\/wp.ufpel.edu.br\/educacaoliberal\/wp-json\/wp\/v2\/pages\/18","targetHints":{"allow":["GET"]}}],"collection":[{"href":"https:\/\/wp.ufpel.edu.br\/educacaoliberal\/wp-json\/wp\/v2\/pages"}],"about":[{"href":"https:\/\/wp.ufpel.edu.br\/educacaoliberal\/wp-json\/wp\/v2\/types\/page"}],"author":[{"embeddable":true,"href":"https:\/\/wp.ufpel.edu.br\/educacaoliberal\/wp-json\/wp\/v2\/users\/457"}],"replies":[{"embeddable":true,"href":"https:\/\/wp.ufpel.edu.br\/educacaoliberal\/wp-json\/wp\/v2\/comments?post=18"}],"version-history":[{"count":7,"href":"https:\/\/wp.ufpel.edu.br\/educacaoliberal\/wp-json\/wp\/v2\/pages\/18\/revisions"}],"predecessor-version":[{"id":423,"href":"https:\/\/wp.ufpel.edu.br\/educacaoliberal\/wp-json\/wp\/v2\/pages\/18\/revisions\/423"}],"wp:attachment":[{"href":"https:\/\/wp.ufpel.edu.br\/educacaoliberal\/wp-json\/wp\/v2\/media?parent=18"}],"curies":[{"name":"wp","href":"https:\/\/api.w.org\/{rel}","templated":true}]}}