{"id":48,"date":"2017-11-20T09:32:29","date_gmt":"2017-11-20T11:32:29","guid":{"rendered":"https:\/\/wp.ufpel.edu.br\/eduardodickie\/?page_id=48"},"modified":"2017-11-20T09:42:40","modified_gmt":"2017-11-20T11:42:40","slug":"repositorio-acoes-coletivas","status":"publish","type":"page","link":"https:\/\/wp.ufpel.edu.br\/eduardodickie\/repositorio-acoes-coletivas\/","title":{"rendered":"Reposit\u00f3rio A\u00e7\u00f5es Coletivas"},"content":{"rendered":"<p>Esta p\u00e1gina disponibiliza planos de atividades coletivas elaborados por acad\u00eamicos.<\/p>\n<p><a href=\"https:\/\/wp.ufpel.edu.br\/eduardodickie\/files\/2017\/11\/Video_esc_supervisionada.pdf\">Video_esc_supervisionada<\/a><\/p>\n<p><a href=\"https:\/\/wp.ufpel.edu.br\/eduardodickie\/files\/2017\/11\/Dente_feliz_triste.pdf\">Dente_feliz_triste<\/a><\/p>\n","protected":false},"excerpt":{"rendered":"<p>Esta p\u00e1gina disponibiliza planos de atividades coletivas elaborados por acad\u00eamicos. Video_esc_supervisionada Dente_feliz_triste<\/p>\n","protected":false},"author":628,"featured_media":0,"parent":0,"menu_order":0,"comment_status":"closed","ping_status":"closed","template":"","meta":{"jetpack_post_was_ever_published":false,"footnotes":""},"class_list":["post-48","page","type-page","status-publish","hentry"],"jetpack_sharing_enabled":true,"jetpack_shortlink":"https:\/\/wp.me\/P9q7Pv-M","jetpack_likes_enabled":true,"jetpack-related-posts":[],"_links":{"self":[{"href":"https:\/\/wp.ufpel.edu.br\/eduardodickie\/wp-json\/wp\/v2\/pages\/48","targetHints":{"allow":["GET"]}}],"collection":[{"href":"https:\/\/wp.ufpel.edu.br\/eduardodickie\/wp-json\/wp\/v2\/pages"}],"about":[{"href":"https:\/\/wp.ufpel.edu.br\/eduardodickie\/wp-json\/wp\/v2\/types\/page"}],"author":[{"embeddable":true,"href":"https:\/\/wp.ufpel.edu.br\/eduardodickie\/wp-json\/wp\/v2\/users\/628"}],"replies":[{"embeddable":true,"href":"https:\/\/wp.ufpel.edu.br\/eduardodickie\/wp-json\/wp\/v2\/comments?post=48"}],"version-history":[{"count":5,"href":"https:\/\/wp.ufpel.edu.br\/eduardodickie\/wp-json\/wp\/v2\/pages\/48\/revisions"}],"predecessor-version":[{"id":57,"href":"https:\/\/wp.ufpel.edu.br\/eduardodickie\/wp-json\/wp\/v2\/pages\/48\/revisions\/57"}],"wp:attachment":[{"href":"https:\/\/wp.ufpel.edu.br\/eduardodickie\/wp-json\/wp\/v2\/media?parent=48"}],"curies":[{"name":"wp","href":"https:\/\/api.w.org\/{rel}","templated":true}]}}