{"id":4478,"date":"2025-07-08T08:35:57","date_gmt":"2025-07-08T11:35:57","guid":{"rendered":"https:\/\/wp.ufpel.edu.br\/editoraufpel\/?page_id=4478"},"modified":"2025-08-26T16:36:08","modified_gmt":"2025-08-26T19:36:08","slug":"equipe","status":"publish","type":"page","link":"https:\/\/wp.ufpel.edu.br\/editoraufpel\/equipe\/","title":{"rendered":"Equipe"},"content":{"rendered":"<p><span style=\"font-weight: 400;\">A <span style=\"color: #ff9900;\"><strong>equipe da Gr\u00e1fica<\/strong><\/span> \u00e9 composta pelos seguintes profissionais, respons\u00e1veis por diferentes etapas da produ\u00e7\u00e3o gr\u00e1fica:<\/span><\/p>\n<p>&nbsp;<\/p>\n<p><span style=\"color: #003366;\"><b><span style=\"font-size: 13pt;\">Maira Fabiane Wally Timm Gon\u00e7alves<\/span><\/b><\/span><b><br \/>\n<\/b><em><span style=\"font-weight: 400; font-size: 11pt;\"> T\u00e9cnica em Artes Gr\u00e1ficas<\/span><\/em><span style=\"font-weight: 400;\"><br \/>\n<\/span><span style=\"font-weight: 400;\"> Chefe da Gr\u00e1fica<\/span><span style=\"font-weight: 400;\"><br \/>\n<\/span><span style=\"font-weight: 400;\"> Respons\u00e1vel por: or\u00e7amentos, pr\u00e9-impress\u00e3o e impress\u00e3o.<\/span><\/p>\n<p><b><span style=\"color: #003366;\"><b><span style=\"font-size: 13pt;\">Alexandre Passos Moreira<\/span><\/b><\/span><b><br \/>\n<\/b><em><span style=\"font-weight: 400; font-size: 11pt;\"> Operador de M\u00e1quina Copiadora<\/span><\/em><span style=\"font-weight: 400;\"><br \/>\n<\/span><span style=\"font-weight: 400;\"> Respons\u00e1vel por: pr\u00e9-produ\u00e7\u00e3o, acabamento e atendimento.<\/span><\/b><\/p>\n<p><span style=\"color: #003366;\"><b><span style=\"font-size: 13pt;\">Carlos Gilberto Costa da Silva<\/span><\/b><\/span><b><br \/>\n<\/b><em><span style=\"font-weight: 400; font-size: 11pt;\"> Impressor<\/span><\/em><span style=\"font-weight: 400;\"><br \/>\n<\/span><span style=\"font-weight: 400;\"> Respons\u00e1vel por: pr\u00e9-produ\u00e7\u00e3o, acabamento e atendimento.<\/span><\/p>\n<p>&nbsp;<\/p>\n<p><span style=\"font-size: 11pt;\"><strong>Gr\u00e1fica da UFPel<\/strong><\/span><br \/>\n<span style=\"font-size: 11pt;\">Rua Lobo da Costa, 447 \u2013 Centro, Pelotas \u2013 RS<\/span><br \/>\n<span style=\"font-size: 11pt;\"><a href=\"mailto:grafica.ufpel@gmail.com\" target=\"_blank\" rel=\"noopener\"><span style=\"color: #3366ff;\">grafica.ufpel@gmail.com<\/span><\/a><\/span><br \/>\n<span style=\"font-size: 11pt;\">(53) 3284-4320<\/span><\/p>\n","protected":false},"excerpt":{"rendered":"<p>A equipe da Gr\u00e1fica \u00e9 composta pelos seguintes profissionais, respons\u00e1veis por diferentes etapas da produ\u00e7\u00e3o gr\u00e1fica: &nbsp; Maira Fabiane Wally Timm Gon\u00e7alves T\u00e9cnica em Artes Gr\u00e1ficas Chefe da Gr\u00e1fica Respons\u00e1vel por: or\u00e7amentos, pr\u00e9-impress\u00e3o e impress\u00e3o. Alexandre Passos Moreira Operador de M\u00e1quina Copiadora Respons\u00e1vel por: pr\u00e9-produ\u00e7\u00e3o, acabamento e atendimento. Carlos Gilberto Costa da Silva Impressor Respons\u00e1vel [&hellip;]<\/p>\n","protected":false},"author":304,"featured_media":0,"parent":0,"menu_order":0,"comment_status":"closed","ping_status":"closed","template":"","meta":{"jetpack_post_was_ever_published":false,"footnotes":""},"class_list":["post-4478","page","type-page","status-publish","hentry","post"],"jetpack_sharing_enabled":true,"jetpack_shortlink":"https:\/\/wp.me\/P6W23B-1ae","_links":{"self":[{"href":"https:\/\/wp.ufpel.edu.br\/editoraufpel\/wp-json\/wp\/v2\/pages\/4478","targetHints":{"allow":["GET"]}}],"collection":[{"href":"https:\/\/wp.ufpel.edu.br\/editoraufpel\/wp-json\/wp\/v2\/pages"}],"about":[{"href":"https:\/\/wp.ufpel.edu.br\/editoraufpel\/wp-json\/wp\/v2\/types\/page"}],"author":[{"embeddable":true,"href":"https:\/\/wp.ufpel.edu.br\/editoraufpel\/wp-json\/wp\/v2\/users\/304"}],"replies":[{"embeddable":true,"href":"https:\/\/wp.ufpel.edu.br\/editoraufpel\/wp-json\/wp\/v2\/comments?post=4478"}],"version-history":[{"count":3,"href":"https:\/\/wp.ufpel.edu.br\/editoraufpel\/wp-json\/wp\/v2\/pages\/4478\/revisions"}],"predecessor-version":[{"id":4563,"href":"https:\/\/wp.ufpel.edu.br\/editoraufpel\/wp-json\/wp\/v2\/pages\/4478\/revisions\/4563"}],"wp:attachment":[{"href":"https:\/\/wp.ufpel.edu.br\/editoraufpel\/wp-json\/wp\/v2\/media?parent=4478"}],"curies":[{"name":"wp","href":"https:\/\/api.w.org\/{rel}","templated":true}]}}