{"id":9,"date":"2019-05-06T15:24:06","date_gmt":"2019-05-06T18:24:06","guid":{"rendered":"https:\/\/wp.ufpel.edu.br\/ecosusufpel\/?page_id=9"},"modified":"2019-06-27T13:46:47","modified_gmt":"2019-06-27T16:46:47","slug":"apresentacao","status":"publish","type":"page","link":"https:\/\/wp.ufpel.edu.br\/ecosusufpel\/","title":{"rendered":"Apresenta\u00e7\u00e3o"},"content":{"rendered":"<p>A pesquisa intitulada \u201c<strong>Conhecimento sobre alimenta\u00e7\u00e3o saud\u00e1vel e adequa\u00e7\u00e3o \u00e0s recomenda\u00e7\u00f5es alimentares e nutricionais brasileiras: indissociabilidade entre a pesquisa epidemiol\u00f3gica, ensino e extens\u00e3o na aten\u00e7\u00e3o nutricional no \u00e2mbito do SUS<\/strong>\u201d, faz parte do estudo nacional: <strong>ENFRENTAMENTO E CONTROLE DA OBESIDADE NO A\u0302MBITO DO SUS<\/strong>,\u00a0 que est\u00e1 sendo realizado em 22 estados do pa\u00eds, atrav\u00e9s de financiamento do Minist\u00e9rio da Sa\u00fade e do CNPq.<\/p>\n<p>No Estado do Rio Grande do Sul, ser\u00e1 realizada em 110 munic\u00edpios das 3\u00aa,\u00a06\u00aa e 15\u00aa Coordenadorias Regionais de Sa\u00fade, sob a Coordena\u00e7\u00e3o da Universidade Federal de Pelotas em colabora\u00e7\u00e3o com a Universidade de Passo Fundo, Universidade de Santa Maria, Universidade Federal da Fronteira Sul, Prefeitura Municipal de Pelotas e Secretaria Estadual de Sa\u00fade do Rio Grande do Sul.<\/p>\n<p>Trata-se de um projeto que tem por objetivo desenvolver atividades de pesquisa, ensino e extens\u00e3o, de forma indissoci\u00e1vel, relacionadas com a aten\u00e7\u00e3o nutricional para o enfrentamento e controle da obesidade.<\/p>\n<p>Pretende-se fazer o diagn\u00f3stico com a gest\u00e3o e os profissionais de sa\u00fade em rela\u00e7\u00e3o \u00e0 aten\u00e7\u00e3o nutricional, avaliando seu conhecimento sobre alimenta\u00e7\u00e3o adequada e saud\u00e1vel tendo como base as recomenda\u00e7\u00f5es alimentares e nutricionais oficiais brasileiras. Atrav\u00e9s de uma pesquisa-a\u00e7\u00e3o ser\u00e3o desenvolvidas a\u00e7\u00f5es de forma\u00e7\u00e3o em aten\u00e7\u00e3o nutricional para os gestores e profissionais de sa\u00fade, com vistas ao enfrentamento da obesidade no \u00e2mbito da aten\u00e7\u00e3o prim\u00e1ria.<\/p>\n<p>&nbsp;<\/p>\n<p>Atrav\u00e9s deste portal pretendemos divulgar todas as etapas da pesquisa desde a log\u00edstica at\u00e9 os resultados, assim como os materiais educativos e a produ\u00e7\u00e3o cient\u00edfica, a fim de facilitar o acesso a todos os interessados no tema.<\/p>\n","protected":false},"excerpt":{"rendered":"<p>A pesquisa intitulada \u201cConhecimento sobre alimenta\u00e7\u00e3o saud\u00e1vel e adequa\u00e7\u00e3o \u00e0s recomenda\u00e7\u00f5es alimentares e nutricionais brasileiras: indissociabilidade entre a pesquisa epidemiol\u00f3gica, ensino e extens\u00e3o na aten\u00e7\u00e3o nutricional no \u00e2mbito do SUS\u201d, faz parte do estudo nacional: ENFRENTAMENTO E CONTROLE DA OBESIDADE NO A\u0302MBITO DO SUS,\u00a0 que est\u00e1 sendo realizado em 22 estados do pa\u00eds, atrav\u00e9s de [&hellip;]<\/p>\n","protected":false},"author":919,"featured_media":0,"parent":0,"menu_order":1,"comment_status":"closed","ping_status":"closed","template":"","meta":{"footnotes":""},"class_list":["post-9","page","type-page","status-publish","hentry"],"jetpack_sharing_enabled":true,"_links":{"self":[{"href":"https:\/\/wp.ufpel.edu.br\/ecosusufpel\/index.php?rest_route=\/wp\/v2\/pages\/9","targetHints":{"allow":["GET"]}}],"collection":[{"href":"https:\/\/wp.ufpel.edu.br\/ecosusufpel\/index.php?rest_route=\/wp\/v2\/pages"}],"about":[{"href":"https:\/\/wp.ufpel.edu.br\/ecosusufpel\/index.php?rest_route=\/wp\/v2\/types\/page"}],"author":[{"embeddable":true,"href":"https:\/\/wp.ufpel.edu.br\/ecosusufpel\/index.php?rest_route=\/wp\/v2\/users\/919"}],"replies":[{"embeddable":true,"href":"https:\/\/wp.ufpel.edu.br\/ecosusufpel\/index.php?rest_route=%2Fwp%2Fv2%2Fcomments&post=9"}],"version-history":[{"count":4,"href":"https:\/\/wp.ufpel.edu.br\/ecosusufpel\/index.php?rest_route=\/wp\/v2\/pages\/9\/revisions"}],"predecessor-version":[{"id":289,"href":"https:\/\/wp.ufpel.edu.br\/ecosusufpel\/index.php?rest_route=\/wp\/v2\/pages\/9\/revisions\/289"}],"wp:attachment":[{"href":"https:\/\/wp.ufpel.edu.br\/ecosusufpel\/index.php?rest_route=%2Fwp%2Fv2%2Fmedia&parent=9"}],"curies":[{"name":"wp","href":"https:\/\/api.w.org\/{rel}","templated":true}]}}

Apresentação

<p>A pesquisa intitulada “<strong>Conhecimento sobre alimentação saudável e adequação às recomendações alimentares e nutricionais brasileiras: indissociabilidade entre a pesquisa epidemiológica, ensino e extensão na atenção nutricional no âmbito do SUS</strong>”, faz parte do estudo nacional: <strong>ENFRENTAMENTO E CONTROLE DA OBESIDADE NO ÂMBITO DO SUS</strong>,  que está sendo realizado em 22 estados do país, através de financiamento do Ministério da Saúde e do CNPq.</p>
<p>No Estado do Rio Grande do Sul, será realizada em 110 municípios das 3ª, 6ª e 15ª Coordenadorias Regionais de Saúde, sob a Coordenação da Universidade Federal de Pelotas em colaboração com a Universidade de Passo Fundo, Universidade de Santa Maria, Universidade Federal da Fronteira Sul, Prefeitura Municipal de Pelotas e Secretaria Estadual de Saúde do Rio Grande do Sul.</p>
<p>Trata-se de um projeto que tem por objetivo desenvolver atividades de pesquisa, ensino e extensão, de forma indissociável, relacionadas com a atenção nutricional para o enfrentamento e controle da obesidade.</p>
<p>Pretende-se fazer o diagnóstico com a gestão e os profissionais de saúde em relação à atenção nutricional, avaliando seu conhecimento sobre alimentação adequada e saudável tendo como base as recomendações alimentares e nutricionais oficiais brasileiras. Através de uma pesquisa-ação serão desenvolvidas ações de formação em atenção nutricional para os gestores e profissionais de saúde, com vistas ao enfrentamento da obesidade no âmbito da atenção primária.</p>
<p>&nbsp;</p>
<p>Através deste portal pretendemos divulgar todas as etapas da pesquisa desde a logística até os resultados, assim como os materiais educativos e a produção científica, a fim de facilitar o acesso a todos os interessados no tema.</p>

<p>A pesquisa intitulada “Conhecimento sobre alimentação saudável e adequação às recomendações alimentares e nutricionais brasileiras: indissociabilidade entre a pesquisa epidemiológica, ensino e extensão na atenção nutricional no âmbito do SUS”, faz parte do estudo nacional: ENFRENTAMENTO E CONTROLE DA OBESIDADE NO ÂMBITO DO SUS,  que está sendo realizado em 22 estados do país, através de [&hellip;]</p>
