{"id":236,"date":"2019-06-17T16:16:36","date_gmt":"2019-06-17T19:16:36","guid":{"rendered":"https:\/\/wp.ufpel.edu.br\/ecosusufpel\/?page_id=236"},"modified":"2020-03-06T13:03:49","modified_gmt":"2020-03-06T16:03:49","slug":"noticias","status":"publish","type":"page","link":"https:\/\/wp.ufpel.edu.br\/ecosusufpel\/?page_id=236","title":{"rendered":"Not\u00edcias"},"content":{"rendered":"<p style=\"text-align: center\"><strong>Not\u00edcias do projeto<\/strong><\/p>\n<p>Jornal Tradi\u00e7\u00e3o &#8211; Grupo Movimento promove mais qualidade de vida em Turu\u00e7u | <a href=\"https:\/\/www.jornaltradicao.com.br\/turucu\/saude\/grupo-movimento-promove-mais-qualidade-de-vida-em-turucu\/\" target=\"_blank\" rel=\"noopener noreferrer\">Link<\/a><\/p>\n<p>Grupo Oceano &#8211; Projeto Ecosus capacita profissionais | <a href=\"http:\/\/www.grupooceano.com.br\/site\/?n_sistema=8024&amp;id_noticia=MTI1NTY=\" target=\"_blank\" rel=\"noopener noreferrer\">Link<\/a><\/p>\n<p>UFPEL &#8211; Projeto sobre obesidade faz encontro de forma\u00e7\u00e3o at\u00e9 sexta (6) | <a href=\"http:\/\/ccs2.ufpel.edu.br\/wp\/2019\/12\/05\/projeto-sobre-obesidade-faz-encontro-de-formacao-ate-sexta-6\/\" target=\"_blank\" rel=\"noopener noreferrer\">Link<\/a><\/p>\n<p>Turismo Pelotas &#8211; Nutri\u00e7\u00e3o da UFPel avaliar\u00e1 obesidade em 110 munic\u00edpios | <a href=\"https:\/\/turismopelotas.com.br\/nutricao-da-ufpel-avaliara-obesidade-em-110-municipios\/\">Link<\/a><\/p>\n<p>R\u00e1dio Tupanci &#8211; UFPEL SEDIA PRIMEIRO ENCONTRO DE PROJETO SOBRE OBESIDADE | <a href=\"http:\/\/radiotupanci.vipradios.net.br\/noticia\/ufpelsediaprimeiroencontrodeprojetosobreobesidade\">Link<\/a><\/p>\n<p>UFPEL &#8211; Projeto Ecosus faz primeiro Encontro Formativo | <a href=\"http:\/\/ccs2.ufpel.edu.br\/wp\/2019\/09\/16\/projeto-ecosus-faz-primeiro-encontro-formativo\/\">Link<\/a><\/p>\n<p>UFPEL &#8211; Projeto sobre Obesidade, da Faculdade de Nutri\u00e7\u00e3o, faz primeiro encontro | <a href=\"http:\/\/ccs2.ufpel.edu.br\/wp\/2019\/08\/19\/projeto-sobre-obesidade-da-faculdade-de-nutricao-faz-primeiro-encontro-2\/\" target=\"_blank\" rel=\"noopener noreferrer\">Link<\/a><\/p>\n<p>Di\u00e1rio da Manh\u00e3 Pelotas: NUTRI\u00c7\u00c3O DA UFPEL AVALIAR\u00c1 OBESIDADE EM 110 MUNIC\u00cdPIOS | <a href=\"http:\/\/diariodamanhapelotas.com.br\/site\/nutricao-da-ufpel-avaliara-obesidade-em-110-municipios\/\" target=\"_blank\" rel=\"noopener noreferrer\">Link<\/a><\/p>\n<p>Coordena\u00e7\u00e3o de comunica\u00e7\u00e3o Social &#8211; UFPEL: Nutri\u00e7\u00e3o avaliar\u00e1 obesidade em 110 munic\u00edpios do RS | <a href=\"http:\/\/ccs2.ufpel.edu.br\/wp\/2019\/06\/12\/nutricao-avaliara-obesidade-em-110-municipios-do-rs\/\" target=\"_blank\" rel=\"noopener noreferrer\">Link<\/a><\/p>\n<p style=\"text-align: center\"><strong>Not\u00edcias relevantes<\/strong><\/p>\n<p>Di\u00e1rio da Manh\u00e3 &#8211; OBESIDADE CRESCE MAIS ENTRE ADULTOS DE 25 A 34 ANOS | <a href=\"http:\/\/diariodamanhapelotas.com.br\/site\/obesidade-cresce-mais-entre-adultos-de-25-a-34-anos\/\">Link<\/a><\/p>\n<p>Sa\u00fade de Pelotas \u00e9 premiada nacionalmente | <a href=\"http:\/\/diariodamanhapelotas.com.br\/site\/saude-de-pelotas-e-premiada-nacionalmente\/\" target=\"_blank\" rel=\"noopener noreferrer\">Link<\/a><\/p>\n<p>Abertas inscri\u00e7\u00f5es para Mostra Competitiva da 16\u00aa Expoepi | <a href=\"http:\/\/www.saude.gov.br\/noticias\/svs\/45783-abertas-inscricoes-para-mostra-competitiva-da-16-expoepi\" target=\"_blank\" rel=\"noopener noreferrer\">Link<\/a><\/p>\n","protected":false},"excerpt":{"rendered":"<p>Not\u00edcias do projeto Jornal Tradi\u00e7\u00e3o &#8211; Grupo Movimento promove mais qualidade de vida em Turu\u00e7u | Link Grupo Oceano &#8211; Projeto Ecosus capacita profissionais | Link UFPEL &#8211; Projeto sobre obesidade faz encontro de forma\u00e7\u00e3o at\u00e9 sexta (6) | Link Turismo Pelotas &#8211; Nutri\u00e7\u00e3o da UFPel avaliar\u00e1 obesidade em 110 munic\u00edpios | Link R\u00e1dio Tupanci [&hellip;]<\/p>\n","protected":false},"author":919,"featured_media":0,"parent":0,"menu_order":4,"comment_status":"closed","ping_status":"closed","template":"","meta":{"footnotes":""},"class_list":["post-236","page","type-page","status-publish","hentry"],"jetpack_sharing_enabled":true,"_links":{"self":[{"href":"https:\/\/wp.ufpel.edu.br\/ecosusufpel\/index.php?rest_route=\/wp\/v2\/pages\/236","targetHints":{"allow":["GET"]}}],"collection":[{"href":"https:\/\/wp.ufpel.edu.br\/ecosusufpel\/index.php?rest_route=\/wp\/v2\/pages"}],"about":[{"href":"https:\/\/wp.ufpel.edu.br\/ecosusufpel\/index.php?rest_route=\/wp\/v2\/types\/page"}],"author":[{"embeddable":true,"href":"https:\/\/wp.ufpel.edu.br\/ecosusufpel\/index.php?rest_route=\/wp\/v2\/users\/919"}],"replies":[{"embeddable":true,"href":"https:\/\/wp.ufpel.edu.br\/ecosusufpel\/index.php?rest_route=%2Fwp%2Fv2%2Fcomments&post=236"}],"version-history":[{"count":29,"href":"https:\/\/wp.ufpel.edu.br\/ecosusufpel\/index.php?rest_route=\/wp\/v2\/pages\/236\/revisions"}],"predecessor-version":[{"id":421,"href":"https:\/\/wp.ufpel.edu.br\/ecosusufpel\/index.php?rest_route=\/wp\/v2\/pages\/236\/revisions\/421"}],"wp:attachment":[{"href":"https:\/\/wp.ufpel.edu.br\/ecosusufpel\/index.php?rest_route=%2Fwp%2Fv2%2Fmedia&parent=236"}],"curies":[{"name":"wp","href":"https:\/\/api.w.org\/{rel}","templated":true}]}}

Notícias

<p style="text-align: center"><strong>Notícias do projeto</strong></p>
<p>Jornal Tradição &#8211; Grupo Movimento promove mais qualidade de vida em Turuçu | <a href="https://www.jornaltradicao.com.br/turucu/saude/grupo-movimento-promove-mais-qualidade-de-vida-em-turucu/" target="_blank" rel="noopener noreferrer">Link</a></p>
<p>Grupo Oceano &#8211; Projeto Ecosus capacita profissionais | <a href="http://www.grupooceano.com.br/site/?n_sistema=8024&amp;id_noticia=MTI1NTY=" target="_blank" rel="noopener noreferrer">Link</a></p>
<p>UFPEL &#8211; Projeto sobre obesidade faz encontro de formação até sexta (6) | <a href="http://ccs2.ufpel.edu.br/wp/2019/12/05/projeto-sobre-obesidade-faz-encontro-de-formacao-ate-sexta-6/" target="_blank" rel="noopener noreferrer">Link</a></p>
<p>Turismo Pelotas &#8211; Nutrição da UFPel avaliará obesidade em 110 municípios | <a href="https://turismopelotas.com.br/nutricao-da-ufpel-avaliara-obesidade-em-110-municipios/">Link</a></p>
<p>Rádio Tupanci &#8211; UFPEL SEDIA PRIMEIRO ENCONTRO DE PROJETO SOBRE OBESIDADE | <a href="http://radiotupanci.vipradios.net.br/noticia/ufpelsediaprimeiroencontrodeprojetosobreobesidade">Link</a></p>
<p>UFPEL &#8211; Projeto Ecosus faz primeiro Encontro Formativo | <a href="http://ccs2.ufpel.edu.br/wp/2019/09/16/projeto-ecosus-faz-primeiro-encontro-formativo/">Link</a></p>
<p>UFPEL &#8211; Projeto sobre Obesidade, da Faculdade de Nutrição, faz primeiro encontro | <a href="http://ccs2.ufpel.edu.br/wp/2019/08/19/projeto-sobre-obesidade-da-faculdade-de-nutricao-faz-primeiro-encontro-2/" target="_blank" rel="noopener noreferrer">Link</a></p>
<p>Diário da Manhã Pelotas: NUTRIÇÃO DA UFPEL AVALIARÁ OBESIDADE EM 110 MUNICÍPIOS | <a href="http://diariodamanhapelotas.com.br/site/nutricao-da-ufpel-avaliara-obesidade-em-110-municipios/" target="_blank" rel="noopener noreferrer">Link</a></p>
<p>Coordenação de comunicação Social &#8211; UFPEL: Nutrição avaliará obesidade em 110 municípios do RS | <a href="http://ccs2.ufpel.edu.br/wp/2019/06/12/nutricao-avaliara-obesidade-em-110-municipios-do-rs/" target="_blank" rel="noopener noreferrer">Link</a></p>
<p style="text-align: center"><strong>Notícias relevantes</strong></p>
<p>Diário da Manhã &#8211; OBESIDADE CRESCE MAIS ENTRE ADULTOS DE 25 A 34 ANOS | <a href="http://diariodamanhapelotas.com.br/site/obesidade-cresce-mais-entre-adultos-de-25-a-34-anos/">Link</a></p>
<p>Saúde de Pelotas é premiada nacionalmente | <a href="http://diariodamanhapelotas.com.br/site/saude-de-pelotas-e-premiada-nacionalmente/" target="_blank" rel="noopener noreferrer">Link</a></p>
<p>Abertas inscrições para Mostra Competitiva da 16ª Expoepi | <a href="http://www.saude.gov.br/noticias/svs/45783-abertas-inscricoes-para-mostra-competitiva-da-16-expoepi" target="_blank" rel="noopener noreferrer">Link</a></p>

<p>Notícias do projeto Jornal Tradição &#8211; Grupo Movimento promove mais qualidade de vida em Turuçu | Link Grupo Oceano &#8211; Projeto Ecosus capacita profissionais | Link UFPEL &#8211; Projeto sobre obesidade faz encontro de formação até sexta (6) | Link Turismo Pelotas &#8211; Nutrição da UFPel avaliará obesidade em 110 municípios | Link Rádio Tupanci [&hellip;]</p>
